164
CXUS55 KJKL 231000
CF6LOZ
PRELIMINARY LOCAL CLIMATOLOGICAL DATA (WS FORM: F-6)

                                          STATION:   LONDON KY
                                          MONTH:     OCTOBER
                                          YEAR:      2019
                                          LATITUDE:   37  4 N
                                          LONGITUDE:  84  5 W

  TEMPERATURE IN F:       :PCPN:    SNOW:  WIND      :SUNSHINE: SKY     :PK WND
================================================================================
1   2   3   4   5  6A  6B    7    8   9   10  11  12  13   14  15   16   17  18
                                     12Z  AVG MX 2MIN
DY MAX MIN AVG DEP HDD CDD  WTR  SNW DPTH SPD SPD DIR MIN PSBL S-S WX    SPD DR
================================================================================

 1  94  67  81  19   0  16 0.00    M    M  1.7 12 250   M    M   1 1      17 210
 2  94  63  79  17   0  14 0.00    M    M  2.7 15 240   M    M   1 1      22 260
 3  94  62  78  16   0  13 0.00    M    M  3.6 15 290   M    M   0        21 280
 4  79  58  69   8   0   4 0.00    M    M  7.5 15  10   M    M   0        22  20
 5  89  52  71  10   0   6 0.87    M    M  5.7 32 270   M    M   2 13     54 250
 6  78  67  73  13   0   8 0.98    M    M  4.8 16 230   M    M   6 13     24 180
 7  68  55  62   2   3   0 1.67    M    M  6.2 15  10   M    M  10 1      20  30
 8  66  53  60   0   5   0 0.00    M    M  6.1 12  90   M    M  10        18  30
 9  75  57  66   7   0   1 0.00    M    M  2.6  8  90   M    M   7 1      12  80
10  80  53  67   8   0   2 0.00    M    M  1.8  8 180   M    M   1 1      12 180
11  79  56  68   9   0   3    T    M    M  4.1 16 290   M    M   6 1      22 290
12  67  40  54  -4  11   0 0.05    M    M  4.6 18 310   M    M   6 1      28 310
13  68  33  51  -7  14   0 0.00    M    M  2.2 10 200   M    M   1 12     15 220
14  71  38  55  -3  10   0 0.00    M    M  2.2 10 230   M    M   0        14 240
15  74  40  57  -1   8   0 0.00    M    M  3.4 13 180   M    M   3 1      16 180
16  64  42  53  -4  12   0 0.76    M    M  7.5 24 320   M    M   9 1      36 320
17  59  35  47 -10  18   0 0.00    M    M  2.5 14 340   M    M   0 1      20 340
18  65  34  50  -7  15   0 0.00    M    M  1.7  9  90   M    M   0        13  80
19  66  38  52  -4  13   0 0.08    M    M  1.7  9 120   M    M   3        13 140
20  62  50  56   0   9   0 0.13    M    M  1.0  7 270   M    M   9 12      9 320
21  74  49  62   6   3   0 0.48    M    M  7.6 21 270   M    M   6 12     32 190
22  65  49  57   2   8   0 0.54    M    M  8.2 22 240   M    M   4 1      33 240
================================================================================
SM 1631 1091       129  67  5.56    M     89.4          M       85
================================================================================
AV 74.1 49.6                               4.1 FASTST   M    M   4    MAX(MPH)
                                 MISC ---->  # 32 270               # 54  250
================================================================================
NOTES:
# LAST OF SEVERAL OCCURRENCES

COLUMN 17 PEAK WIND IN M.P.H.

PRELIMINARY LOCAL CLIMATOLOGICAL DATA (WS FORM: F-6) , PAGE 2

                                          STATION:  LONDON KY
                                          MONTH:    OCTOBER
                                          YEAR:     2019
                                          LATITUDE:   37  4 N
                                          LONGITUDE:  84  5 W

[TEMPERATURE DATA]      [PRECIPITATION DATA]       SYMBOLS USED IN COLUMN 16

AVERAGE MONTHLY: 61.9   TOTAL FOR MONTH:   5.56    1 = FOG OR MIST
DPTR FM NORMAL:   3.2   DPTR FM NORMAL:    3.48    2 = FOG REDUCING VISIBILITY
HIGHEST:    94 ON  3, 2 GRTST 24HR  1.67 ON  7- 7      TO 1/4 MILE OR LESS
LOWEST:     33 ON 13                               3 = THUNDER
                        SNOW, ICE PELLETS, HAIL    4 = ICE PELLETS
                        TOTAL MONTH:    M          5 = HAIL
                        GRTST 24HR    M  ON   M    6 = FREEZING RAIN OR DRIZZLE
                        GRTST DEPTH:  M  ON   M    7 = DUSTSTORM OR SANDSTORM:
                                                       VSBY 1/2 MILE OR LESS
                                                   8 = SMOKE OR HAZE
[NO. OF DAYS WITH]      [WEATHER - DAYS WITH]      9 = BLOWING SNOW
                                                   X = TORNADO
MAX 32 OR BELOW:   0    0.01 INCH OR MORE:   9
MAX 90 OR ABOVE:   3    0.10 INCH OR MORE:   7
MIN 32 OR BELOW:   0    0.50 INCH OR MORE:   5
MIN  0 OR BELOW:   0    1.00 INCH OR MORE:   1

[HDD (BASE 65) ]
TOTAL THIS MO.   129    CLEAR  (SCALE 0-3)  10
DPTR FM NORMAL   -29    PTCLDY (SCALE 4-7)   8
TOTAL FM JUL 1   129    CLOUDY (SCALE 8-10)  4
DPTR FM NORMAL   -76

[CDD (BASE 65) ]
TOTAL THIS MO.    67
DPTR FM NORMAL    50    [PRESSURE DATA]
TOTAL FM JAN 1  1484    HIGHEST SLP M ON M
DPTR FM NORMAL   300    LOWEST  SLP 29.69 ON 16

[REMARKS]
