000
CXUS55 KJKL 230800
CF6LOZ
PRELIMINARY LOCAL CLIMATOLOGICAL DATA (WS FORM: F-6)

                                          STATION:   LONDON KY
                                          MONTH:     JANUARY
                                          YEAR:      2019
                                          LATITUDE:   37  4 N
                                          LONGITUDE:  84  5 W

  TEMPERATURE IN F:       :PCPN:    SNOW:  WIND      :SUNSHINE: SKY     :PK WND
================================================================================
1   2   3   4   5  6A  6B    7    8   9   10  11  12  13   14  15   16   17  18
                                     12Z  AVG MX 2MIN
DY MAX MIN AVG DEP HDD CDD  WTR  SNW DPTH SPD SPD DIR MIN PSBL S-S WX    SPD DR
================================================================================

 1  57  46  52  16  13   0 0.00    M    M  5.5 14 290   M    M  10        20 260
 2  47  43  45   9  20   0 0.15    M    M  4.1 12 190   M    M   9 1      16 200
 3  44  39  42   6  23   0 0.12    M    M  2.2  8 290   M    M   9 1      12 240
 4  58  38  48  12  17   0 0.50    M    M  6.2 23 260   M    M   8 13     36 250
 5  51  36  44   8  21   0 0.20    M    M  8.0 20 250   M    M   4 1      28 260
 6  61  31  46  11  19   0 0.00    M    M  1.4  8 250   M    M   0        12 240
 7  67  44  56  21   9   0    T    M    M  8.8 26 210   M    M   1        39 190
 8  65  41  53  18  12   0 0.00    M    M 13.1 30 250   M    M   6        45 260
 9  41  28  35   0  30   0 0.00    M    M 12.2 22 290   M    M   4        31 300
10  31  21  26  -9  39   0 0.00    M    M  6.3 14 340   M    M   4        20 320
11  41  18  30  -5  35   0    T    M    M  3.6  9  20   M    M   2        12  20
12  41  31  36   1  29   0 0.56    M    M  4.6  9  90   M    M   9 1      14 100
13  44  33  39   4  26   0 0.21    M    M  3.9 10 340   M    M  10 1      14 340
14  33  29  31  -4  34   0 0.01    M    M  4.8  9 340   M    M  10 1      12 340
15  32  23  28  -7  37   0 0.00    M    M  3.5 12 260   M    M   7 1      16 220
16  37  31  34  -1  31   0 0.00    M    M  4.3 13 240   M    M  10 1      15 250
17  43  35  39   4  26   0 0.20    M    M  4.4 10 180   M    M  10 1      16 200
18  44  39  42   7  23   0    T    M    M  4.3  9 350   M    M  10 1      12  90
19  55  38  47  12  18   0 1.27    M    M  6.2 24 300   M    M   7 1      31 290
20  38  13  26  -9  39   0    T    M    M 12.2 22 300   M    M   8 8      37 290
21  25   9  17 -19  48   0 0.00    M    M  3.8 10 120   M    M   0        13  80
22  47  18  33  -3  32   0 0.00    M    M  7.2 21 180   M    M   3        26 210
================================================================================
SM 1002  684       581   0  3.22    M    130.6          M      141
================================================================================
AV 45.6 31.1                               5.9 FASTST   M    M   6    MAX(MPH)
                                 MISC ---->  # 30 250               # 45  260
================================================================================
NOTES:
# LAST OF SEVERAL OCCURRENCES

COLUMN 17 PEAK WIND IN M.P.H.

PRELIMINARY LOCAL CLIMATOLOGICAL DATA (WS FORM: F-6) , PAGE 2

                                          STATION:  LONDON KY
                                          MONTH:    JANUARY
                                          YEAR:     2019
                                          LATITUDE:   37  4 N
                                          LONGITUDE:  84  5 W

[TEMPERATURE DATA]      [PRECIPITATION DATA]       SYMBOLS USED IN COLUMN 16

AVERAGE MONTHLY: 38.3   TOTAL FOR MONTH:   3.22    1 = FOG OR MIST
DPTR FM NORMAL:   3.0   DPTR FM NORMAL:    0.72    2 = FOG REDUCING VISIBILITY
HIGHEST:    67 ON  7    GRTST 24HR  1.63 ON 31- 1      TO 1/4 MILE OR LESS
LOWEST:      9 ON 21                               3 = THUNDER
                        SNOW, ICE PELLETS, HAIL    4 = ICE PELLETS
                        TOTAL MONTH:    M          5 = HAIL
                        GRTST 24HR    M  ON   M    6 = FREEZING RAIN OR DRIZZLE
                        GRTST DEPTH:  M  ON   M    7 = DUSTSTORM OR SANDSTORM:
                                                       VSBY 1/2 MILE OR LESS
                                                   8 = SMOKE OR HAZE
[NO. OF DAYS WITH]      [WEATHER - DAYS WITH]      9 = BLOWING SNOW
                                                   X = TORNADO
MAX 32 OR BELOW:   3    0.01 INCH OR MORE:   9
MAX 90 OR ABOVE:   0    0.10 INCH OR MORE:   8
MIN 32 OR BELOW:  11    0.50 INCH OR MORE:   3
MIN  0 OR BELOW:   0    1.00 INCH OR MORE:   1

[HDD (BASE 65) ]
TOTAL THIS MO.   581    CLEAR  (SCALE 0-3)   5
DPTR FM NORMAL   -74    PTCLDY (SCALE 4-7)   8
TOTAL FM JUL 1  2271    CLOUDY (SCALE 8-10)  9
DPTR FM NORMAL   -36

[CDD (BASE 65) ]
TOTAL THIS MO.     0
DPTR FM NORMAL     0    [PRESSURE DATA]
TOTAL FM JAN 1     0    HIGHEST SLP M ON M
DPTR FM NORMAL     0    LOWEST  SLP 29.37 ON 19

[REMARKS]
