000
CXUS55 KJKL 201000
CF6LOZ
PRELIMINARY LOCAL CLIMATOLOGICAL DATA (WS FORM: F-6)

                                          STATION:   LONDON KY
                                          MONTH:     OCTOBER
                                          YEAR:      2018
                                          LATITUDE:   37  4 N
                                          LONGITUDE:  84  5 W

  TEMPERATURE IN F:       :PCPN:    SNOW:  WIND      :SUNSHINE: SKY     :PK WND
================================================================================
1   2   3   4   5  6A  6B    7    8   9   10  11  12  13   14  15   16   17  18
                                     12Z  AVG MX 2MIN
DY MAX MIN AVG DEP HDD CDD  WTR  SNW DPTH SPD SPD DIR MIN PSBL S-S WX    SPD DR
================================================================================

 1  83  60  72  10   0   7 0.00    M    M  2.3 10 190   M    M   3 1      15 250
 2  76  65  71   9   0   6    M    M    M  3.6 12 250   M    M   5 1      22 220
 3  84  62  73  11   0   8 0.00    M    M  1.8 10 210   M    M   3 1      17 200
 4  86  63  75  14   0  10 0.00    M    M  3.9 16 240   M    M   1 1      21 240
 5  87  67  77  16   0  12 0.00    M    M  2.5 12 230   M    M   2 1      16 240
 6  86  65  76  16   0  11    T    M    M  2.3 20 290   M    M   1 1      28 260
 7  87  65  76  16   0  11 0.00    M    M  1.6  8 190   M    M   2 1      11 160
 8  85  65  75  15   0  10 0.00    M    M  2.5 12 130   M    M   1 1      18 120
 9  83  66  75  16   0  10 0.00    M    M  5.0 16 120   M    M   0        24 160
10  83  64  74  15   0   9    T    M    M  3.5 15 180   M    M   4 1      24 200
11  72  49  61   2   4   0    M    M    M  7.6 17 340   M    M   8 1      25 330
12  61  41  51  -7  14   0    T    M    M  3.7 12 280   M    M   2        16 270
13  56  44  50  -8  15   0 0.05    M    M  5.5 12 350   M    M   6 1      18 310
14  62  47  55  -3  10   0 0.50    M    M  3.8  9 180   M    M  10 1      14 150
15  66  51  59   1   6   0 0.77    M    M  5.8 20 290   M    M  10 1      27 290
16  53  47  50  -7  15   0 0.02    M    M  4.7 10 350   M    M  10 1      14 350
17  65  42  54  -3  11   0 0.00    M    M  4.4 16 280   M    M   2 1      21 290
18  59  39  49  -8  16   0 0.00    M    M  4.1 10  50   M    M   0        17 350
19  70  35  53  -3  12   0 0.07    M    M  5.9 16 230   M    M   2 1      25 220
================================================================================
SM 1404 1037       103  94  1.41    M     74.5          M       72
================================================================================
AV 73.9 54.6                               3.9 FASTST   M    M   4    MAX(MPH)
                                 MISC ---->  # 20 290               # 28  260
================================================================================
NOTES:
# LAST OF SEVERAL OCCURRENCES

COLUMN 17 PEAK WIND IN M.P.H.

PRELIMINARY LOCAL CLIMATOLOGICAL DATA (WS FORM: F-6) , PAGE 2

                                          STATION:  LONDON KY
                                          MONTH:    OCTOBER
                                          YEAR:     2018
                                          LATITUDE:   37  4 N
                                          LONGITUDE:  84  5 W

[TEMPERATURE DATA]      [PRECIPITATION DATA]       SYMBOLS USED IN COLUMN 16

AVERAGE MONTHLY: 64.2   TOTAL FOR MONTH:   1.41    1 = FOG OR MIST
DPTR FM NORMAL:   5.1   DPTR FM NORMAL:   -0.37    2 = FOG REDUCING VISIBILITY
HIGHEST:    87 ON  7, 5 GRTST 24HR  0.77 ON 15-15      TO 1/4 MILE OR LESS
LOWEST:     35 ON 19                               3 = THUNDER
                        SNOW, ICE PELLETS, HAIL    4 = ICE PELLETS
                        TOTAL MONTH:    M          5 = HAIL
                        GRTST 24HR    M  ON   M    6 = FREEZING RAIN OR DRIZZLE
                        GRTST DEPTH:  M  ON   M    7 = DUSTSTORM OR SANDSTORM:
                                                       VSBY 1/2 MILE OR LESS
                                                   8 = SMOKE OR HAZE
[NO. OF DAYS WITH]      [WEATHER - DAYS WITH]      9 = BLOWING SNOW
                                                   X = TORNADO
MAX 32 OR BELOW:   0    0.01 INCH OR MORE:   5
MAX 90 OR ABOVE:   0    0.10 INCH OR MORE:   2
MIN 32 OR BELOW:   0    0.50 INCH OR MORE:   2
MIN  0 OR BELOW:   0    1.00 INCH OR MORE:   0

[HDD (BASE 65) ]
TOTAL THIS MO.   103    CLEAR  (SCALE 0-3)  12
DPTR FM NORMAL   -26    PTCLDY (SCALE 4-7)   4
TOTAL FM JUL 1   108    CLOUDY (SCALE 8-10)  3
DPTR FM NORMAL   -68

[CDD (BASE 65) ]
TOTAL THIS MO.    94
DPTR FM NORMAL    77    [PRESSURE DATA]
TOTAL FM JAN 1  1574    HIGHEST SLP M ON M
DPTR FM NORMAL   390    LOWEST  SLP 29.71 ON 11

[REMARKS]
