648
CXUS51 KILN 270540
CF6LUK
PRELIMINARY LOCAL CLIMATOLOGICAL DATA (WS FORM: F-6)

                                          STATION:   CINCINNATI/LUNK ASOS
                                          MONTH:     MAY
                                          YEAR:      2024
                                          LATITUDE:   39  5 N
                                          LONGITUDE:  84 26 W

  TEMPERATURE IN F:       :PCPN:    SNOW:  WIND      :SUNSHINE: SKY     :PK WND
================================================================================
1   2   3   4   5  6A  6B    7    8   9   10  11  12  13   14  15   16   17  18
                                     12Z  AVG MX 2MIN
DY MAX MIN AVG DEP HDD CDD  WTR  SNW DPTH SPD SPD DIR MIN PSBL S-S WX    SPD DR
================================================================================

 1  82  50  66   6   0   1 0.00    M    M  3.5 17 220   M    M   2 12     25 200
 2  87  55  71  11   0   6 0.00    M    M  2.9 13 190   M    M   2 12     19 190
 3  74  63  69   9   0   4 0.36    M    M  3.0 13 180   M    M   7 1      16 170
 4  78  64  71  10   0   6 0.33    M    M  3.2 13 300   M    M   8 1238   17 290
 5  80  59  70   9   0   5 0.00    M    M  3.8 14 240   M    M   3 12     19 240
 6  76  61  69   8   0   4 0.26    M    M  2.9 16 210   M    M   7 12     21 200
 7  78  64  71   9   0   6 3.53    M    M  5.4 21 320   M    M   9 138    30 330
 8  83  60  72  10   0   7 0.44    M    M  4.1 16 180   M    M   3 13     24 180
 9  76  58  67   5   0   2 0.35    M    M  7.5 24 320   M    M   7 13     33 310
10  71  51  61  -1   4   0    T    M    M  7.0 20  10   M    M   7 1      30  10
11  73  49  61  -2   4   0    T    M    M  7.4 24 260   M    M   5 1      37 260
12  77  45  61  -2   4   0 0.00    M    M  2.4 10 210   M    M   1 1      16 250
13  80  51  66   3   0   1 0.02    M    M  6.2 18 180   M    M   1 1      24 180
14  68  61  65   1   0   0 0.27    M    M  2.8 13  70   M    M  10 1      18  60
15  76  60  68   4   0   3 0.36    M    M  5.8 18  30   M    M   9 18     28  10
16  82  52  67   3   0   2    T    M    M  2.4 14 230   M    M   5 128    18 220
17  74  61  68   4   0   3 0.18    M    M  3.3 12 160   M    M   7 12     15 190
18  83  58  71   6   0   6 0.00    M    M  2.2  8  60   M    M   5 128    11  50
19  88  57  73   8   0   8 0.00    M    M  0.3  8 140   M    M   1 18     16 140
20  88  60  74   9   0   9 0.00    M    M  1.5 13 180   M    M   1 128    17 190
21  88  61  75  10   0  10    T    M    M  5.6 20 210   M    M   1 18     27 220
22  85  67  76  10   0  11 0.79    M    M 10.7 21 190   M    M   4 13     28 170
23  78  62  70   4   0   5 0.01    M    M  4.4 18 210   M    M   7 18     28 210
24  82  61  72   6   0   7 0.00    M    M  3.0 14 170   M    M   4 128    19 190
25  85  65  75   9   0  10 0.00    M    M  4.6 13 270   M    M   4 1      17 270
26  81  63  72   5   0   7 0.18    M    M  7.0 29 210   M    M   5 1238   38 200
================================================================================
SM 2073 1518        12 123  7.08    M    112.9          M      125
================================================================================
AV 79.7 58.4                               4.3 FASTST   M    M   5    MAX(MPH)
                                 MISC ---->    29 210                 38 200
================================================================================
NOTES:
# LAST OF SEVERAL OCCURRENCES

COLUMN 17 PEAK WIND IN M.P.H.

PRELIMINARY LOCAL CLIMATOLOGICAL DATA (WS FORM: F-6) , PAGE 2

                                          STATION:   CINCINNATI/LUNK ASOS
                                          MONTH:     MAY
                                          YEAR:      2024
                                          LATITUDE:   39  5 N
                                          LONGITUDE:  84 26 W

[TEMPERATURE DATA]      [PRECIPITATION DATA]       SYMBOLS USED IN COLUMN 16

AVERAGE MONTHLY: 69.1   TOTAL FOR MONTH:   7.08    1 = FOG OR MIST
DPTR FM NORMAL:   5.7   DPTR FM NORMAL:    3.13    2 = FOG REDUCING VISIBILITY
HIGHEST:    88 ON 21,20  GRTST 24HR  3.97 ON  7- 8      TO 1/4 MILE OR LESS
LOWEST:     45 ON 12                               3 = THUNDER
                        SNOW, ICE PELLETS, HAIL    4 = ICE PELLETS
                        TOTAL MONTH:  M            5 = HAIL
                        GRTST 24HR    M  ON   M    6 = FREEZING RAIN OR DRIZZLE
                        GRTST DEPTH:  M  ON   M    7 = DUSTSTORM OR SANDSTORM:
                                                       VSBY 1/2 MILE OR LESS
                                                   8 = SMOKE OR HAZE
[NO. OF DAYS WITH]      [WEATHER - DAYS WITH]      9 = BLOWING SNOW
                                                   X = TORNADO
MAX 32 OR BELOW:   0    0.01 INCH OR MORE:  13
MAX 90 OR ABOVE:   0    0.10 INCH OR MORE:  11
MIN 32 OR BELOW:   0    0.50 INCH OR MORE:   2
MIN  0 OR BELOW:   0    1.00 INCH OR MORE:   1

[HDD (BASE 65) ]
TOTAL THIS MO.    12    CLEAR  (SCALE 0-3)   7
DPTR FM NORMAL   -92    PTCLDY (SCALE 4-7)  16
TOTAL FM JUL 1  3939    CLOUDY (SCALE 8-10)  3
DPTR FM NORMAL  -844

[CDD (BASE 65) ]
TOTAL THIS MO.   123
DPTR FM NORMAL    60    [PRESSURE DATA]
TOTAL FM JAN 1   152    HIGHEST SLP M ON M
DPTR FM NORMAL    75    LOWEST  SLP 29.57 ON 26

[REMARKS]