000
CXUS51 KILN 181404
CF6LUK
PRELIMINARY LOCAL CLIMATOLOGICAL DATA (WS FORM: F-6)

                                          STATION:   CINCINNATI/LUNK ASOS
                                          MONTH:     FEBRUARY
                                          YEAR:      2020
                                          LATITUDE:   39  5 N
                                          LONGITUDE:  84 26 W

  TEMPERATURE IN F:       :PCPN:    SNOW:  WIND      :SUNSHINE: SKY     :PK WND
================================================================================
1   2   3   4   5  6A  6B    7    8   9   10  11  12  13   14  15   16   17  18
                                     12Z  AVG MX 2MIN
DY MAX MIN AVG DEP HDD CDD  WTR  SNW DPTH SPD SPD DIR MIN PSBL S-S WX    SPD DR
================================================================================

 1  44  36  40   8  25   0    T    M    M  5.5 18 270   M    M  10 18     23 260
 2  65  33  49  17  16   0 0.00    M    M 12.4 24 250   M    M   2        34 220
 3  66  32  49  17  16   0    T    M    M  6.1 20 200   M    M   2        27 200
 4  64  36  50  17  15   0 0.37    M    M 11.2 24 340   M    M  10 1      30 340
 5  39  33  36   3  29   0 0.38    M    M 10.8 18  30   M    M  10 1      24  20
 6  36  31  34   1  31   0    M    M    M  7.2 12 330   M    M  10 1      16 320
 7  35  28  32  -1  33   0 0.03    M    M  9.5 17 270   M    M   9 18     25 290
 8  37  26  32  -1  33   0 0.04    M    M  5.6 13 250   M    M   9 18     16 220
 9  44  23  34   1  31   0 0.14    M    M  4.5 13 200   M    M   7 18     17 190
10  50  38  44  10  21   0 0.07    M    M  9.1 20 200   M    M   9 1      26 190
11  43  34  39   5  26   0 0.07    M    M  5.7 15 280   M    M   9 18     18 290
12  38  28  33  -1  32   0 1.06    M    M  4.5 14  70   M    M   5 14     17  30
13  40  22  31  -3  34   0 0.07    M    M  9.9 21 280   M    M  10 1      27 280
14  26  14  20 -15  45   0    T    M    M  6.8 16 320   M    M   6        21 320
15  47  13  30  -5  35   0 0.00    M    M  5.8 22 200   M    M   1        29 220
16  49  29  39   4  26   0 0.00    M    M  2.3  7 200   M    M   7         7 200
17  53  26  40   5  25   0 0.00    M    M  3.5 14 130   M    M   3 12     19 120
================================================================================
SM  776  482       473   0  2.23    M    120.4          M      119
================================================================================
AV 45.7 28.4                               7.1 FASTST   M    M   7    MAX(MPH)
                                 MISC ---->  # 24 250               # 34  220
================================================================================
NOTES:
# LAST OF SEVERAL OCCURRENCES

COLUMN 17 PEAK WIND IN M.P.H.

PRELIMINARY LOCAL CLIMATOLOGICAL DATA (WS FORM: F-6) , PAGE 2

                                          STATION:  CINCINNATI/LUNK ASOS
                                          MONTH:    FEBRUARY
                                          YEAR:     2020
                                          LATITUDE:   39  5 N
                                          LONGITUDE:  84 26 W

[TEMPERATURE DATA]      [PRECIPITATION DATA]       SYMBOLS USED IN COLUMN 16

AVERAGE MONTHLY: 37.0   TOTAL FOR MONTH:   2.23    1 = FOG OR MIST
DPTR FM NORMAL:   3.5   DPTR FM NORMAL:    0.68    2 = FOG REDUCING VISIBILITY
HIGHEST:    66 ON  3    GRTST 24HR  1.06 ON 12-12      TO 1/4 MILE OR LESS
LOWEST:     13 ON 15                               3 = THUNDER
                        SNOW, ICE PELLETS, HAIL    4 = ICE PELLETS
                        TOTAL MONTH:    M          5 = HAIL
                        GRTST 24HR    M  ON   M    6 = FREEZING RAIN OR DRIZZLE
                        GRTST DEPTH:  M  ON   M    7 = DUSTSTORM OR SANDSTORM:
                                                       VSBY 1/2 MILE OR LESS
                                                   8 = SMOKE OR HAZE
[NO. OF DAYS WITH]      [WEATHER - DAYS WITH]      9 = BLOWING SNOW
                                                   X = TORNADO
MAX 32 OR BELOW:   1    0.01 INCH OR MORE:   9
MAX 90 OR ABOVE:   0    0.10 INCH OR MORE:   4
MIN 32 OR BELOW:  11    0.50 INCH OR MORE:   1
MIN  0 OR BELOW:   0    1.00 INCH OR MORE:   1

[HDD (BASE 65) ]
TOTAL THIS MO.   473    CLEAR  (SCALE 0-3)   3
DPTR FM NORMAL   -62    PTCLDY (SCALE 4-7)   5
TOTAL FM JUL 1  3091    CLOUDY (SCALE 8-10)  9
DPTR FM NORMAL  -349

[CDD (BASE 65) ]
TOTAL THIS MO.     0
DPTR FM NORMAL     0    [PRESSURE DATA]
TOTAL FM JAN 1     0    HIGHEST SLP M ON M
DPTR FM NORMAL     0    LOWEST  SLP 29.33 ON  7

[REMARKS]
