000
CXUS55 KBYZ 221057
CF6LVM
PRELIMINARY LOCAL CLIMATOLOGICAL DATA (WS FORM: F-6)

                                          STATION:   LIVINGSTON MT
                                          MONTH:     OCTOBER
                                          YEAR:      2019
                                          LATITUDE:   45 41 N
                                          LONGITUDE: 110 26 W

  TEMPERATURE IN F:       :PCPN:    SNOW:  WIND      :SUNSHINE: SKY     :PK WND
================================================================================
1   2   3   4   5  6A  6B    7    8   9   10  11  12  13   14  15   16   17  18
                                     12Z  AVG MX 2MIN
DY MAX MIN AVG DEP HDD CDD  WTR  SNW DPTH SPD SPD DIR MIN PSBL S-S WX    SPD DR
================================================================================

 1  40  31  36 -14  29   0 0.01    M    M 13.4 20  70   M    M  10 1      22  80
 2  49  32  41  -9  24   0 0.00    M    M 11.3 26 250   M    M   6        30 260
 3  61  31  46  -3  19   0 0.00    M    M  8.9 22 260   M    M   0        31 260
 4  53  27  40  -9  25   0 0.17    M    M 10.0 33 250   M    M   6 13     40 250
 5  50  37  44  -5  21   0 0.02    M    M 19.8 35 240   M    M   6        44 220
 6  58  38  48   0  17   0 0.00    M    M 21.9 37 210   M    M   2        47 200
 7  71  47  59  11   6   0 0.00    M    M 29.8 45 210   M    M   0        59 210
 8  70  29  50   2  15   0    T    M    M 27.6 45 200   M    M   2        56 200
 9  29  18  24 -23  41   0 0.30    M    M 15.2 28  80   M    M  10 128    34  80
10  28  14  21 -26  44   0    T    M    M 11.3 25 260   M    M   6 1      31 250
11  44  15  30 -17  35   0 0.00    M    M 18.7 32 250   M    M   0        42 260
12  58  29  44  -2  21   0 0.00    M    M 19.7 32 250   M    M   0        38 250
13  66  33  50   4  15   0 0.00    M    M 15.7 30 260   M    M   0        38 270
14  56  25  41  -5  24   0 0.00    M    M 12.4 29 250   M    M   3        36 260
15  61  19  40  -5  25   0 0.00    M    M  5.5 24 280   M    M   0        33 270
16  74  54  64  19   1   0 0.00    M    M 19.2 37 220   M    M   0        46 200
17  71  38  55  10  10   0 0.17    M    M 15.0 37 250   M    M   4 1      44 250
18  50  37  44   0  21   0    T    M    M 20.6 41 210   M    M   4        52 210
19  49  34  42  -2  23   0 0.06    M    M 15.2 38 210   M    M   4 1      46 210
20  46  31  39  -5  26   0 0.01    M    M 12.6 25 270   M    M  10 1      31 270
21  49  28  39  -5  26   0    T    M    M 16.2 28 240   M    M   8        35 250
================================================================================
SM 1133  647       468   0  0.74    M    340.0          M       81
================================================================================
AV 54.0 30.8                              16.2 FASTST   M    M   4    MAX(MPH)
                                 MISC ---->  # 45 210               # 59  210
================================================================================
NOTES:
# LAST OF SEVERAL OCCURRENCES

COLUMN 17 PEAK WIND IN M.P.H.

PRELIMINARY LOCAL CLIMATOLOGICAL DATA (WS FORM: F-6) , PAGE 2

                                          STATION:  LIVINGSTON MT
                                          MONTH:    OCTOBER
                                          YEAR:     2019
                                          LATITUDE:   45 41 N
                                          LONGITUDE: 110 26 W

[TEMPERATURE DATA]      [PRECIPITATION DATA]       SYMBOLS USED IN COLUMN 16

AVERAGE MONTHLY: 42.4   TOTAL FOR MONTH:   0.74    1 = FOG OR MIST
DPTR FM NORMAL:  -4.3   DPTR FM NORMAL:   -0.21    2 = FOG REDUCING VISIBILITY
HIGHEST:    74 ON 16    GRTST 24HR  0.30 ON  9- 9      TO 1/4 MILE OR LESS
LOWEST:     14 ON 10                               3 = THUNDER
                        SNOW, ICE PELLETS, HAIL    4 = ICE PELLETS
                        TOTAL MONTH:    M          5 = HAIL
                        GRTST 24HR    M  ON   M    6 = FREEZING RAIN OR DRIZZLE
                        GRTST DEPTH:  M  ON   M    7 = DUSTSTORM OR SANDSTORM:
                                                       VSBY 1/2 MILE OR LESS
                                                   8 = SMOKE OR HAZE
[NO. OF DAYS WITH]      [WEATHER - DAYS WITH]      9 = BLOWING SNOW
                                                   X = TORNADO
MAX 32 OR BELOW:   2    0.01 INCH OR MORE:   7
MAX 90 OR ABOVE:   0    0.10 INCH OR MORE:   3
MIN 32 OR BELOW:  13    0.50 INCH OR MORE:   0
MIN  0 OR BELOW:   0    1.00 INCH OR MORE:   0

[HDD (BASE 65) ]
TOTAL THIS MO.   468    CLEAR  (SCALE 0-3)  10
DPTR FM NORMAL    83    PTCLDY (SCALE 4-7)   7
TOTAL FM JUL 1   794    CLOUDY (SCALE 8-10)  4
DPTR FM NORMAL     1

[CDD (BASE 65) ]
TOTAL THIS MO.     0
DPTR FM NORMAL     0    [PRESSURE DATA]
TOTAL FM JAN 1   226    HIGHEST SLP M ON M
DPTR FM NORMAL    -3    LOWEST  SLP 29.44 ON 17

[REMARKS]
