000
CXUS55 KBYZ 201056
CF6LVM
PRELIMINARY LOCAL CLIMATOLOGICAL DATA (WS FORM: F-6)

                                          STATION:   LIVINGSTON MT
                                          MONTH:     JUNE
                                          YEAR:      2018
                                          LATITUDE:   45 41 N
                                          LONGITUDE: 110 26 W

  TEMPERATURE IN F:       :PCPN:    SNOW:  WIND      :SUNSHINE: SKY     :PK WND
================================================================================
1   2   3   4   5  6A  6B    7    8   9   10  11  12  13   14  15   16   17  18
                                     12Z  AVG MX 2MIN
DY MAX MIN AVG DEP HDD CDD  WTR  SNW DPTH SPD SPD DIR MIN PSBL S-S WX    SPD DR
================================================================================

 1  57  43  50  -5  15   0 0.36    M    M 14.1 36 250   M    M   8 1      43 250
 2  72  42  57   2   8   0 0.00    M    M 13.3 30 240   M    M   0        39 280
 3  79  40  60   5   5   0 0.00    M    M  5.6 13 100   M    M   0        15 300
 4  87  45  66  11   0   1 0.00    M    M  8.7 37 220   M    M   1        47 210
 5  73  47  60   4   5   0 0.02    M    M  9.5 22  80   M    M   2 3      27  80
 6  76  53  65   9   0   0 0.00    M    M  6.2 20  60   M    M   5 3      22  60
 7  76  51  64   8   1   0 0.26    M    M  7.7 48 210   M    M   3 13     58 210
 8  79  48  64   8   1   0    T    M    M  7.9 16 320   M    M   1        20 280
 9  90  44  67  10   0   2 0.00    M    M  6.8 23 240   M    M   0        30 210
10  60  44  52  -5  13   0    T    M    M 19.6 32 280   M    M   7        40 280
11  56  40  48  -9  17   0 0.07    M    M 12.5 21 240   M    M   9 1      30 240
12  72  33  53  -5  12   0 0.00    M    M 14.5 35 280   M    M   0        43 270
13  88  37  63   5   2   0 0.00    M    M 11.5 26 190   M    M   0        33 200
14  72  44  58   0   7   0 0.21    M    M  5.0 18  90   M    M   5 138    24  90
15  64  48  56  -2   9   0 0.00    M    M  9.6 17  90   M    M   6        24  90
16  66  48  57  -2   8   0 0.14    M    M 12.6 22  80   M    M   9 13     27  80
17  54  48  51  -8  14   0 0.91    M    M 18.3 29  80   M    M   8 1      35  80
18  59  52  56  -3   9   0 0.55    M    M 10.1 31 210   M    M  10 1      36 210
19  61  49  55  -5  10   0 0.10    M    M  5.5 17 250   M    M   8 1      21 260
================================================================================
SM 1341  856       136   3  2.62    M    199.0          M       82
================================================================================
AV 70.6 45.1                              10.5 FASTST   M    M   4    MAX(MPH)
                                 MISC ---->  # 48 210               # 58  210
================================================================================
NOTES:
# LAST OF SEVERAL OCCURRENCES

COLUMN 17 PEAK WIND IN M.P.H.

PRELIMINARY LOCAL CLIMATOLOGICAL DATA (WS FORM: F-6) , PAGE 2

                                          STATION:  LIVINGSTON MT
                                          MONTH:    JUNE
                                          YEAR:     2018
                                          LATITUDE:   45 41 N
                                          LONGITUDE: 110 26 W

[TEMPERATURE DATA]      [PRECIPITATION DATA]       SYMBOLS USED IN COLUMN 16

AVERAGE MONTHLY: 57.8   TOTAL FOR MONTH:   2.62    1 = FOG OR MIST
DPTR FM NORMAL:   0.8   DPTR FM NORMAL:    0.94    2 = FOG REDUCING VISIBILITY
HIGHEST:    90 ON  9    GRTST 24HR  0.91 ON 17-17      TO 1/4 MILE OR LESS
LOWEST:     33 ON 12                               3 = THUNDER
                        SNOW, ICE PELLETS, HAIL    4 = ICE PELLETS
                        TOTAL MONTH:    M          5 = HAIL
                        GRTST 24HR    M  ON   M    6 = FREEZING RAIN OR DRIZZLE
                        GRTST DEPTH:  M  ON   M    7 = DUSTSTORM OR SANDSTORM:
                                                       VSBY 1/2 MILE OR LESS
                                                   8 = SMOKE OR HAZE
[NO. OF DAYS WITH]      [WEATHER - DAYS WITH]      9 = BLOWING SNOW
                                                   X = TORNADO
MAX 32 OR BELOW:   0    0.01 INCH OR MORE:   9
MAX 90 OR ABOVE:   1    0.10 INCH OR MORE:   7
MIN 32 OR BELOW:   0    0.50 INCH OR MORE:   2
MIN  0 OR BELOW:   0    1.00 INCH OR MORE:   0

[HDD (BASE 65) ]
TOTAL THIS MO.   136    CLEAR  (SCALE 0-3)   9
DPTR FM NORMAL   -22    PTCLDY (SCALE 4-7)   6
TOTAL FM JUL 1  7399    CLOUDY (SCALE 8-10)  4
DPTR FM NORMAL  -155

[CDD (BASE 65) ]
TOTAL THIS MO.     3
DPTR FM NORMAL     0    [PRESSURE DATA]
TOTAL FM JAN 1     3    HIGHEST SLP  0.00 ON 11
DPTR FM NORMAL    -1    LOWEST  SLP  0.00 ON 11

[REMARKS]
