000
CXUS55 KBYZ 231056
CF6LVM
PRELIMINARY LOCAL CLIMATOLOGICAL DATA (WS FORM: F-6)

                                          STATION:   LIVINGSTON MT
                                          MONTH:     SEPTEMBER
                                          YEAR:      2018
                                          LATITUDE:   45 41 N
                                          LONGITUDE: 110 26 W

  TEMPERATURE IN F:       :PCPN:    SNOW:  WIND      :SUNSHINE: SKY     :PK WND
================================================================================
1   2   3   4   5  6A  6B    7    8   9   10  11  12  13   14  15   16   17  18
                                     12Z  AVG MX 2MIN
DY MAX MIN AVG DEP HDD CDD  WTR  SNW DPTH SPD SPD DIR MIN PSBL S-S WX    SPD DR
================================================================================

 1  80  39  60  -1   5   0 0.00    M    M 11.6 25 260   M    M   0        33 270
 2  83  37  60  -1   5   0 0.00    M    M  4.9 15 270   M    M   0        19 270
 3  85  37  61   1   4   0 0.00    M    M  8.5 21 330   M    M   0        27 320
 4  67  46  57  -3   8   0 0.00    M    M 16.1 23  80   M    M   2        29  90
 5  76  36  56  -4   9   0 0.00    M    M  6.9 14  80   M    M   0        17  70
 6  88  43  66   7   0   1 0.00    M    M  6.3 21 200   M    M   0 3      27 200
 7  90  45  68   9   0   3 0.00    M    M  8.0 26 210   M    M   0        32 220
 8  88  54  71  12   0   6    T    M    M 10.6 33 210   0    0   0        42 240
 9  81  48  65   7   0   0 0.00    M    M  9.1 17 270   0    0   0        24 250
10  86  37  62   4   3   0 0.00    M    M  8.8 26 210   M    M   M        34 210
11  76  39  58   0   7   0 0.00    M    M  9.3 18  70   M    M   0        23  60
12  70  42  56  -1   9   0 0.00    M    M  7.0 28 340   M    M   2        33 340
13  67  41  54  -3  11   0 0.02    M    M  7.8 23 350   M    M   6        30 350
14  67  38  53  -3  12   0 0.00    M    M  9.9 24  80   M    M   2        32  60
15  70  49  60   4   5   0 0.15    M    M  9.9 31 230   M    M   5 1      37 230
16  76  41  59   3   6   0 0.00    M    M 12.4 25  80   M    M   0        34  90
17  77  39  58   3   7   0 0.00    M    M  7.1 16  90   M    M   0 1      21  70
18  75  35  55   0  10   0 0.00    M    M  8.4 20 110   M    M   1        24 110
19  56  44  50  -4  15   0 0.00    M    M 15.0 23  90   M    M  10        27  90
20  64  34  49  -5  16   0    T    M    M  9.0 26 320   M    M   7        32 320
21  77  26  52  -2  13   0 0.00    M    M  7.1 20 250   M    M   0        25 270
22  82  43  63  10   2   0 0.00    M    M 13.5 32 210   M    M   0        39 220
================================================================================
SM 1681  893       147  10  0.17    M    207.2            0     35
================================================================================
AV 76.4 40.6                               9.4 FASTST    0   0   2    MAX(MPH)
                                 MISC ---->  # 33 210               # 42  240
================================================================================
NOTES:
# LAST OF SEVERAL OCCURRENCES

COLUMN 17 PEAK WIND IN M.P.H.

PRELIMINARY LOCAL CLIMATOLOGICAL DATA (WS FORM: F-6) , PAGE 2

                                          STATION:  LIVINGSTON MT
                                          MONTH:    SEPTEMBER
                                          YEAR:     2018
                                          LATITUDE:   45 41 N
                                          LONGITUDE: 110 26 W

[TEMPERATURE DATA]      [PRECIPITATION DATA]       SYMBOLS USED IN COLUMN 16

AVERAGE MONTHLY: 58.5   TOTAL FOR MONTH:   0.17    1 = FOG OR MIST
DPTR FM NORMAL:   1.2   DPTR FM NORMAL:   -0.68    2 = FOG REDUCING VISIBILITY
HIGHEST:    90 ON  7    GRTST 24HR  0.15 ON 15-15      TO 1/4 MILE OR LESS
LOWEST:     26 ON 21                               3 = THUNDER
                        SNOW, ICE PELLETS, HAIL    4 = ICE PELLETS
                        TOTAL MONTH:    M          5 = HAIL
                        GRTST 24HR    M  ON   M    6 = FREEZING RAIN OR DRIZZLE
                        GRTST DEPTH:  M  ON   M    7 = DUSTSTORM OR SANDSTORM:
                                                       VSBY 1/2 MILE OR LESS
                                                   8 = SMOKE OR HAZE
[NO. OF DAYS WITH]      [WEATHER - DAYS WITH]      9 = BLOWING SNOW
                                                   X = TORNADO
MAX 32 OR BELOW:   0    0.01 INCH OR MORE:   2
MAX 90 OR ABOVE:   1    0.10 INCH OR MORE:   1
MIN 32 OR BELOW:   1    0.50 INCH OR MORE:   0
MIN  0 OR BELOW:   0    1.00 INCH OR MORE:   0

[HDD (BASE 65) ]
TOTAL THIS MO.   147    CLEAR  (SCALE 0-3)  17
DPTR FM NORMAL   -35    PTCLDY (SCALE 4-7)   3
TOTAL FM JUL 1   255    CLOUDY (SCALE 8-10)  1
DPTR FM NORMAL   -45

[CDD (BASE 65) ]
TOTAL THIS MO.    10
DPTR FM NORMAL    -3    [PRESSURE DATA]
TOTAL FM JAN 1   212    HIGHEST SLP  0.00 ON  8
DPTR FM NORMAL   -16    LOWEST  SLP 29.62 ON 11

[REMARKS]
