000
CXUS53 KTOP 180800
CF6LWC
PRELIMINARY LOCAL CLIMATOLOGICAL DATA (WS FORM: F-6)

                                          STATION:   Lawrence KS
                                          MONTH:     OCTOBER
                                          YEAR:      2019
                                          LATITUDE:   39  0 N
                                          LONGITUDE:  95 13 W

  TEMPERATURE IN F:       :PCPN:    SNOW:  WIND      :SUNSHINE: SKY     :PK WND
================================================================================
1   2   3   4   5  6A  6B    7    8   9   10  11  12  13   14  15   16   17  18
                                     12Z  AVG MX 2MIN
DY MAX MIN AVG DEP HDD CDD  WTR  SNW DPTH SPD SPD DIR MIN PSBL S-S WX    SPD DR
================================================================================

 1  91  71  81  19   0  16    T    M    M 11.3 24 200   M    M   2        34 190
 2  89  56  73  12   0   8 0.09    M    M  8.6 18 340   M    M  10 3      24 340
 3  59  50  55  -6  10   0    T    M    M  7.9 17 340   M    M   3        24 330
 4  58  50  54  -6  11   0 0.57    M    M  6.4 14 100   M    M   7 1      18 100
 5  75  46  61   1   4   0 0.09    M    M  7.4 20 210   M    M   1 13     28 210
 6  64  41  53  -7  12   0 0.00    M    M  2.9 12 320   M    M   2 12     13 320
 7  73  39  56  -3   9   0 0.00    M    M  3.3  9 270   M    M   0 18     12 270
 8  74  40  57  -2   8   0 0.00    M    M  7.7 20 160   M    M   0 8      26 170
 9  64  50  57  -2   8   0 0.22    M    M 10.3 22 140   M    M   6 13     31 130
10  73  42  58   0   7   0 0.02    M    M 12.2 24 290   M    M   8 18     32 270
11  50  29  40 -18  25   0 0.00    M    M 13.8 25 290   M    M   5        35 330
12  70  27  49  -9  16   0 0.00    M    M  9.0 23 240   M    M   0        34 230
13  66  31  49  -8  16   0 0.00    M    M  1.9  9 280   M    M   0 8      14 310
14  75  34  55  -2  10   0 0.00    M    M  7.2 21 170   M    M   0 1      28 150
15  68  38  53  -3  12   0 0.00    M    M  8.6 17 320   M    M   5        25 330
16  59  33  46 -10  19   0 0.00    M    M  4.8 15 310   M    M   0        22 330
17  71  36  54  -2  11   0 0.00    M    M   M  12 160   M    M   M        18 160
================================================================================
SM 1179  713       178  24  0.99    M    123.3          M       49
================================================================================
AV 69.4 41.9                               7.7 FASTST   M    M   3    MAX(MPH)
                                 MISC ---->  # 25 290               # 35  330
================================================================================
NOTES:
# LAST OF SEVERAL OCCURRENCES

COLUMN 17 PEAK WIND IN M.P.H.

PRELIMINARY LOCAL CLIMATOLOGICAL DATA (WS FORM: F-6) , PAGE 2

                                          STATION:  Lawrence KS
                                          MONTH:    OCTOBER
                                          YEAR:     2019
                                          LATITUDE:   39  0 N
                                          LONGITUDE:  95 13 W

[TEMPERATURE DATA]      [PRECIPITATION DATA]       SYMBOLS USED IN COLUMN 16

AVERAGE MONTHLY: 55.7   TOTAL FOR MONTH:   0.99    1 = FOG OR MIST
DPTR FM NORMAL:  -3.0   DPTR FM NORMAL:   -0.85    2 = FOG REDUCING VISIBILITY
HIGHEST:    91 ON  1    GRTST 24HR  0.57 ON  4- 4      TO 1/4 MILE OR LESS
LOWEST:     27 ON 12                               3 = THUNDER
                        SNOW, ICE PELLETS, HAIL    4 = ICE PELLETS
                        TOTAL MONTH:    M          5 = HAIL
                        GRTST 24HR    M  ON   M    6 = FREEZING RAIN OR DRIZZLE
                        GRTST DEPTH:  M  ON   M    7 = DUSTSTORM OR SANDSTORM:
                                                       VSBY 1/2 MILE OR LESS
                                                   8 = SMOKE OR HAZE
[NO. OF DAYS WITH]      [WEATHER - DAYS WITH]      9 = BLOWING SNOW
                                                   X = TORNADO
MAX 32 OR BELOW:   0    0.01 INCH OR MORE:   5
MAX 90 OR ABOVE:   1    0.10 INCH OR MORE:   2
MIN 32 OR BELOW:   3    0.50 INCH OR MORE:   1
MIN  0 OR BELOW:   0    1.00 INCH OR MORE:   0

[HDD (BASE 65) ]
TOTAL THIS MO.   178    CLEAR  (SCALE 0-3)   9
DPTR FM NORMAL    49    PTCLDY (SCALE 4-7)   6
TOTAL FM JUL 1   178    CLOUDY (SCALE 8-10)  1
DPTR FM NORMAL   -14

[CDD (BASE 65) ]
TOTAL THIS MO.    24
DPTR FM NORMAL     1    [PRESSURE DATA]
TOTAL FM JAN 1  1565    HIGHEST SLP M ON M
DPTR FM NORMAL   198    LOWEST  SLP 29.65 ON 10

[REMARKS]
