000
CXUS53 KTOP 190800
CF6LWC
PRELIMINARY LOCAL CLIMATOLOGICAL DATA (WS FORM: F-6)

                                          STATION:   Lawrence KS
                                          MONTH:     JUNE
                                          YEAR:      2018
                                          LATITUDE:   39  0 N
                                          LONGITUDE:  95 13 W

  TEMPERATURE IN F:       :PCPN:    SNOW:  WIND      :SUNSHINE: SKY     :PK WND
================================================================================
1   2   3   4   5  6A  6B    7    8   9   10  11  12  13   14  15   16   17  18
                                     12Z  AVG MX 2MIN
DY MAX MIN AVG DEP HDD CDD  WTR  SNW DPTH SPD SPD DIR MIN PSBL S-S WX    SPD DR
================================================================================

 1  95  65  80  10   0  15 0.00    M    M  8.1 20 140   M    M   0 1      26 140
 2  85  56  71   1   0   6 0.19    M    M 10.4 46 360   M    M   3 13     63 360
 3  86  53  70  -1   0   5 0.00    M    M  6.9 20 320   M    M   0        27 340
 4  85  54  70  -1   0   5 0.00    M    M  5.3 15 160   M    M   0        23 120
 5  91  54  73   2   0   8 0.00    M    M  5.0 13 160   M    M   0        18 170
 6  96  63  80   8   0  15 0.00    M    M  6.3 26  50   M    M   1        36  50
 7  88  66  77   5   0  12 0.00    M    M  5.7 20  60   M    M   2        27  40
 8  96  64  80   8   0  15 0.00    M    M  5.7 15 160   M    M   1        20 150
 9  97  69  83  11   0  18 0.00    M    M  9.7 23 220   M    M   1 1      31 190
10 100  74  87  14   0  22 0.00    M    M 10.8 23 200   M    M   0        30 210
11 100  68  84  11   0  19 0.64    M    M 10.5 32  40   M    M   0 13     47  20
12  92  69  81   8   0  16 0.00    M    M  6.3 15 220   M    M   3 3      22 260
13  84  70  77   3   0  12 0.00    M    M  7.9 15  90   M    M   3        21  50
14  99  69  84  10   0  19 0.00    M    M 10.4 24 200   M    M   0        33 200
15  98  73  86  12   0  21 0.00    M    M 10.9 22 170   M    M   0        34 170
16  98  72  85  11   0  20 0.00    M    M 12.2 25 200   M    M   0        32 190
17  97  73  85  11   0  20 0.00    M    M 10.3 23 200   M    M   0        31 180
18  97  73  85  10   0  20 0.00  0.0    0  9.8 21 200   M    M   1        29 180
================================================================================
SM 1684 1185         0 268  0.83     0.0 152.2          M       15
================================================================================
AV 93.6 65.8                               8.5 FASTST   M    M   1    MAX(MPH)
                                 MISC ---->  # 46 360               # 63  360
================================================================================
NOTES:
# LAST OF SEVERAL OCCURRENCES

COLUMN 17 PEAK WIND IN M.P.H.

PRELIMINARY LOCAL CLIMATOLOGICAL DATA (WS FORM: F-6) , PAGE 2

                                          STATION:  Lawrence KS
                                          MONTH:    JUNE
                                          YEAR:     2018
                                          LATITUDE:   39  0 N
                                          LONGITUDE:  95 13 W

[TEMPERATURE DATA]      [PRECIPITATION DATA]       SYMBOLS USED IN COLUMN 16

AVERAGE MONTHLY: 79.7   TOTAL FOR MONTH:   0.83    1 = FOG OR MIST
DPTR FM NORMAL:   7.2   DPTR FM NORMAL:   -2.80    2 = FOG REDUCING VISIBILITY
HIGHEST:   100 ON 11,10 GRTST 24HR  0.64 ON 11-11      TO 1/4 MILE OR LESS
LOWEST:     53 ON  3                               3 = THUNDER
                        SNOW, ICE PELLETS, HAIL    4 = ICE PELLETS
                        TOTAL MONTH:   0.0 INCH    5 = HAIL
                        GRTST 24HR     0.0         6 = FREEZING RAIN OR DRIZZLE
                        GRTST DEPTH:   0           7 = DUSTSTORM OR SANDSTORM:
                                                       VSBY 1/2 MILE OR LESS
                                                   8 = SMOKE OR HAZE
[NO. OF DAYS WITH]      [WEATHER - DAYS WITH]      9 = BLOWING SNOW
                                                   X = TORNADO
MAX 32 OR BELOW:   0    0.01 INCH OR MORE:   2
MAX 90 OR ABOVE:  13    0.10 INCH OR MORE:   2
MIN 32 OR BELOW:   0    0.50 INCH OR MORE:   1
MIN  0 OR BELOW:   0    1.00 INCH OR MORE:   0

[HDD (BASE 65) ]
TOTAL THIS MO.     0    CLEAR  (SCALE 0-3)  17
DPTR FM NORMAL    -6    PTCLDY (SCALE 4-7)   1
TOTAL FM JUL 1  5090    CLOUDY (SCALE 8-10)  0
DPTR FM NORMAL     0

[CDD (BASE 65) ]
TOTAL THIS MO.   268
DPTR FM NORMAL   125    [PRESSURE DATA]
TOTAL FM JAN 1   556    HIGHEST SLP M ON M
DPTR FM NORMAL   294    LOWEST  SLP 29.63 ON 10

[REMARKS]
