000
CXUS53 KTOP 220800
CF6LWC
PRELIMINARY LOCAL CLIMATOLOGICAL DATA (WS FORM: F-6)

                                          STATION:   Lawrence KS
                                          MONTH:     FEBRUARY
                                          YEAR:      2018
                                          LATITUDE:   39  0 N
                                          LONGITUDE:  95 13 W

  TEMPERATURE IN F:       :PCPN:    SNOW:  WIND      :SUNSHINE: SKY     :PK WND
================================================================================
1   2   3   4   5  6A  6B    7    8   9   10  11  12  13   14  15   16   17  18
                                     12Z  AVG MX 2MIN
DY MAX MIN AVG DEP HDD CDD  WTR  SNW DPTH SPD SPD DIR MIN PSBL S-S WX    SPD DR
================================================================================

 1  42  12  27  -4  38   0 0.00    M    M 12.3 25 340   M    M   5        34 330
 2  37   7  22  -9  43   0 0.00    M    M  6.2 16 150   M    M   0 18     21 150
 3  52  27  40   9  25   0 0.00    M    M 10.5 26 190   M    M   3        32 190
 4  38  -7  16 -15  49   0 0.01    M    M 15.3 28 310   M    M   5 128    35 340
 5  24  -8   8 -24  57   0 0.00    M    M  6.2 14 130   M    M   3        17 140
 6  21   9  15 -17  50   0 0.00    M    M  7.2 13 340   M    M   7        16  10
 7  32   6  19 -13  46   0 0.00    M    M  5.2 12 320   M    M   1 18     14 320
 8  55  17  36   4  29   0 0.00    M    M  7.4 18 170   M    M   1 1      25 170
 9  47  19  33   1  32   0 0.00    M    M 11.5 20 350   M    M   4 18     28 360
10  23  13  18 -15  47   0 0.00    M    M 11.6 18 340   M    M  10 18     24 360
11  35  11  23 -10  42   0    T    M    M  6.5 16 330   M    M   3 18     22 320
12  38  10  24  -9  41   0 0.00    M    M  7.4 17  70   M    M   0        21  70
13  51  27  39   5  26   0 0.00    M    M  9.9 21 150   M    M   4        27 160
14  62  30  46  12  19   0 0.00    M    M  8.6 20 200   M    M   3 1      25 220
15  65  37  51  17  14   0 0.00    M    M 13.3 31 340   M    M   2        39 340
16  38  23  31  -3  34   0    T    M    M  9.1 25 330   M    M   3        33 340
17  57  23  40   5  25   0 0.03    M    M  7.4 21 320   M    M   4 16     27 310
18  57  22  40   5  25   0 0.00    M    M 15.9 31 160   M    M   3        39 140
19  67  30  49  14  16   0 0.01    M    M 13.3 26 180   M    M  10 16     34 170
20  31  20  26 -10  39   0 0.79    M    M 13.4 25 310   M    M   9 136    30 330
21  28  15  22 -14  43   0    T    M    M 10.0 20 330   M    M   4 1      23 330
================================================================================
SM  900  343       740   0  0.84    M    208.2          M       84
================================================================================
AV 42.9 16.3                               9.9 FASTST   M    M   4    MAX(MPH)
                                 MISC ---->  # 31 340               # 39  340
================================================================================
NOTES:
# LAST OF SEVERAL OCCURRENCES

COLUMN 17 PEAK WIND IN M.P.H.

PRELIMINARY LOCAL CLIMATOLOGICAL DATA (WS FORM: F-6) , PAGE 2

                                          STATION:  Lawrence KS
                                          MONTH:    FEBRUARY
                                          YEAR:     2018
                                          LATITUDE:   39  0 N
                                          LONGITUDE:  95 13 W

[TEMPERATURE DATA]      [PRECIPITATION DATA]       SYMBOLS USED IN COLUMN 16

AVERAGE MONTHLY: 29.6   TOTAL FOR MONTH:   0.84    1 = FOG OR MIST
DPTR FM NORMAL:  -3.5   DPTR FM NORMAL:   -0.13    2 = FOG REDUCING VISIBILITY
HIGHEST:    67 ON 19    GRTST 24HR  0.79 ON 20-20      TO 1/4 MILE OR LESS
LOWEST:     -8 ON  5                               3 = THUNDER
                        SNOW, ICE PELLETS, HAIL    4 = ICE PELLETS
                        TOTAL MONTH:    M          5 = HAIL
                        GRTST 24HR    M  ON   M    6 = FREEZING RAIN OR DRIZZLE
                        GRTST DEPTH:  M  ON   M    7 = DUSTSTORM OR SANDSTORM:
                                                       VSBY 1/2 MILE OR LESS
                                                   8 = SMOKE OR HAZE
[NO. OF DAYS WITH]      [WEATHER - DAYS WITH]      9 = BLOWING SNOW
                                                   X = TORNADO
MAX 32 OR BELOW:   6    0.01 INCH OR MORE:   4
MAX 90 OR ABOVE:   0    0.10 INCH OR MORE:   1
MIN 32 OR BELOW:  20    0.50 INCH OR MORE:   1
MIN  0 OR BELOW:   2    1.00 INCH OR MORE:   0

[HDD (BASE 65) ]
TOTAL THIS MO.   740    CLEAR  (SCALE 0-3)   9
DPTR FM NORMAL    70    PTCLDY (SCALE 4-7)   9
TOTAL FM JUL 1  3770    CLOUDY (SCALE 8-10)  3
DPTR FM NORMAL   -51

[CDD (BASE 65) ]
TOTAL THIS MO.     0
DPTR FM NORMAL     0    [PRESSURE DATA]
TOTAL FM JAN 1     0    HIGHEST SLP M ON M
DPTR FM NORMAL     0    LOWEST  SLP 29.54 ON 19

[REMARKS]
