000
CXUS53 KDMX 210920
CF6LWD
PRELIMINARY LOCAL CLIMATOLOGICAL DATA (WS FORM: F-6)

                                          STATION:   LAMONI IA
                                          MONTH:     SEPTEMBER
                                          YEAR:      2018
                                          LATITUDE:   40 37 N
                                          LONGITUDE:  93 56 W

  TEMPERATURE IN F:       :PCPN:    SNOW:  WIND      :SUNSHINE: SKY     :PK WND
================================================================================
1   2   3   4   5  6A  6B    7    8   9   10  11  12  13   14  15   16   17  18
                                     12Z  AVG MX 2MIN
DY MAX MIN AVG DEP HDD CDD  WTR  SNW DPTH SPD SPD DIR MIN PSBL S-S WX    SPD DR
================================================================================

 1  88  67  78   7   0  13 2.13  0.0    0  8.8 24  30   M    M   4 13     35  40
 2  81  69  75   5   0  10 0.03  0.0    0  6.7 18 190   M    M   3 13     28 180
 3  86  68  77   7   0  12 0.07  0.0    0  6.4 18 200   M    M   6 13     26 200
 4  85  71  78   8   0  13 0.25  0.0    0 10.2 21 180   M    M   4 1      30 180
 5  75  68  72   3   0   7 2.41  0.0    0  9.2 20 220   M    M   9 12     28  60
 6  70  65  68  -1   0   3 0.05  0.0    0 10.6 17  50   M    M  10 1      26  50
 7  65  60  63  -6   2   0 0.32  0.0    0 10.6 18  40   M    M  10 1      26  10
 8  72  55  64  -4   1   0    T  0.0    0  8.6 16  50   M    M   5        26  50
 9  74  52  63  -5   2   0 0.00  0.0    0  4.5 10  50   M    M   1        15  30
10  77  52  65  -3   0   0 0.00  0.0    0  3.1  9 170   M    M   0 1      14 210
11  80  57  69   2   0   4 0.00  0.0    0  9.1 18 180   M    M   0        28 170
12  79  60  70   3   0   5 0.00  0.0    0  7.5 16 170   M    M   1        25 170
13  83  62  73   7   0   8 0.00  0.0    0  8.5 17 170   M    M   3        25 150
14  87  69  78  12   0  13 0.00  0.0    0  7.0 15 210   M    M   3        19 190
15  90  69  80  15   0  15 0.00  0.0    0  3.8  9 180   M    M   0        14 180
16  87  65  76  11   0  11 0.00  0.0    0  4.8 10 180   M    M   1        15 180
17  89  68  79  14   0  14 0.00  0.0    0  6.9 14 210   M    M   2        19 190
18  90  66  78  14   0  13 0.63  0.0    0  8.5 25  40   M    M   4 13     41  60
19  90  67  79  15   0  14 0.00  0.0    0  6.5 13 190   M    M   5 12     20 150
20  91  68  80  17   0  15 0.14  0.0    0 13.4 29 280   M    M   1 13     45 270
================================================================================
SM 1639 1278         5 170  6.03     0.0 154.7          M       72
================================================================================
AV 82.0 63.9                               7.7 FASTST   M    M   4    MAX(MPH)
                                 MISC ---->  # 29 280               # 45  270
================================================================================
NOTES:
# LAST OF SEVERAL OCCURRENCES

COLUMN 17 PEAK WIND IN M.P.H.

PRELIMINARY LOCAL CLIMATOLOGICAL DATA (WS FORM: F-6) , PAGE 2

                                          STATION:  LAMONI IA
                                          MONTH:    SEPTEMBER
                                          YEAR:     2018
                                          LATITUDE:   40 37 N
                                          LONGITUDE:  93 56 W

[TEMPERATURE DATA]      [PRECIPITATION DATA]       SYMBOLS USED IN COLUMN 16

AVERAGE MONTHLY: 72.9   TOTAL FOR MONTH:   6.03    1 = FOG OR MIST
DPTR FM NORMAL:   5.7   DPTR FM NORMAL:    3.51    2 = FOG REDUCING VISIBILITY
HIGHEST:    91 ON 20    GRTST 24HR  2.41 ON  5- 5      TO 1/4 MILE OR LESS
LOWEST:     52 ON 10, 9                            3 = THUNDER
                        SNOW, ICE PELLETS, HAIL    4 = ICE PELLETS
                        TOTAL MONTH:   0.0 INCH    5 = HAIL
                        GRTST 24HR     0.0         6 = FREEZING RAIN OR DRIZZLE
                        GRTST DEPTH:   0           7 = DUSTSTORM OR SANDSTORM:
                                                       VSBY 1/2 MILE OR LESS
                                                   8 = SMOKE OR HAZE
[NO. OF DAYS WITH]      [WEATHER - DAYS WITH]      9 = BLOWING SNOW
                                                   X = TORNADO
MAX 32 OR BELOW:   0    0.01 INCH OR MORE:   9
MAX 90 OR ABOVE:   4    0.10 INCH OR MORE:   6
MIN 32 OR BELOW:   0    0.50 INCH OR MORE:   3
MIN  0 OR BELOW:   0    1.00 INCH OR MORE:   2

[HDD (BASE 65) ]
TOTAL THIS MO.     5    CLEAR  (SCALE 0-3)  11
DPTR FM NORMAL   -32    PTCLDY (SCALE 4-7)   6
TOTAL FM JUL 1     5    CLOUDY (SCALE 8-10)  3
DPTR FM NORMAL   -40

[CDD (BASE 65) ]
TOTAL THIS MO.   170
DPTR FM NORMAL    92    [PRESSURE DATA]
TOTAL FM JAN 1  1391    HIGHEST SLP M ON M
DPTR FM NORMAL   475    LOWEST  SLP 29.60 ON 20

[REMARKS]
