000
CXUS53 KDMX 160920
CF6LWD
PRELIMINARY LOCAL CLIMATOLOGICAL DATA (WS FORM: F-6)

                                          STATION:   LAMONI IA
                                          MONTH:     DECEMBER
                                          YEAR:      2018
                                          LATITUDE:   40 37 N
                                          LONGITUDE:  93 56 W

  TEMPERATURE IN F:       :PCPN:    SNOW:  WIND      :SUNSHINE: SKY     :PK WND
================================================================================
1   2   3   4   5  6A  6B    7    8   9   10  11  12  13   14  15   16   17  18
                                     12Z  AVG MX 2MIN
DY MAX MIN AVG DEP HDD CDD  WTR  SNW DPTH SPD SPD DIR MIN PSBL S-S WX    SPD DR
================================================================================

 1  39  34  37   5  28   0 1.33    M    M 11.7 23  60   M    M  10 12     33  60
 2  37  30  34   3  31   0 0.10    M    M 12.3 18 320   M    M  10 1      27 320
 3  30  27  29  -2  36   0    T    M    M 10.7 17 350   M    M  10        23 360
 4  27  24  26  -4  39   0    T    M    M  9.1 15 270   M    M  10 1      19 260
 5  40  21  31   1  34   0 0.00  0.0    M  8.6 16 220   M    M   1        21 230
 6  32  15  24  -6  41   0 0.00  0.0    0 10.7 18 350   M    M   5        24 350
 7  30  12  21  -8  44   0 0.00  0.0    0  4.7 10 180   M    M   1        13 160
 8  33  17  25  -4  40   0 0.00  0.0    0  4.6 12 140   M    M   0        17 140
 9  34  13  24  -4  41   0 0.00  0.0    0  3.8  9 210   M    M   0        14 210
10  38  16  27  -1  38   0 0.00  0.0    0  7.0 14 220   M    M   0 1      20 230
11  48  22  35   7  30   0 0.00  0.0    0 10.6 17 280   M    M   0        22 210
12  47  27  37  10  28   0 0.00  0.0    0  9.9 21 280   M    M   2 12     25 280
13  41  32  37  10  28   0 0.04    M    M  8.6 18 360   M    M  10 18     24 360
14  45  28  37  10  28   0 0.00  0.0    0  8.6 17 360   M    M   5 1      22  30
15  53  27  40  13  25   0 0.00  0.0    0  4.6  9 190   M    M   0        12 190
================================================================================
SM  574  345       511   0  1.47     0.0 125.5          M       64
================================================================================
AV 38.3 23.0                               8.4 FASTST   M    M   4    MAX(MPH)
                                 MISC ---->  # 23  60               # 33   60
================================================================================
NOTES:
# LAST OF SEVERAL OCCURRENCES

COLUMN 17 PEAK WIND IN M.P.H.

PRELIMINARY LOCAL CLIMATOLOGICAL DATA (WS FORM: F-6) , PAGE 2

                                          STATION:  LAMONI IA
                                          MONTH:    DECEMBER
                                          YEAR:     2018
                                          LATITUDE:   40 37 N
                                          LONGITUDE:  93 56 W

[TEMPERATURE DATA]      [PRECIPITATION DATA]       SYMBOLS USED IN COLUMN 16

AVERAGE MONTHLY: 30.6   TOTAL FOR MONTH:   1.47    1 = FOG OR MIST
DPTR FM NORMAL:   1.7   DPTR FM NORMAL:    0.69    2 = FOG REDUCING VISIBILITY
HIGHEST:    53 ON 15    GRTST 24HR  1.33 ON  1- 1      TO 1/4 MILE OR LESS
LOWEST:     12 ON  7                               3 = THUNDER
                        SNOW, ICE PELLETS, HAIL    4 = ICE PELLETS
                        TOTAL MONTH:   0.0 INCH    5 = HAIL
                        GRTST 24HR     0.0         6 = FREEZING RAIN OR DRIZZLE
                        GRTST DEPTH:   0           7 = DUSTSTORM OR SANDSTORM:
                                                       VSBY 1/2 MILE OR LESS
                                                   8 = SMOKE OR HAZE
[NO. OF DAYS WITH]      [WEATHER - DAYS WITH]      9 = BLOWING SNOW
                                                   X = TORNADO
MAX 32 OR BELOW:   4    0.01 INCH OR MORE:   3
MAX 90 OR ABOVE:   0    0.10 INCH OR MORE:   2
MIN 32 OR BELOW:  14    0.50 INCH OR MORE:   1
MIN  0 OR BELOW:   0    1.00 INCH OR MORE:   1

[HDD (BASE 65) ]
TOTAL THIS MO.   511    CLEAR  (SCALE 0-3)   8
DPTR FM NORMAL   -31    PTCLDY (SCALE 4-7)   2
TOTAL FM JUL 1  1979    CLOUDY (SCALE 8-10)  5
DPTR FM NORMAL   189

[CDD (BASE 65) ]
TOTAL THIS MO.     0
DPTR FM NORMAL     0    [PRESSURE DATA]
TOTAL FM JAN 1  1408    HIGHEST SLP M ON M
DPTR FM NORMAL   462    LOWEST  SLP 29.23 ON  1

[REMARKS]
