000
CXUS53 KDMX 160920
CF6LWD
PRELIMINARY LOCAL CLIMATOLOGICAL DATA (WS FORM: F-6)

                                          STATION:   LAMONI IA
                                          MONTH:     OCTOBER
                                          YEAR:      2019
                                          LATITUDE:   40 37 N
                                          LONGITUDE:  93 56 W

  TEMPERATURE IN F:       :PCPN:    SNOW:  WIND      :SUNSHINE: SKY     :PK WND
================================================================================
1   2   3   4   5  6A  6B    7    8   9   10  11  12  13   14  15   16   17  18
                                     12Z  AVG MX 2MIN
DY MAX MIN AVG DEP HDD CDD  WTR  SNW DPTH SPD SPD DIR MIN PSBL S-S WX    SPD DR
================================================================================

 1  87  70  79  20   0  14 0.51  0.0    0 10.8 20 180   M    M   3 13     29 180
 2  73  53  63   5   2   0 0.59  0.0    0  8.2 20 320   M    M  10 13     27 320
 3  58  45  52  -6  13   0 0.00  0.0    0 10.0 18 320   M    M   5        26 320
 4  56  41  49  -9  16   0    T  0.0    0  6.4 13  60   M    M   2        19  80
 5  71  49  60   3   5   0 0.26  0.0    0 10.6 21 150   M    M   5 13     31 140
 6  63  45  54  -3  11   0 0.00  0.0    0  6.7 13 310   M    M   0        18 330
 7  70  45  58   2   7   0 0.00  0.0    0  7.2 13 230   M    M   0        18 240
 8  69  47  58   2   7   0 0.00  0.0    0  9.3 22 200   M    M   0        33 200
 9  63  50  57   1   8   0 0.06  0.0    0  8.8 21 170   M    M   4 13     30 180
10  67  39  53  -2  12   0 0.34  0.0    0 12.0 24 300   M    M  10 13     37 290
11  45  30  38 -17  27   0    T  0.0    0 15.7 28 280   M    M   8 1      37 290
12  61  28  45  -9  20   0 0.00  0.0    0 11.4 28 250   M    M   0        37 250
13  59  31  45  -9  20   0 0.00  0.0    0  9.4 23 280   M    M   0        32 290
14  65  33  49  -5  16   0 0.00  0.0    0  6.4 13 140   M    M   0        20 150
15  60  43  52  -1  13   0 0.00    M    0 14.5 26 310   M    M   3        38 310
================================================================================
SM  967  649       177  14  1.76     0.0 147.4          M       50
================================================================================
AV 64.5 43.3                               9.8 FASTST   M    M   3    MAX(MPH)
                                 MISC ---->  # 28 280               # 38  310
================================================================================
NOTES:
# LAST OF SEVERAL OCCURRENCES

COLUMN 17 PEAK WIND IN M.P.H.

PRELIMINARY LOCAL CLIMATOLOGICAL DATA (WS FORM: F-6) , PAGE 2

                                          STATION:  LAMONI IA
                                          MONTH:    OCTOBER
                                          YEAR:     2019
                                          LATITUDE:   40 37 N
                                          LONGITUDE:  93 56 W

[TEMPERATURE DATA]      [PRECIPITATION DATA]       SYMBOLS USED IN COLUMN 16

AVERAGE MONTHLY: 53.9   TOTAL FOR MONTH:   1.76    1 = FOG OR MIST
DPTR FM NORMAL:  -2.1   DPTR FM NORMAL:    0.54    2 = FOG REDUCING VISIBILITY
HIGHEST:    87 ON  1    GRTST 24HR  0.59 ON  2- 2      TO 1/4 MILE OR LESS
LOWEST:     28 ON 12                               3 = THUNDER
                        SNOW, ICE PELLETS, HAIL    4 = ICE PELLETS
                        TOTAL MONTH:   0.0 INCH    5 = HAIL
                        GRTST 24HR     0.0         6 = FREEZING RAIN OR DRIZZLE
                        GRTST DEPTH:   0           7 = DUSTSTORM OR SANDSTORM:
                                                       VSBY 1/2 MILE OR LESS
                                                   8 = SMOKE OR HAZE
[NO. OF DAYS WITH]      [WEATHER - DAYS WITH]      9 = BLOWING SNOW
                                                   X = TORNADO
MAX 32 OR BELOW:   0    0.01 INCH OR MORE:   5
MAX 90 OR ABOVE:   0    0.10 INCH OR MORE:   4
MIN 32 OR BELOW:   3    0.50 INCH OR MORE:   2
MIN  0 OR BELOW:   0    1.00 INCH OR MORE:   0

[HDD (BASE 65) ]
TOTAL THIS MO.   177    CLEAR  (SCALE 0-3)   9
DPTR FM NORMAL    32    PTCLDY (SCALE 4-7)   4
TOTAL FM JUL 1   189    CLOUDY (SCALE 8-10)  2
DPTR FM NORMAL   -56

[CDD (BASE 65) ]
TOTAL THIS MO.    14
DPTR FM NORMAL     3    [PRESSURE DATA]
TOTAL FM JAN 1  1140    HIGHEST SLP M ON M
DPTR FM NORMAL   196    LOWEST  SLP 29.69 ON 10

[REMARKS]
