000
CXUS53 KDMX 240920
CF6LWD
PRELIMINARY LOCAL CLIMATOLOGICAL DATA (WS FORM: F-6)

                                          STATION:   LAMONI IA
                                          MONTH:     JUNE
                                          YEAR:      2018
                                          LATITUDE:   40 37 N
                                          LONGITUDE:  93 56 W

  TEMPERATURE IN F:       :PCPN:    SNOW:  WIND      :SUNSHINE: SKY     :PK WND
================================================================================
1   2   3   4   5  6A  6B    7    8   9   10  11  12  13   14  15   16   17  18
                                     12Z  AVG MX 2MIN
DY MAX MIN AVG DEP HDD CDD  WTR  SNW DPTH SPD SPD DIR MIN PSBL S-S WX    SPD DR
================================================================================

 1  92  66  79  12   0  14 0.00  0.0    0  5.4 10 180   M    M   0        14 300
 2  80  60  70   3   0   5 2.43  0.0    0 12.9 35 340   M    M   4 138    48 330
 3  80  56  68   1   0   3 0.00  0.0    0 12.0 26 300   M    M   0        38 300
 4  80  53  67  -1   0   2 0.00  0.0    0  7.1 14 220   M    M   0        19 220
 5  87  58  73   5   0   8 0.00  0.0    0  8.1 15 230   M    M   0        22 200
 6  90  65  78  10   0  13 0.17  0.0    0 10.4 31  40   M    M   0 138    43  50
 7  85  64  75   7   0  10 0.00  0.0    0  6.2 20 210   M    M   1        29 240
 8  88  68  78   9   0  13 0.00  0.0    0  5.6 13 140   M    M   0        19 140
 9  90  69  80  11   0  15 0.00  0.0    0  8.6 15 150   M    M   1        21 270
10  89  72  81  11   0  16 0.00  0.0    0  5.9 24 350   M    M   4 3      32 350
11  87  62  75   5   0  10 2.21  0.0    0  7.8 46 350   M    M   3 13     67 350
12  85  66  76   6   0  11 0.01  0.0    0  4.7 18  90   M    M   2 3      30  90
13  79  64  72   2   0   7 0.00  0.0    0  7.0 16  10   M    M   1        23 360
14  82  66  74   3   0   9 0.00  0.0    0 10.1 33  10   M    M   1        48  10
15  92  70  81  10   0  16 0.00  0.0    0 11.5 21 200   M    M   0        30 200
16  92  73  83  12   0  18 0.00  0.0    0 11.0 20 180   M    M   0        28 170
17  92  74  83  11   0  18 0.00  0.0    0 11.9 23 210   M    M   0        29 200
18  92  73  83  11   0  18 0.00  0.0    0 10.4 20 190   M    M   1        28 170
19  81  71  76   4   0  11 0.37  0.0    0  7.6 24 330   M    M   3 13     33 330
20  83  64  74   2   0   9 0.00  0.0    0  9.3 24 260   M    M   5 13     34 270
21  73  61  67  -5   0   2 0.01  0.0    0  8.6 18  10   M    M   9 18     25  30
22  72  60  66  -7   0   1 0.00  0.0    0  6.7 16 360   M    M  10 1      22 330
23  76  61  69  -4   0   4 0.00  0.0    0  3.3 10 250   M    M   3 1      15 210
================================================================================
SM 1947 1496         0 233  5.20     0.0 192.1          M       48
================================================================================
AV 84.7 65.0                               8.4 FASTST   M    M   2    MAX(MPH)
                                 MISC ---->  # 46 350               # 67  350
================================================================================
NOTES:
# LAST OF SEVERAL OCCURRENCES

COLUMN 17 PEAK WIND IN M.P.H.

PRELIMINARY LOCAL CLIMATOLOGICAL DATA (WS FORM: F-6) , PAGE 2

                                          STATION:  LAMONI IA
                                          MONTH:    JUNE
                                          YEAR:     2018
                                          LATITUDE:   40 37 N
                                          LONGITUDE:  93 56 W

[TEMPERATURE DATA]      [PRECIPITATION DATA]       SYMBOLS USED IN COLUMN 16

AVERAGE MONTHLY: 74.9   TOTAL FOR MONTH:   5.20    1 = FOG OR MIST
DPTR FM NORMAL:   4.8   DPTR FM NORMAL:    1.17    2 = FOG REDUCING VISIBILITY
HIGHEST:    92 ON 18,17 GRTST 24HR  2.43 ON  2- 2      TO 1/4 MILE OR LESS
LOWEST:     53 ON  4                               3 = THUNDER
                        SNOW, ICE PELLETS, HAIL    4 = ICE PELLETS
                        TOTAL MONTH:   0.0 INCH    5 = HAIL
                        GRTST 24HR     0.0         6 = FREEZING RAIN OR DRIZZLE
                        GRTST DEPTH:   0           7 = DUSTSTORM OR SANDSTORM:
                                                       VSBY 1/2 MILE OR LESS
                                                   8 = SMOKE OR HAZE
[NO. OF DAYS WITH]      [WEATHER - DAYS WITH]      9 = BLOWING SNOW
                                                   X = TORNADO
MAX 32 OR BELOW:   0    0.01 INCH OR MORE:   6
MAX 90 OR ABOVE:   7    0.10 INCH OR MORE:   4
MIN 32 OR BELOW:   0    0.50 INCH OR MORE:   2
MIN  0 OR BELOW:   0    1.00 INCH OR MORE:   2

[HDD (BASE 65) ]
TOTAL THIS MO.     0    CLEAR  (SCALE 0-3)  15
DPTR FM NORMAL   -16    PTCLDY (SCALE 4-7)   6
TOTAL FM JUL 1  5958    CLOUDY (SCALE 8-10)  2
DPTR FM NORMAL  -118

[CDD (BASE 65) ]
TOTAL THIS MO.   233
DPTR FM NORMAL   101    [PRESSURE DATA]
TOTAL FM JAN 1   433    HIGHEST SLP M ON M
DPTR FM NORMAL   247    LOWEST  SLP 29.62 ON 12

[REMARKS]
