000
CXUS56 KTFX 231050
CF6LWT
PRELIMINARY LOCAL CLIMATOLOGICAL DATA (WS FORM: F-6)

                                          STATION:   LEWISTOWN MT
                                          MONTH:     OCTOBER
                                          YEAR:      2019
                                          LATITUDE:   47  2 N
                                          LONGITUDE: 109 28 W

  TEMPERATURE IN F:       :PCPN:    SNOW:  WIND      :SUNSHINE: SKY     :PK WND
================================================================================
1   2   3   4   5  6A  6B    7    8   9   10  11  12  13   14  15   16   17  18
                                     12Z  AVG MX 2MIN
DY MAX MIN AVG DEP HDD CDD  WTR  SNW DPTH SPD SPD DIR MIN PSBL S-S WX    SPD DR
================================================================================

 1  37  23  30 -19  35   0 0.00    M    4  6.2 14 110   M    M   9        17 110
 2  46  31  39  -9  26   0 0.06    M    2  5.4 12 110   M    M   7 12     14 120
 3  59  26  43  -5  22   0 0.00    M    T  7.8 17 220   M    M   0        23 230
 4  51  29  40  -8  25   0 0.01    M    0  5.8 13 240   M    M   4        17 310
 5  52  34  43  -5  22   0 0.00    M    0 13.2 29 270   M    M   5        34 300
 6  56  35  46  -1  19   0 0.00    M    0 12.3 23 270   M    M   1        34 300
 7  64  33  49   2  16   0 0.00    M    0 17.4 35 240   M    M   1        41 250
 8  68  24  46   0  19   0 0.17    M    0 16.0 31 260   M    M   5 1      39 230
 9  24  17  21 -25  44   0 0.34    M   11  8.7 15  10   M    M  10 12     22  10
10  24   3  14 -32  51   0 0.00  0.0    8  5.8 14 230   M    M   2 1      15 230
11  35  10  23 -22  42   0 0.00  0.0    5  5.8 13 230   M    M   0        19 290
12  49  16  33 -12  32   0 0.00  0.0    4  4.1  9 130   M    M   0         9 130
13  58  25  42  -3  23   0 0.00  0.0    2  4.6  8 130   M    M   1         9 120
14  46  34  40  -4  25   0 0.01  0.0    0  9.8 22 300   M    M   9        31 300
15  54  25  40  -4  25   0 0.00  0.0    0  5.9 13 250   M    M   2        16 280
16  70  44  57  13   8   0 0.00  0.0    0 10.8 23 250   M    M   2        27 250
17  62  40  51   8  14   0 0.01  0.0    0  6.5 21 300   M    M   3        26 290
18  53  32  43   0  22   0 0.00  0.0    0 16.4 37 270   M    M   2        44 270
19  53  29  41  -2  24   0 0.00  0.0    0  9.9 22 220   M    M   3        27 220
20  47  28  38  -4  27   0    T  0.0    0  6.7 18 300   M    M   8        25 310
21  45  24  35  -7  30   0    T  0.0    0  6.2 16 290   M    M   7        23 290
22  59  33  46   4  19   0 0.15  0.0    0 15.0 38 280   M    M   6 3      50 280
================================================================================
SM 1112  595       570   0  0.75  0.0    200.3          M       87
================================================================================
AV 50.5 27.0                               9.1 FASTST   M    M   4    MAX(MPH)
                                 MISC ---->    38 280                 50 280
================================================================================
NOTES:
# LAST OF SEVERAL OCCURRENCES

COLUMN 17 PEAK WIND IN M.P.H.

PRELIMINARY LOCAL CLIMATOLOGICAL DATA (WS FORM: F-6) , PAGE 2

                                          STATION:   LEWISTOWN MT
                                          MONTH:     OCTOBER
                                          YEAR:      2019
                                          LATITUDE:   47  2 N
                                          LONGITUDE: 109 28 W

[TEMPERATURE DATA]      [PRECIPITATION DATA]       SYMBOLS USED IN COLUMN 16

AVERAGE MONTHLY: 38.8   TOTAL FOR MONTH:   0.75    1 = FOG OR MIST
DPTR FM NORMAL:  -6.4   DPTR FM NORMAL:   -0.12    2 = FOG REDUCING VISIBILITY
HIGHEST:    70 ON 16    GRTST 24HR  0.51 ON  8- 9      TO 1/4 MILE OR LESS
LOWEST:      3 ON 10                               3 = THUNDER
                        SNOW, ICE PELLETS, HAIL    4 = ICE PELLETS
                        TOTAL MONTH:   0.0 INCH    5 = HAIL
                        GRTST 24HR  0.0            6 = FREEZING RAIN OR DRIZZLE
                        GRTST DEPTH:  11 ON  9     7 = DUSTSTORM OR SANDSTORM:
                                                       VSBY 1/2 MILE OR LESS
                                                   8 = SMOKE OR HAZE
[NO. OF DAYS WITH]      [WEATHER - DAYS WITH]      9 = BLOWING SNOW
                                                   X = TORNADO
MAX 32 OR BELOW:   2    0.01 INCH OR MORE:   7
MAX 90 OR ABOVE:   0    0.10 INCH OR MORE:   3
MIN 32 OR BELOW:  15    0.50 INCH OR MORE:   0
MIN  0 OR BELOW:   0    1.00 INCH OR MORE:   0

[HDD (BASE 65) ]
TOTAL THIS MO.   570    CLEAR  (SCALE 0-3)  11
DPTR FM NORMAL   135    PTCLDY (SCALE 4-7)   8
TOTAL FM JUL 1  1075    CLOUDY (SCALE 8-10)  3
DPTR FM NORMAL   163

[CDD (BASE 65) ]
TOTAL THIS MO.     0
DPTR FM NORMAL     0    [PRESSURE DATA]
TOTAL FM JAN 1   148    HIGHEST SLP M ON M
DPTR FM NORMAL   -62    LOWEST  SLP 29.41 ON 17

[REMARKS]
