000
CXUS56 KTFX 222242
CF6LWT
PRELIMINARY LOCAL CLIMATOLOGICAL DATA (WS FORM: F-6)

                                          STATION:   LEWISTOWN MT
                                          MONTH:     JANUARY
                                          YEAR:      2019
                                          LATITUDE:   47  2 N
                                          LONGITUDE: 109 28 W

  TEMPERATURE IN F:       :PCPN:    SNOW:  WIND      :SUNSHINE: SKY     :PK WND
================================================================================
1   2   3   4   5  6A  6B    7    8   9   10  11  12  13   14  15   16   17  18
                                     12Z  AVG MX 2MIN
DY MAX MIN AVG DEP HDD CDD  WTR  SNW DPTH SPD SPD DIR MIN PSBL S-S WX    SPD DR
================================================================================

 1  29  -8  11 -12  54   0 0.00    M    M  5.9 15 230   M    M   1        17 230
 2  43  20  32   9  33   0 0.00    M    M 14.3 23 230   M    M   1        27 230
 3  49  38  44  21  21   0 0.00    M    M 22.7 38 240   M    M   0        49 240
 4  50  28  39  16  26   0 0.00    M    M 17.9 37 240   M    M   0        47 240
 5  52  26  39  16  26   0 0.00    M    M  7.7 14  90   M    M   0        18 100
 6  49  27  38  15  27   0 0.00    M    M 18.8 33 260   M    M   4        43 210
 7  35  23  29   6  36   0    T    M    M 13.5 31 280   M    M   5 18     39 300
 8  27  13  20  -3  45   0 0.00    M    M 10.0 21 260   M    M   1        25 260
 9  56  19  38  15  27   0 0.01    M    M 11.8 23 230   M    M   3        28 230
10  52  27  40  17  25   0 0.00    M    M 11.2 21 240   M    M   1        25 230
11  47  20  34  11  31   0 0.00    M    M  4.4 13 250   M    M   0        13 250
12  54  17  36  13  29   0 0.00    M    0  4.5  9 180   M    M   0        10 120
13  54  18  36  12  29   0 0.00    M    0  4.9  9 140   M    M   0        10 150
14  51  17  34  10  31   0 0.00    M    0  4.7 14 230   M    M   0 8      14 240
15  42  14  28   4  37   0 0.00    M    0  7.1 16  90   M    M   1        20  90
16  42  15  29   5  36   0 0.00    M    0  4.3 10 140   M    M   0 18     12  40
17  20  14  17  -7  48   0 0.03    M    0  7.2 16 100   M    M  10 12     20 100
18  25  13  19  -5  46   0 0.03    M    M  2.1 13 230   M    M   7 1      13 250
19  43  15  29   5  36   0 0.00    M    M 10.1 22 230   M    M   3        28 230
20  39  25  32   8  33   0    T    M    M  9.2 25 100   M    M   6 1      32 100
21  30  12  21  -3  44   0 0.20    M    M  8.3 16 310   M    M  10 1      23 300
================================================================================
SM  889  393       720   0  0.27    M    200.6          M       53
================================================================================
AV 42.3 18.7                               9.6 FASTST   M    M   3    MAX(MPH)
                                 MISC ---->  # 38 240               # 49  240
================================================================================
NOTES:
# LAST OF SEVERAL OCCURRENCES

COLUMN 17 PEAK WIND IN M.P.H.

PRELIMINARY LOCAL CLIMATOLOGICAL DATA (WS FORM: F-6) , PAGE 2

                                          STATION:  LEWISTOWN MT
                                          MONTH:    JANUARY
                                          YEAR:     2019
                                          LATITUDE:   47  2 N
                                          LONGITUDE: 109 28 W

[TEMPERATURE DATA]      [PRECIPITATION DATA]       SYMBOLS USED IN COLUMN 16

AVERAGE MONTHLY: 30.5   TOTAL FOR MONTH:   0.27    1 = FOG OR MIST
DPTR FM NORMAL:   7.1   DPTR FM NORMAL:   -0.13    2 = FOG REDUCING VISIBILITY
HIGHEST:    56 ON  9    GRTST 24HR  0.20 ON 21-21      TO 1/4 MILE OR LESS
LOWEST:     -8 ON  1                               3 = THUNDER
                        SNOW, ICE PELLETS, HAIL    4 = ICE PELLETS
                        TOTAL MONTH:    M          5 = HAIL
                        GRTST 24HR    M  ON   M    6 = FREEZING RAIN OR DRIZZLE
                        GRTST DEPTH:   0           7 = DUSTSTORM OR SANDSTORM:
                                                       VSBY 1/2 MILE OR LESS
                                                   8 = SMOKE OR HAZE
[NO. OF DAYS WITH]      [WEATHER - DAYS WITH]      9 = BLOWING SNOW
                                                   X = TORNADO
MAX 32 OR BELOW:   5    0.01 INCH OR MORE:   4
MAX 90 OR ABOVE:   0    0.10 INCH OR MORE:   1
MIN 32 OR BELOW:  20    0.50 INCH OR MORE:   0
MIN  0 OR BELOW:   1    1.00 INCH OR MORE:   0

[HDD (BASE 65) ]
TOTAL THIS MO.   720    CLEAR  (SCALE 0-3)  15
DPTR FM NORMAL  -153    PTCLDY (SCALE 4-7)   4
TOTAL FM JUL 1  4153    CLOUDY (SCALE 8-10)  2
DPTR FM NORMAL  -142

[CDD (BASE 65) ]
TOTAL THIS MO.     0
DPTR FM NORMAL     0    [PRESSURE DATA]
TOTAL FM JAN 1     0    HIGHEST SLP M ON M
DPTR FM NORMAL     0    LOWEST  SLP 29.49 ON  6

[REMARKS]
