000
CXUS56 KTFX 181205
CF6LWT
PRELIMINARY LOCAL CLIMATOLOGICAL DATA (WS FORM: F-6)

                                          STATION:   LEWISTOWN MT
                                          MONTH:     JULY
                                          YEAR:      2018
                                          LATITUDE:   47  2 N
                                          LONGITUDE: 109 28 W

  TEMPERATURE IN F:       :PCPN:    SNOW:  WIND      :SUNSHINE: SKY     :PK WND
================================================================================
1   2   3   4   5  6A  6B    7    8   9   10  11  12  13   14  15   16   17  18
                                     12Z  AVG MX 2MIN
DY MAX MIN AVG DEP HDD CDD  WTR  SNW DPTH SPD SPD DIR MIN PSBL S-S WX    SPD DR
================================================================================

 1  71  48  60  -2   5   0 0.01    M    0 10.3 21 280   M    M   3        29 320
 2  72  48  60  -2   5   0    T    M    0  8.2 16 310   M    M   5        22 240
 3  65  41  53 -10  12   0 0.15    M    0  6.6 28 270   M    M   7 1      35 260
 4  68  37  53 -10  12   0 0.00    M    0  5.2 12 210   M    M   0        15 330
 5  82  49  66   3   0   1 0.00    M    0 13.4 25 100   M    M   0        33  90
 6  93  54  74  10   0   9 0.00    M    0  6.8 15 240   M    M   0        19 230
 7  86  51  69   5   0   4 0.00    M    0  3.7 10 220   M    M   0        14 360
 8  83  48  66   2   0   1 0.00    M    0  6.3 15  80   M    M   1        19  90
 9  90  56  73   9   0   8 0.00    M    0  5.9 12 120   M    M   0 3      15 130
10  91  58  75  10   0  10    T    M    0  8.2 18 300   M    M   0 3      26 330
11  77  57  67   2   0   2    T    M    0  5.5 13 310   M    M   3        17 310
12  82  53  68   3   0   3 0.00    M    0  7.6 17 120   M    M   3        21 100
13  91  56  74   9   0   9 0.00    M    0  7.0 17 210   M    M   0        20 210
14  63  50  57  -9   8   0 0.00    M    0  7.7 20 280   M    M   5        24 290
15  81  50  66   0   0   1 0.00    M    0  5.5 15 100   M    M   2        19  80
16  87  53  70   4   0   5 0.00    M    0  5.2 13 130   M    M   0        17 100
17  89  56  73   7   0   8    T    M    0  8.4 23 110   M    M   1 3      27 110
================================================================================
SM 1371  865        42  61  0.16    M    121.5          M       30
================================================================================
AV 80.7 50.9                               7.1 FASTST   M    M   2    MAX(MPH)
                                 MISC ---->  # 28 270               # 35  260
================================================================================
NOTES:
# LAST OF SEVERAL OCCURRENCES

COLUMN 17 PEAK WIND IN M.P.H.

PRELIMINARY LOCAL CLIMATOLOGICAL DATA (WS FORM: F-6) , PAGE 2

                                          STATION:  LEWISTOWN MT
                                          MONTH:    JULY
                                          YEAR:     2018
                                          LATITUDE:   47  2 N
                                          LONGITUDE: 109 28 W

[TEMPERATURE DATA]      [PRECIPITATION DATA]       SYMBOLS USED IN COLUMN 16

AVERAGE MONTHLY: 65.8   TOTAL FOR MONTH:   0.16    1 = FOG OR MIST
DPTR FM NORMAL:   1.5   DPTR FM NORMAL:   -1.01    2 = FOG REDUCING VISIBILITY
HIGHEST:    93 ON  6    GRTST 24HR  0.15 ON  3- 3      TO 1/4 MILE OR LESS
LOWEST:     37 ON  4                               3 = THUNDER
                        SNOW, ICE PELLETS, HAIL    4 = ICE PELLETS
                        TOTAL MONTH:    M          5 = HAIL
                        GRTST 24HR    M  ON   M    6 = FREEZING RAIN OR DRIZZLE
                        GRTST DEPTH:   0           7 = DUSTSTORM OR SANDSTORM:
                                                       VSBY 1/2 MILE OR LESS
                                                   8 = SMOKE OR HAZE
[NO. OF DAYS WITH]      [WEATHER - DAYS WITH]      9 = BLOWING SNOW
                                                   X = TORNADO
MAX 32 OR BELOW:   0    0.01 INCH OR MORE:   2
MAX 90 OR ABOVE:   4    0.10 INCH OR MORE:   1
MIN 32 OR BELOW:   0    0.50 INCH OR MORE:   0
MIN  0 OR BELOW:   0    1.00 INCH OR MORE:   0

[HDD (BASE 65) ]
TOTAL THIS MO.    42    CLEAR  (SCALE 0-3)  12
DPTR FM NORMAL    -9    PTCLDY (SCALE 4-7)   5
TOTAL FM JUL 1    42    CLOUDY (SCALE 8-10)  0
DPTR FM NORMAL    -9

[CDD (BASE 65) ]
TOTAL THIS MO.    61
DPTR FM NORMAL    20    [PRESSURE DATA]
TOTAL FM JAN 1    67    HIGHEST SLP M ON M
DPTR FM NORMAL     4    LOWEST  SLP 29.71 ON  2

[REMARKS]
