000
CXUS55 KEAX 180736
CF6LXT
PRELIMINARY LOCAL CLIMATOLOGICAL DATA (WS FORM: F-6)

                                          STATION:   Lee`s Summit MO
                                          MONTH:     OCTOBER
                                          YEAR:      2019
                                          LATITUDE:   38 57 N
                                          LONGITUDE:  94 22 W

  TEMPERATURE IN F:       :PCPN:    SNOW:  WIND      :SUNSHINE: SKY     :PK WND
================================================================================
1   2   3   4   5  6A  6B    7    8   9   10  11  12  13   14  15   16   17  18
                                     12Z  AVG MX 2MIN
DY MAX MIN AVG DEP HDD CDD  WTR  SNW DPTH SPD SPD DIR MIN PSBL S-S WX    SPD DR
================================================================================

 1  89  73  81  19   0  16 0.00    M    M 13.8 25 220   M    M   2        34 210
 2  87  58  73  11   0   8 0.63    M    M 10.0 26 320   M    M   7 138    33 310
 3  59  52  56  -5   9   0 0.01    M    M  9.4 20 350   M    M   4 1      25 350
 4  62  51  57  -4   8   0    T    M    M  8.8 13  70   0    0   0         M  M
 5  72  55  64   4   1   0 0.04    M    M 10.0 21 210   M    M   3 1      31 200
 6  63  48  56  -4   9   0    T    M    M  2.7 10 360   M    M   3 12     11 360
 7  73  47  60   0   5   0 0.00    M    M  3.9  9 310   M    M   0        13 310
 8  72  50  61   1   4   0 0.00    M    M 10.1 20 180   M    M   0 8      27 190
 9  63  54  59   0   6   0 0.25    M    M 10.8 22 160   M    M   5 13     30 160
10  72  41  57  -2   8   0 0.89    M    M 13.6 24 180   M    M  10 13     38 150
11  49  35  42 -16  23   0 0.00    M    M 13.8 24 300   M    M   5        36 300
12  66  34  50  -8  15   0 0.00    M    M 14.3 28 220   M    M   0        37 220
13  65  39  52  -6  13   0 0.00    M    M  4.9 14 220   M    M   0 8      17 220
14  74  40  57   0   8   0 0.00    M    M  8.1 17 180   M    M   0        26 160
15  66  45  56  -1   9   0 0.00    M    M 12.9 22 330   M    M   4 8      32 350
16  56  40  48  -9  17   0 0.00    M    M  6.5 17 340   M    M   4        22 350
17  67  41  54  -2  11   0 0.00    M    M  8.6 15 170   M    M   0        21 160
================================================================================
SM 1155  803       146  24  1.82    M    162.2            0     47
================================================================================
AV 67.9 47.2                               9.5 FASTST    0   0   3    MAX(MPH)
                                 MISC ---->  # 28 220               # 38  150
================================================================================
NOTES:
# LAST OF SEVERAL OCCURRENCES

COLUMN 17 PEAK WIND IN M.P.H.

PRELIMINARY LOCAL CLIMATOLOGICAL DATA (WS FORM: F-6) , PAGE 2

                                          STATION:  Lee`s Summit MO
                                          MONTH:    OCTOBER
                                          YEAR:     2019
                                          LATITUDE:   38 57 N
                                          LONGITUDE:  94 22 W

[TEMPERATURE DATA]      [PRECIPITATION DATA]       SYMBOLS USED IN COLUMN 16

AVERAGE MONTHLY: 57.6   TOTAL FOR MONTH:   1.82    1 = FOG OR MIST
DPTR FM NORMAL:  -1.5   DPTR FM NORMAL:   -0.23    2 = FOG REDUCING VISIBILITY
HIGHEST:    89 ON  1    GRTST 24HR  0.89 ON 10-10      TO 1/4 MILE OR LESS
LOWEST:     34 ON 12                               3 = THUNDER
                        SNOW, ICE PELLETS, HAIL    4 = ICE PELLETS
                        TOTAL MONTH:    M          5 = HAIL
                        GRTST 24HR    M  ON   M    6 = FREEZING RAIN OR DRIZZLE
                        GRTST DEPTH:  M  ON   M    7 = DUSTSTORM OR SANDSTORM:
                                                       VSBY 1/2 MILE OR LESS
                                                   8 = SMOKE OR HAZE
[NO. OF DAYS WITH]      [WEATHER - DAYS WITH]      9 = BLOWING SNOW
                                                   X = TORNADO
MAX 32 OR BELOW:   0    0.01 INCH OR MORE:   5
MAX 90 OR ABOVE:   0    0.10 INCH OR MORE:   3
MIN 32 OR BELOW:   0    0.50 INCH OR MORE:   2
MIN  0 OR BELOW:   0    1.00 INCH OR MORE:   0

[HDD (BASE 65) ]
TOTAL THIS MO.   146    CLEAR  (SCALE 0-3)   8
DPTR FM NORMAL    26    PTCLDY (SCALE 4-7)   8
TOTAL FM JUL 1   146    CLOUDY (SCALE 8-10)  1
DPTR FM NORMAL   -26

[CDD (BASE 65) ]
TOTAL THIS MO.    24
DPTR FM NORMAL     1    [PRESSURE DATA]
TOTAL FM JAN 1  1570    HIGHEST SLP  0.00 ON M
DPTR FM NORMAL   259    LOWEST  SLP  0.00 ON M

[REMARKS]
