000
CXUS55 KEAX 210736
CF6LXT
PRELIMINARY LOCAL CLIMATOLOGICAL DATA (WS FORM: F-6)

                                          STATION:   Lee`s Summit MO
                                          MONTH:     OCTOBER
                                          YEAR:      2018
                                          LATITUDE:   38 57 N
                                          LONGITUDE:  94 22 W

  TEMPERATURE IN F:       :PCPN:    SNOW:  WIND      :SUNSHINE: SKY     :PK WND
================================================================================
1   2   3   4   5  6A  6B    7    8   9   10  11  12  13   14  15   16   17  18
                                     12Z  AVG MX 2MIN
DY MAX MIN AVG DEP HDD CDD  WTR  SNW DPTH SPD SPD DIR MIN PSBL S-S WX    SPD DR
================================================================================

 1  78  66  72  10   0   7 0.00    M    M 11.6 23 190   M    M   7        31 180
 2  88  61  75  13   0  10 0.00    M    M  9.4 22 200   M    M   3 1      31 190
 3  91  70  81  20   0  16    T    M    M 18.9 36 210   M    M   2        46 200
 4  70  52  61   0   4   0 0.09    M    M 12.0 23  30   M    M   8 1      30 360
 5  85  53  69   9   0   4 0.13    M    M  7.5 21 190   M    M   7 13     29 200
 6  75  53  64   4   1   0 1.88    M    M 10.5 18 360   M    M  10 13     25  10
 7  69  54  62   2   3   0 2.77    M    M  6.0 22 250   M    M  10 13     30 260
 8  82  66  74  14   0   9 3.25    M    M  6.9 21 180   M    M   5 13     30 170
 9  76  65  71  12   0   6 0.87    M    M  9.0 21 130   M    M   9 13     29 140
10  65  47  56  -3   9   0 0.01    M    M 12.9 21 260   M    M  10 1      31 290
11  54  39  47 -11  18   0 0.00    M    M  8.2 21 350   M    M   5        29 360
12  48  43  46 -12  19   0 0.37    M    M  5.0  9 100   M    M  10 1      12  80
13  56  45  51  -7  14   0    T    M    M  8.0 13 130   M    M   7 1      18 120
14  51  34  43 -14  22   0 0.57    M    M 10.9 26 340   M    M  10 13     38 350
15  46  32  39 -18  26   0 0.01    M    M  8.2 16 340   M    M   3 1      22 350
16  61  31  46 -11  19   0 0.00    M    M  8.5 17 250   M    M   0        22 240
17  67  42  55  -1  10   0 0.00    M    M  5.6 14  20   M    M   0        18 350
18  65  43  54  -2  11   0 0.00    M    M  6.5 14 170   M    M   0        19 180
19  61  52  57   1   8   0    T    M    M 10.7 22 230   M    M   7        27 260
20  64  39  52  -3  13   0 0.00    M    M 11.1 28 340   M    M   0        40 310
================================================================================
SM 1352  987       177  52  9.95    M    187.4          M      113
================================================================================
AV 67.6 49.4                               9.4 FASTST   M    M   6    MAX(MPH)
                                 MISC ---->  # 36 210               # 46  200
================================================================================
NOTES:
# LAST OF SEVERAL OCCURRENCES

COLUMN 17 PEAK WIND IN M.P.H.

PRELIMINARY LOCAL CLIMATOLOGICAL DATA (WS FORM: F-6) , PAGE 2

                                          STATION:  Lee`s Summit MO
                                          MONTH:    OCTOBER
                                          YEAR:     2018
                                          LATITUDE:   38 57 N
                                          LONGITUDE:  94 22 W

[TEMPERATURE DATA]      [PRECIPITATION DATA]       SYMBOLS USED IN COLUMN 16

AVERAGE MONTHLY: 58.5   TOTAL FOR MONTH:   9.95    1 = FOG OR MIST
DPTR FM NORMAL:  -0.1   DPTR FM NORMAL:    7.51    2 = FOG REDUCING VISIBILITY
HIGHEST:    91 ON  3    GRTST 24HR  3.25 ON  8- 8      TO 1/4 MILE OR LESS
LOWEST:     31 ON 16                               3 = THUNDER
                        SNOW, ICE PELLETS, HAIL    4 = ICE PELLETS
                        TOTAL MONTH:    M          5 = HAIL
                        GRTST 24HR    M  ON   M    6 = FREEZING RAIN OR DRIZZLE
                        GRTST DEPTH:  M  ON   M    7 = DUSTSTORM OR SANDSTORM:
                                                       VSBY 1/2 MILE OR LESS
                                                   8 = SMOKE OR HAZE
[NO. OF DAYS WITH]      [WEATHER - DAYS WITH]      9 = BLOWING SNOW
                                                   X = TORNADO
MAX 32 OR BELOW:   0    0.01 INCH OR MORE:  10
MAX 90 OR ABOVE:   1    0.10 INCH OR MORE:   7
MIN 32 OR BELOW:   2    0.50 INCH OR MORE:   5
MIN  0 OR BELOW:   0    1.00 INCH OR MORE:   3

[HDD (BASE 65) ]
TOTAL THIS MO.   177    CLEAR  (SCALE 0-3)   6
DPTR FM NORMAL    27    PTCLDY (SCALE 4-7)   8
TOTAL FM JUL 1   205    CLOUDY (SCALE 8-10)  6
DPTR FM NORMAL     3

[CDD (BASE 65) ]
TOTAL THIS MO.    52
DPTR FM NORMAL    26    [PRESSURE DATA]
TOTAL FM JAN 1  1780    HIGHEST SLP  0.00 ON M
DPTR FM NORMAL   466    LOWEST  SLP  0.00 ON M

[REMARKS]
