000
CXUS54 KLZK 201130
CF6LZK
PRELIMINARY LOCAL CLIMATOLOGICAL DATA (WS FORM: F-6)

                                          STATION:   North Little Rock
                                          MONTH:     AUGUST
                                          YEAR:      2018
                                          LATITUDE:   34 50 N
                                          LONGITUDE:  92 16 W

  TEMPERATURE IN F:       :PCPN:    SNOW:  WIND      :SUNSHINE: SKY     :PK WND
================================================================================
1   2   3   4   5  6A  6B    7    8   9   10  11  12  13   14  15   16   17  18
                                     12Z  AVG MX 2MIN
DY MAX MIN AVG DEP HDD CDD  WTR  SNW DPTH SPD SPD DIR MIN PSBL S-S WX    SPD DR
================================================================================

 1  88  64  76  -7   0  11 0.00  0.0    0  3.6  8  90   M    M   0         M  M
 2  91  69  80  -3   0  15 0.00  0.0    0  2.0  9 110   M    M   0         M  M
 3  92  69  81  -2   0  16 0.00  0.0    0  4.0 12 140   M    M   0         M  M
 4  91  71  81  -2   0  16 0.00  0.0    0  5.4 12 110   M    M   0         M  M
 5  93  74  84   1   0  19 0.00  0.0    0  5.6 13 140   M    M   0        20 180
 6  95  73  84   1   0  19 0.01  0.0    0  5.3  9 140   M    M   0 3       M  M
 7  96  71  84   1   0  19 0.42  0.0    0  5.8 10 200   M    M   0 3      16 180
 8  85  69  77  -6   0  12 1.40  0.0    0  2.7  9 270   M    M   0 3      20 270
 9  81  69  75  -8   0  10 0.82  0.0    0  3.5  9 220   M    M   0         M  M
10  92  68  80  -3   0  15 0.00  0.0    0  0.9  7 360   M    M   0         M  M
11  93  71  82  -1   0  17 0.00  0.0    0  0.7  4 180   M    M   0         M  M
12  88  71  80  -3   0  15 0.98  0.0    0  1.8  7 220   M    M   0 13      M  M
13  78  71  75  -8   0  10 0.01  0.0    0  0.6  5 250   M    M   0         M  M
14  83  70  77  -5   0  12 0.04  0.0    0  2.5  6 220   M    M   0         M  M
15  83  74  79  -3   0  14 0.01  0.0    0  3.5  6 200   M    M   0         M  M
16  93  76  85   3   0  20 0.00  0.0    0  5.3  7 220   M    M   0         M  M
17  82  70  76  -6   0  11 1.50  0.0    0  3.7  9  90   M    M   0 13      M  M
18  88  69  79  -3   0  14 0.33  0.0    0  0.8  6 180   M    M   0 3       M  M
19  87  71  79  -3   0  14 0.13  0.0    0  6.0 15 220   M    M   M 123    28 220
================================================================================
SM 1679 1340         0 279  5.65     0.0  63.7          M        0
================================================================================
AV 88.4 70.5                               3.4 FASTST   M    M   0    MAX(MPH)
                                 MISC ---->  # 15 220               # 28  220
================================================================================
NOTES:
# LAST OF SEVERAL OCCURRENCES

COLUMN 17 PEAK WIND IN M.P.H.

PRELIMINARY LOCAL CLIMATOLOGICAL DATA (WS FORM: F-6) , PAGE 2

                                          STATION:  North Little Rock
                                          MONTH:    AUGUST
                                          YEAR:     2018
                                          LATITUDE:   34 50 N
                                          LONGITUDE:  92 16 W

[TEMPERATURE DATA]      [PRECIPITATION DATA]       SYMBOLS USED IN COLUMN 16

AVERAGE MONTHLY: 79.5   TOTAL FOR MONTH:   5.65    1 = FOG OR MIST
DPTR FM NORMAL:  -3.2   DPTR FM NORMAL:    3.94    2 = FOG REDUCING VISIBILITY
HIGHEST:    96 ON  7    GRTST 24HR  1.50 ON 17-17      TO 1/4 MILE OR LESS
LOWEST:     64 ON  1                               3 = THUNDER
                        SNOW, ICE PELLETS, HAIL    4 = ICE PELLETS
                        TOTAL MONTH:   0.0 INCH    5 = HAIL
                        GRTST 24HR     0.0         6 = FREEZING RAIN OR DRIZZLE
                        GRTST DEPTH:   0           7 = DUSTSTORM OR SANDSTORM:
                                                       VSBY 1/2 MILE OR LESS
                                                   8 = SMOKE OR HAZE
[NO. OF DAYS WITH]      [WEATHER - DAYS WITH]      9 = BLOWING SNOW
                                                   X = TORNADO
MAX 32 OR BELOW:   0    0.01 INCH OR MORE:  11
MAX 90 OR ABOVE:   9    0.10 INCH OR MORE:   7
MIN 32 OR BELOW:   0    0.50 INCH OR MORE:   4
MIN  0 OR BELOW:   0    1.00 INCH OR MORE:   2

[HDD (BASE 65) ]
TOTAL THIS MO.     0    CLEAR  (SCALE 0-3)  18
DPTR FM NORMAL     0    PTCLDY (SCALE 4-7)   0
TOTAL FM JUL 1     0    CLOUDY (SCALE 8-10)  0
DPTR FM NORMAL     0

[CDD (BASE 65) ]
TOTAL THIS MO.   279
DPTR FM NORMAL   -58    [PRESSURE DATA]
TOTAL FM JAN 1  1662    HIGHEST SLP M ON M
DPTR FM NORMAL    75    LOWEST  SLP M ON M

[REMARKS]
