000
CXUS54 KLZK 241130
CF6LZK
PRELIMINARY LOCAL CLIMATOLOGICAL DATA (WS FORM: F-6)

                                          STATION:   North Little Rock
                                          MONTH:     MAY
                                          YEAR:      2020
                                          LATITUDE:   34 50 N
                                          LONGITUDE:  92 16 W

  TEMPERATURE IN F:       :PCPN:    SNOW:  WIND      :SUNSHINE: SKY     :PK WND
================================================================================
1   2   3   4   5  6A  6B    7    8   9   10  11  12  13   14  15   16   17  18
                                     12Z  AVG MX 2MIN
DY MAX MIN AVG DEP HDD CDD  WTR  SNW DPTH SPD SPD DIR MIN PSBL S-S WX    SPD DR
================================================================================

 1  80  54  67   0   0   2 0.00  0.0    0  7.0 15 180   M    M   0        22 180
 2  83  60  72   5   0   7 0.00  0.0    0  9.0 17 200   M    M   0        23 240
 3  76  65  71   3   0   6    T  0.0    0  6.0 15 220   M    M   0        22 240
 4  82  65  74   6   0   9 0.07  0.0    0  7.0 13 200   M    M   0 3      21 180
 5  70  57  64  -4   1   0 0.14  0.0    0  6.0 14 360   M    M   0 3      20 360
 6  70  52  61  -7   4   0 0.00  0.0    0  8.0 18 340   M    M   0        25 360
 7  71  48  60  -9   5   0 0.03  0.0    0  6.0 14 130   M    M   0 3      20 150
 8  65  51  58 -11   7   0 0.68  0.0    0  8.0 23 110   M    M   0        28  30
 9  65  45  55 -14  10   0 0.00  0.0    0  4.6  9  90   M    M   0         M  M
10  73  47  60  -9   5   0 0.00  0.0    0  3.1  8 320   M    M   0         M  M
11  67  48  58 -12   7   0 0.00  0.0    0  5.3 10  50   M    M   0         M  M
12  53  47  50 -20  15   0 0.89    M    0 11.0 17  90   M    M   0        21 130
13  81  53  67  -3   0   2 0.01  0.0    0  3.7  7 180   M    M   0 1       M  M
14  82  64  73   3   0   8 0.00  0.0    0  9.0 16 130   M    M   0        24 150
15  80  66  73   2   0   8 0.07  0.0    0  5.0 12 360   M    M   0        16 180
16  78  65  72   1   0   7 1.30  0.0    0  7.0 17 220   M    M   0 3      24 220
17  76  61  69  -2   0   4 1.16  0.0    0  3.3  9 360   M    M   0 3       M  M
18  78  57  68  -4   0   3 0.00  0.0    0  7.0 15 340   M    M   0        22 320
19  70  58  64  -8   1   0 0.00  0.0    0  4.0 11  40   M    M   0        15  40
20  75  57  66  -6   0   1 0.00  0.0    0  6.0 11  90   M    M   0        17  60
21  80  59  70  -2   0   5 0.18  0.0    0  7.0 14  90   M    M   M 13     17  90
22  80  64  72   0   0   7 0.87  0.0    0  7.0 16 340   M    M   M 13     23 320
23  84  62  73   0   0   8 1.21  0.0    0  7.0 18 220   M    M   0        25 220
================================================================================
SM 1719 1305        55  77  6.61     0.0 147.0          M        0
================================================================================
AV 74.7 56.7                               6.4 FASTST   M    M   0    MAX(MPH)
                                 MISC ---->  # 23 110               # 28   30
================================================================================
NOTES:
# LAST OF SEVERAL OCCURRENCES

COLUMN 17 PEAK WIND IN M.P.H.

PRELIMINARY LOCAL CLIMATOLOGICAL DATA (WS FORM: F-6) , PAGE 2

                                          STATION:  North Little Rock
                                          MONTH:    MAY
                                          YEAR:     2020
                                          LATITUDE:   34 50 N
                                          LONGITUDE:  92 16 W

[TEMPERATURE DATA]      [PRECIPITATION DATA]       SYMBOLS USED IN COLUMN 16

AVERAGE MONTHLY: 65.7   TOTAL FOR MONTH:   6.61    1 = FOG OR MIST
DPTR FM NORMAL:  -4.2   DPTR FM NORMAL:    2.76    2 = FOG REDUCING VISIBILITY
HIGHEST:    84 ON 23    GRTST 24HR  1.30 ON 16-16      TO 1/4 MILE OR LESS
LOWEST:     45 ON  9                               3 = THUNDER
                        SNOW, ICE PELLETS, HAIL    4 = ICE PELLETS
                        TOTAL MONTH:   0.0 INCH    5 = HAIL
                        GRTST 24HR     0.0         6 = FREEZING RAIN OR DRIZZLE
                        GRTST DEPTH:   0           7 = DUSTSTORM OR SANDSTORM:
                                                       VSBY 1/2 MILE OR LESS
                                                   8 = SMOKE OR HAZE
[NO. OF DAYS WITH]      [WEATHER - DAYS WITH]      9 = BLOWING SNOW
                                                   X = TORNADO
MAX 32 OR BELOW:   0    0.01 INCH OR MORE:  12
MAX 90 OR ABOVE:   0    0.10 INCH OR MORE:   8
MIN 32 OR BELOW:   0    0.50 INCH OR MORE:   6
MIN  0 OR BELOW:   0    1.00 INCH OR MORE:   3

[HDD (BASE 65) ]
TOTAL THIS MO.    55    CLEAR  (SCALE 0-3)  21
DPTR FM NORMAL    34    PTCLDY (SCALE 4-7)   0
TOTAL FM JUL 1  3003    CLOUDY (SCALE 8-10)  0
DPTR FM NORMAL     0

[CDD (BASE 65) ]
TOTAL THIS MO.    77
DPTR FM NORMAL   -57    [PRESSURE DATA]
TOTAL FM JAN 1   112    HIGHEST SLP M ON M
DPTR FM NORMAL  -111    LOWEST  SLP 29.72 ON 16

[REMARKS]
