061
CXUS56 KHNX 221146
CF6MAE
PRELIMINARY LOCAL CLIMATOLOGICAL DATA (WS FORM: F-6)

                                          STATION:   MADERA CA AIRPORT
                                          MONTH:     SEPTEMBER
                                          YEAR:      2018
                                          LATITUDE:   36 58 N
                                          LONGITUDE: 120  7 W

  TEMPERATURE IN F:       :PCPN:    SNOW:  WIND      :SUNSHINE: SKY     :PK WND
================================================================================
1   2   3   4   5  6A  6B    7    8   9   10  11  12  13   14  15   16   17  18
                                     12Z  AVG MX 2MIN
DY MAX MIN AVG DEP HDD CDD  WTR  SNW DPTH SPD SPD DIR MIN PSBL S-S WX    SPD DR
================================================================================

 1  95  60  78   3   0  13 0.00  0.0    0  4.4 12 300   M    M   0        16 330
 2  99  63  81   6   0  16 0.00  0.0    0  3.6  M   M   M    M   0         M  M
 3  98  63  81   6   0  16 0.00  0.0    0  6.0 12 290   M    M   0 8      16 290
 4  99  62  81   6   0  16 0.00  0.0    0  4.8 10 300   M    M   0 8      13 280
 5 101  64  83   8   0  18 0.00  0.0    0  6.0 12 300   M    M   0 8      15 310
 6  98  61  80   5   0  15 0.00  0.0    0  6.3 13 300   M    M   1        16 310
 7 102  62  82   8   0  17 0.00  0.0    0  5.0 10 300   M    M   1 8      13 300
 8 101  60  81   7   0  16 0.00  0.0    0  6.1 14 310   M    M   2        17 300
 9  99  57  78   4   0  13 0.00  0.0    0  5.1 12 290   M    M   1        15 280
10  97  56  77   3   0  12 0.00  0.0    0  4.5 10 300   M    M   1        13 290
11  98  59  79   5   0  14 0.00  0.0    0  4.8 14 310   M    M   2        17 310
12  89  58  74   0   0   9 0.00  0.0    0  9.4 16 330   M    M   0 8      20 320
13  86  52  69  -4   0   4 0.00  0.0    0  5.7 10 320   M    M   0        17 300
14  89  52  71  -2   0   6 0.00  0.0    0  6.5 12 290   M    M   0        17 260
15  87  58  73   0   0   8 0.00  0.0    0  8.1 15 330   M    M   0        19 320
16  86  50  68  -5   0   3 0.00  0.0    0  7.2 14 330   M    M   0        19 320
17  89  51  70  -3   0   5 0.00  0.0    0  5.6 13 320   M    M   0        16 320
18  88  54  71  -1   0   6 0.00  0.0    0  7.3 13 300   M    M   0 8      16 290
19  90  52  71  -1   0   6 0.00  0.0    0  6.4 16 330   M    M   0 8      19 280
20  93  55  74   2   0   9 0.00  0.0    0  2.6  8 290   M    M   0        12 230
21  97  57  77   5   0  12 0.00  0.0    0  4.0  9 320   M    M   0        13 330
================================================================================
SM 1981 1206         0 234  0.00     0.0 119.4          M        8
================================================================================
AV 94.3 57.4                               5.7 FASTST   M    M   0    MAX(MPH)
                                 MISC ---->  # 16 330               # 20  320
================================================================================
NOTES:
# LAST OF SEVERAL OCCURRENCES

COLUMN 17 PEAK WIND IN M.P.H.

PRELIMINARY LOCAL CLIMATOLOGICAL DATA (WS FORM: F-6) , PAGE 2

                                          STATION:  MADERA CA AIRPORT
                                          MONTH:    SEPTEMBER
                                          YEAR:     2018
                                          LATITUDE:   36 58 N
                                          LONGITUDE: 120  7 W

[TEMPERATURE DATA]      [PRECIPITATION DATA]       SYMBOLS USED IN COLUMN 16

AVERAGE MONTHLY: 75.9   TOTAL FOR MONTH:   0.00    1 = FOG OR MIST
DPTR FM NORMAL:   2.2   DPTR FM NORMAL:   -0.15    2 = FOG REDUCING VISIBILITY
HIGHEST:   102 ON  7    GRTST 24HR  0.00 ON 21-21      TO 1/4 MILE OR LESS
LOWEST:     50 ON 16                               3 = THUNDER
                        SNOW, ICE PELLETS, HAIL    4 = ICE PELLETS
                        TOTAL MONTH:   0.0 INCH    5 = HAIL
                        GRTST 24HR     0.0         6 = FREEZING RAIN OR DRIZZLE
                        GRTST DEPTH:   0           7 = DUSTSTORM OR SANDSTORM:
                                                       VSBY 1/2 MILE OR LESS
                                                   8 = SMOKE OR HAZE
[NO. OF DAYS WITH]      [WEATHER - DAYS WITH]      9 = BLOWING SNOW
                                                   X = TORNADO
MAX 32 OR BELOW:   0    0.01 INCH OR MORE:   0
MAX 90 OR ABOVE:  14    0.10 INCH OR MORE:   0
MIN 32 OR BELOW:   0    0.50 INCH OR MORE:   0
MIN  0 OR BELOW:   0    1.00 INCH OR MORE:   0

[HDD (BASE 65) ]
TOTAL THIS MO.     0    CLEAR  (SCALE 0-3)  21
DPTR FM NORMAL     0    PTCLDY (SCALE 4-7)   0
TOTAL FM JUL 1     0    CLOUDY (SCALE 8-10)  0
DPTR FM NORMAL     0

[CDD (BASE 65) ]
TOTAL THIS MO.   234
DPTR FM NORMAL    49    [PRESSURE DATA]
TOTAL FM JAN 1  1716    HIGHEST SLP M ON M
DPTR FM NORMAL   307    LOWEST  SLP 29.71 ON  2

[REMARKS]
