000
CXUS55 KEAX 180736
CF6MCI
PRELIMINARY LOCAL CLIMATOLOGICAL DATA (WS FORM: F-6)

                                          STATION:   Kansas City International MO
                                          MONTH:     OCTOBER
                                          YEAR:      2019
                                          LATITUDE:   39 19 N
                                          LONGITUDE:  94 43 W

  TEMPERATURE IN F:       :PCPN:    SNOW:  WIND      :SUNSHINE: SKY     :PK WND
================================================================================
1   2   3   4   5  6A  6B    7    8   9   10  11  12  13   14  15   16   17  18
                                     12Z  AVG MX 2MIN
DY MAX MIN AVG DEP HDD CDD  WTR  SNW DPTH SPD SPD DIR MIN PSBL S-S WX    SPD DR
================================================================================

 1  88  73  81  19   0  16    T  0.0    0 14.7 23 190   M    M   6 8      32 210
 2  85  56  71  10   0   6 0.65  0.0    0  8.5 16 320   M    M   8 13     30 270
 3  58  50  54  -7  11   0    T  0.0    0  8.7 17 340   M    M   8        24 320
 4  59  49  54  -6  11   0 0.05    M    0 10.6 18 140   M    M   6        24 140
 5  73  50  62   2   3   0 0.34  0.0    0  9.6 20 190   M    M   5 13     29 180
 6  67  46  57  -3   8   0 0.00  0.0    0  4.8 17 350   M    M   5 18     24 350
 7  71  43  57  -2   8   0 0.00  0.0    0  4.8  9 150   M    M   2 8      12 260
 8  71  43  57  -2   8   0 0.00  0.0    0 11.5 20 200   M    M   0        28 200
 9  63  54  59   0   6   0 0.04  0.0    0 13.6 23 140   M    M   6        31 140
10  71  41  56  -2   9   0 0.03  0.0    0 12.8 23 310   M    M  10 13     35 310
11  49  33  41 -17  24   0 0.00  0.0    0 12.2 24 310   M    M   5        35 290
12  67  29  48 -10  17   0 0.00    M    0 11.6 25 240   M    M   0        37 230
13  63  35  49  -8  16   0 0.00  0.0    0  4.9 12 250   M    M   0        16 260
14  72  37  55  -2  10   0 0.00  0.0    0  9.2 20 180   M    M   1        26 160
15  65  41  53  -4  12   0 0.00  0.0    0 12.6 25 330   M    M   5        40 320
16  57  38  48  -8  17   0 0.00  0.0    0  6.4 15  10   M    M   6        22 350
17  67  37  52  -4  13   0 0.00  0.0    0 10.2 16 160   M    M   1        23 160
================================================================================
SM 1146  755       173  22  1.11     0.0 166.7          M       74
================================================================================
AV 67.4 44.4                               9.8 FASTST   M    M   4    MAX(MPH)
                                 MISC ---->  # 25 240               # 40  320
================================================================================
NOTES:
# LAST OF SEVERAL OCCURRENCES

COLUMN 17 PEAK WIND IN M.P.H.

PRELIMINARY LOCAL CLIMATOLOGICAL DATA (WS FORM: F-6) , PAGE 2

                                          STATION:  Kansas City International MO
                                          MONTH:    OCTOBER
                                          YEAR:     2019
                                          LATITUDE:   39 19 N
                                          LONGITUDE:  94 43 W

[TEMPERATURE DATA]      [PRECIPITATION DATA]       SYMBOLS USED IN COLUMN 16

AVERAGE MONTHLY: 55.9   TOTAL FOR MONTH:   1.11    1 = FOG OR MIST
DPTR FM NORMAL:  -2.8   DPTR FM NORMAL:   -0.77    2 = FOG REDUCING VISIBILITY
HIGHEST:    88 ON  1    GRTST 24HR  0.65 ON  2- 2      TO 1/4 MILE OR LESS
LOWEST:     29 ON 12                               3 = THUNDER
                        SNOW, ICE PELLETS, HAIL    4 = ICE PELLETS
                        TOTAL MONTH:   0.0 INCH    5 = HAIL
                        GRTST 24HR     0.0         6 = FREEZING RAIN OR DRIZZLE
                        GRTST DEPTH:   0           7 = DUSTSTORM OR SANDSTORM:
                                                       VSBY 1/2 MILE OR LESS
                                                   8 = SMOKE OR HAZE
[NO. OF DAYS WITH]      [WEATHER - DAYS WITH]      9 = BLOWING SNOW
                                                   X = TORNADO
MAX 32 OR BELOW:   0    0.01 INCH OR MORE:   5
MAX 90 OR ABOVE:   0    0.10 INCH OR MORE:   2
MIN 32 OR BELOW:   1    0.50 INCH OR MORE:   1
MIN  0 OR BELOW:   0    1.00 INCH OR MORE:   0

[HDD (BASE 65) ]
TOTAL THIS MO.   173    CLEAR  (SCALE 0-3)   6
DPTR FM NORMAL    47    PTCLDY (SCALE 4-7)   9
TOTAL FM JUL 1   173    CLOUDY (SCALE 8-10)  2
DPTR FM NORMAL   -20

[CDD (BASE 65) ]
TOTAL THIS MO.    22
DPTR FM NORMAL     0    [PRESSURE DATA]
TOTAL FM JAN 1  1449    HIGHEST SLP  0.00 ON M
DPTR FM NORMAL    95    LOWEST  SLP  0.00 ON M

[REMARKS]
