000
CXUS53 KARX 230930
CF6MDZ
PRELIMINARY LOCAL CLIMATOLOGICAL DATA (WS FORM: F-6)

                                          STATION:   MEDFORD WI
                                          MONTH:     FEBRUARY
                                          YEAR:      2018
                                          LATITUDE:   45  5 N
                                          LONGITUDE:  90 18 W

  TEMPERATURE IN F:       :PCPN:    SNOW:  WIND      :SUNSHINE: SKY     :PK WND
================================================================================
1   2   3   4   5  6A  6B    7    8   9   10  11  12  13   14  15   16   17  18
                                     12Z  AVG MX 2MIN
DY MAX MIN AVG DEP HDD CDD  WTR  SNW DPTH SPD SPD DIR MIN PSBL S-S WX    SPD DR
================================================================================

 1  14  -9   3   M  62   0    M    M   14 11.8 18 310   M    M   1 8      29 310
 2   4 -16  -6   M  71   0    M    M   14  4.5  8 280   M    M   4         M  M
 3  17   3  10   M  55   0    M    M   14  5.8 13  10   M    M  10         M  M
 4   8  -9   0   M  65   0    M    M   17 10.5 14  10   M    M   3        18 280
 5  10 -14  -2   M  67   0    M    M   17  5.8  8 240   M    M   1         M  M
 6   4 -15  -5   M  70   0 0.00  0.0   15  3.7  8 190   M    M   2 1       M  M
 7  12  -5   4   M  61   0    M    M    M  4.3 14 280   M    M   4        17 280
 8  11 -10   1   M  64   0 0.00  0.0    M  4.9 12 280   M    M   2         M  M
 9  11  -3   4   M  61   0 0.00  0.0    M  5.0 10  20   M    M   2         M  M
10  11  -6   3   M  62   0 0.00  0.0    M  4.5  8 190   M    M   1         M  M
11  15  -4   6   M  59   0 0.00  0.0    M  6.7 15 270   M    M   1        22 270
12  11  -9   1   M  64   0 0.00  0.0    M  4.8 10 260   M    M   0         M  M
13  27  -5  11   M  54   0 0.00  0.0    M  8.5 16 180   M    M   5        18 190
14  38  11  25   M  40   0 0.00  0.0    M  7.8 12 210   M    M   0 1       M  M
15  38  25  32   M  33   0    M  0.0    0  9.6 15 350   M    M   4        20 360
16  25   3  14   M  51   0    T    M    0  9.6 17 320   M    M   1        27 320
17  25   5  15   M  50   0    M    M    0  8.5 13 190   M    M   5 8      18 210
18  35   2  19   M  46   0 0.00  0.0    M  9.9 24 160   M    M   5        31 160
19  31  19  25   M  40   0    M    M    M 10.7 17  20   M    M   8 1      23  40
20  27  13  20   M  45   0    M    M    M  7.5 13 270   M    M   9 16     20 270
21  18  -1   9   M  56   0 0.00  0.0    M  5.0  8 260   M    M   0         M  M
22  28  -3  13   M  52   0 0.03    M    M  6.3 13 100   M    M   7        21 100
================================================================================
SM  420  -28      1228   0  0.03     0.0 155.7          M       75
================================================================================
AV 19.1 -1.3                               7.1 FASTST   M    M   3    MAX(MPH)
                                 MISC ---->  # 24 160               # 31  160
================================================================================
NOTES:
# LAST OF SEVERAL OCCURRENCES

COLUMN 17 PEAK WIND IN M.P.H.

PRELIMINARY LOCAL CLIMATOLOGICAL DATA (WS FORM: F-6) , PAGE 2

                                          STATION:  MEDFORD WI
                                          MONTH:    FEBRUARY
                                          YEAR:     2018
                                          LATITUDE:   45  5 N
                                          LONGITUDE:  90 18 W

[TEMPERATURE DATA]      [PRECIPITATION DATA]       SYMBOLS USED IN COLUMN 16

AVERAGE MONTHLY:  8.9   TOTAL FOR MONTH:   0.03    1 = FOG OR MIST
DPTR FM NORMAL:     M   DPTR FM NORMAL:       M    2 = FOG REDUCING VISIBILITY
HIGHEST:    38 ON 15,14 GRTST 24HR  0.03 ON 22-22      TO 1/4 MILE OR LESS
LOWEST:    -16 ON  2                               3 = THUNDER
                        SNOW, ICE PELLETS, HAIL    4 = ICE PELLETS
                        TOTAL MONTH:   0.0 INCH    5 = HAIL
                        GRTST 24HR     0.0         6 = FREEZING RAIN OR DRIZZLE
                        GRTST DEPTH:  17 ON  5, 4  7 = DUSTSTORM OR SANDSTORM:
                                                       VSBY 1/2 MILE OR LESS
                                                   8 = SMOKE OR HAZE
[NO. OF DAYS WITH]      [WEATHER - DAYS WITH]      9 = BLOWING SNOW
                                                   X = TORNADO
MAX 32 OR BELOW:  19    0.01 INCH OR MORE:   1
MAX 90 OR ABOVE:   0    0.10 INCH OR MORE:   0
MIN 32 OR BELOW:  22    0.50 INCH OR MORE:   0
MIN  0 OR BELOW:  14    1.00 INCH OR MORE:   0

[HDD (BASE 65) ]
TOTAL THIS MO.  1228    CLEAR  (SCALE 0-3)  12
DPTR FM NORMAL     M    PTCLDY (SCALE 4-7)   7
TOTAL FM JUL 1  6310    CLOUDY (SCALE 8-10)  3
DPTR FM NORMAL     M

[CDD (BASE 65) ]
TOTAL THIS MO.     0
DPTR FM NORMAL     M    [PRESSURE DATA]
TOTAL FM JAN 1     0    HIGHEST SLP M ON M
DPTR FM NORMAL     M    LOWEST  SLP M ON M

[REMARKS]
