000
CXUS53 KARX 230930
CF6MDZ
PRELIMINARY LOCAL CLIMATOLOGICAL DATA (WS FORM: F-6)

                                          STATION:   MEDFORD WI
                                          MONTH:     JANUARY
                                          YEAR:      2019
                                          LATITUDE:   45  5 N
                                          LONGITUDE:  90 18 W

  TEMPERATURE IN F:       :PCPN:    SNOW:  WIND      :SUNSHINE: SKY     :PK WND
================================================================================
1   2   3   4   5  6A  6B    7    8   9   10  11  12  13   14  15   16   17  18
                                     12Z  AVG MX 2MIN
DY MAX MIN AVG DEP HDD CDD  WTR  SNW DPTH SPD SPD DIR MIN PSBL S-S WX    SPD DR
================================================================================

 1  17   7  12   M  53   0 0.00  0.0    0  6.0 21 350   M    M   3        25 360
 2  21   4  13   M  52   0    M    M    M  9.4 15 210   M    M   9        20 210
 3  34  20  27   M  38   0 0.00  0.0    M  8.1 16 200   M    M   5        16 260
 4  38  25  32   M  33   0 0.00  0.0    M  4.1  8 250   M    M   0         M  M
 5  41  27  34   M  31   0 0.00  0.0    M  8.5 15 350   M    M   3 1      20 350
 6  30  18  24   M  41   0    M    M    M  7.8 16 120   M    M   5        27 110
 7  36  28  32   M  33   0    M    M    M 13.0 18 140   M    M  10 12     28 140
 8  32  11  22   M  43   0    M    M    M 15.2 25 280   M    M  10 1      35 280
 9  13   7  10   M  55   0    M    M    M 10.9 18 320   M    M   7 8      24 290
10  21   9  15   M  50   0 0.00  0.0    M  5.1 10 130   M    M   6         M  M
11  27  15  21   M  44   0 0.00  0.0    M  5.9  9 160   M    M   5         M  M
12  25  17  21   M  44   0 0.00  0.0    M  8.0 12  80   M    M   9 1      18  90
13  26  13  20   M  45   0 0.00  0.0    M  5.0  9 100   M    M   7         M  M
14  27  22  25   M  40   0 0.00  0.0    0  5.4  9 210   M    M  10 1       M  M
15  28  23  26   M  39   0    T  0.0    M  9.2 16 310   M    M  10 1      25 280
16  23   7  15   M  50   0    M    M    M  5.5 16 350   M    M   3        24 340
17  21   8  15   M  50   0    M    M    0  5.7  9 300   M    M   8 1       M  M
18  11   2   7   M  58   0 0.00  0.0    0  7.0 13  40   M    M   6         M  M
19  12  -2   5   M  60   0 0.00  0.0    0  7.9 12  40   M    M   2         M  M
20   7  -8   0   M  65   0 0.00  0.0    M  7.1 13  20   M    M   0        20  20
21  14  -9   3   M  62   0 0.00  0.0    0  7.9 15 160   M    M   4        24 130
22  15  12  14   M  51   0    M    M    M  6.5 15 130   M    M  10        21 130
================================================================================
SM  519  256      1037   0    T      0.0 169.2          M      132
================================================================================
AV 23.6 11.6                               7.7 FASTST   M    M   6    MAX(MPH)
                                 MISC ---->  # 25 280               # 35  280
================================================================================
NOTES:
# LAST OF SEVERAL OCCURRENCES

COLUMN 17 PEAK WIND IN M.P.H.

PRELIMINARY LOCAL CLIMATOLOGICAL DATA (WS FORM: F-6) , PAGE 2

                                          STATION:  MEDFORD WI
                                          MONTH:    JANUARY
                                          YEAR:     2019
                                          LATITUDE:   45  5 N
                                          LONGITUDE:  90 18 W

[TEMPERATURE DATA]      [PRECIPITATION DATA]       SYMBOLS USED IN COLUMN 16

AVERAGE MONTHLY: 17.6   TOTAL FOR MONTH:      T    1 = FOG OR MIST
DPTR FM NORMAL:     M   DPTR FM NORMAL:       M    2 = FOG REDUCING VISIBILITY
HIGHEST:    41 ON  5    GRTST 24HR    T  ON 15-15      TO 1/4 MILE OR LESS
LOWEST:     -9 ON 21                               3 = THUNDER
                        SNOW, ICE PELLETS, HAIL    4 = ICE PELLETS
                        TOTAL MONTH:   0.0 INCH    5 = HAIL
                        GRTST 24HR     0.0         6 = FREEZING RAIN OR DRIZZLE
                        GRTST DEPTH:   0           7 = DUSTSTORM OR SANDSTORM:
                                                       VSBY 1/2 MILE OR LESS
                                                   8 = SMOKE OR HAZE
[NO. OF DAYS WITH]      [WEATHER - DAYS WITH]      9 = BLOWING SNOW
                                                   X = TORNADO
MAX 32 OR BELOW:  18    0.01 INCH OR MORE:   0
MAX 90 OR ABOVE:   0    0.10 INCH OR MORE:   0
MIN 32 OR BELOW:  22    0.50 INCH OR MORE:   0
MIN  0 OR BELOW:   3    1.00 INCH OR MORE:   0

[HDD (BASE 65) ]
TOTAL THIS MO.  1037    CLEAR  (SCALE 0-3)   5
DPTR FM NORMAL     M    PTCLDY (SCALE 4-7)  10
TOTAL FM JUL 1  4674    CLOUDY (SCALE 8-10)  7
DPTR FM NORMAL     M

[CDD (BASE 65) ]
TOTAL THIS MO.     0
DPTR FM NORMAL     M    [PRESSURE DATA]
TOTAL FM JAN 1     0    HIGHEST SLP M ON M
DPTR FM NORMAL     M    LOWEST  SLP M ON M

[REMARKS]
