000
CXUS53 KARX 200930
CF6MDZ
PRELIMINARY LOCAL CLIMATOLOGICAL DATA (WS FORM: F-6)

                                          STATION:   MEDFORD WI
                                          MONTH:     OCTOBER
                                          YEAR:      2018
                                          LATITUDE:   45  5 N
                                          LONGITUDE:  90 18 W

  TEMPERATURE IN F:       :PCPN:    SNOW:  WIND      :SUNSHINE: SKY     :PK WND
================================================================================
1   2   3   4   5  6A  6B    7    8   9   10  11  12  13   14  15   16   17  18
                                     12Z  AVG MX 2MIN
DY MAX MIN AVG DEP HDD CDD  WTR  SNW DPTH SPD SPD DIR MIN PSBL S-S WX    SPD DR
================================================================================

 1  47  39  43   M  22   0 0.41  0.0    0  7.5 17 100   M    M   8 3      23 100
 2  53  43  48   M  17   0 0.19  0.0    0  5.5 16 160   M    M  10 3      22 150
 3  72  44  58   M   7   0 0.78  0.0    0 10.8 20 170   M    M  10 123    27 290
 4  47  33  40   M  25   0 0.15  0.0    0  9.1 21 330   M    M   6        24 330
 5  45  38  42   M  23   0 0.16  0.0    0  6.5 15 110   M    M  10 1      23 110
 6  46  42  44   M  21   0    T  0.0    0  5.5 13 320   M    M  10 1       M  M
 7  46  40  43   M  22   0 0.03  0.0    0  7.6 10  90   M    M  10 1       M  M
 8  60  43  52   M  13   0 0.67  0.0    0  5.0 10 100   M    M  10 12      M  M
 9  57  46  52   M  13   0 1.51  0.0    0  7.5 15  40   M    M  10 1      23  50
10  66  40  53   M  12   0 0.32  0.0    0  8.4 15 250   M    M  10 12     24 260
11  40  31  36   M  29   0    T  0.0    0 14.6 22 300   M    M  10 1      33 280
12  32  24  28   M  37   0 0.00  0.0    0  6.4 12 280   M    M   7        21 280
13  50  25  38   M  27   0 0.00  0.0    0  8.7 17 200   M    M   7        23 190
14  44  29  37   M  28   0    M    M    0  6.1 13 340   M    M  10         M  M
15  35  31  33   M  32   0 0.00  0.0    M  7.9 10 220   M    M   4        16 220
16  52  31  42   M  23   0 0.00  0.0    0 12.0 17 270   M    M   6        28 270
17  42  24  33   M  32   0 0.00  0.0    0 10.0 18 300   M    M   4        25 310
18  57  22  40   M  25   0 0.00  0.0    0  8.6 15 210   M    M   0        20 210
19  57  40  49   M  16   0 0.04  0.0    0 12.6 17 210   M    M   6        32 310
================================================================================
SM  948  665       424   0  4.26     0.0 160.3          M      148
================================================================================
AV 49.9 35.0                               8.4 FASTST   M    M   8    MAX(MPH)
                                 MISC ---->  # 22 300               # 33  280
================================================================================
NOTES:
# LAST OF SEVERAL OCCURRENCES

COLUMN 17 PEAK WIND IN M.P.H.

PRELIMINARY LOCAL CLIMATOLOGICAL DATA (WS FORM: F-6) , PAGE 2

                                          STATION:  MEDFORD WI
                                          MONTH:    OCTOBER
                                          YEAR:     2018
                                          LATITUDE:   45  5 N
                                          LONGITUDE:  90 18 W

[TEMPERATURE DATA]      [PRECIPITATION DATA]       SYMBOLS USED IN COLUMN 16

AVERAGE MONTHLY: 42.5   TOTAL FOR MONTH:   4.26    1 = FOG OR MIST
DPTR FM NORMAL:     M   DPTR FM NORMAL:       M    2 = FOG REDUCING VISIBILITY
HIGHEST:    72 ON  3    GRTST 24HR  1.51 ON  9- 9      TO 1/4 MILE OR LESS
LOWEST:     22 ON 18                               3 = THUNDER
                        SNOW, ICE PELLETS, HAIL    4 = ICE PELLETS
                        TOTAL MONTH:   0.0 INCH    5 = HAIL
                        GRTST 24HR     0.0         6 = FREEZING RAIN OR DRIZZLE
                        GRTST DEPTH:   0           7 = DUSTSTORM OR SANDSTORM:
                                                       VSBY 1/2 MILE OR LESS
                                                   8 = SMOKE OR HAZE
[NO. OF DAYS WITH]      [WEATHER - DAYS WITH]      9 = BLOWING SNOW
                                                   X = TORNADO
MAX 32 OR BELOW:   1    0.01 INCH OR MORE:  10
MAX 90 OR ABOVE:   0    0.10 INCH OR MORE:   8
MIN 32 OR BELOW:   8    0.50 INCH OR MORE:   3
MIN  0 OR BELOW:   0    1.00 INCH OR MORE:   1

[HDD (BASE 65) ]
TOTAL THIS MO.   424    CLEAR  (SCALE 0-3)   1
DPTR FM NORMAL     M    PTCLDY (SCALE 4-7)   8
TOTAL FM JUL 1   785    CLOUDY (SCALE 8-10) 10
DPTR FM NORMAL     M

[CDD (BASE 65) ]
TOTAL THIS MO.     0
DPTR FM NORMAL     M    [PRESSURE DATA]
TOTAL FM JAN 1   301    HIGHEST SLP M ON M
DPTR FM NORMAL     M    LOWEST  SLP M ON M

[REMARKS]
