000
CXUS54 KMEG 240755
CF6MEG
PRELIMINARY LOCAL CLIMATOLOGICAL DATA (WS FORM: F-6)

                                          STATION:   MEMPHIS/GERMANTOWN WFO
                                          MONTH:     JANUARY
                                          YEAR:      2020
                                          LATITUDE:   35  7 N
                                          LONGITUDE:  89 48 W

  TEMPERATURE IN F:       :PCPN:    SNOW:  WIND      :SUNSHINE: SKY     :PK WND
================================================================================
1   2   3   4   5  6A  6B    7    8   9   10  11  12  13   14  15   16   17  18
                                     12Z  AVG MX 2MIN
DY MAX MIN AVG DEP HDD CDD  WTR  SNW DPTH SPD SPD DIR MIN PSBL S-S WX    SPD DR
================================================================================

 1  56  31  44   5  21   0 0.00  0.0    0   M   M   M   M    M   M         M  M
 2  54  45  50  11  15   0 1.33  0.0    0   M   M   M   M    M   M         M  M
 3  60  49  55  16  10   0 0.23  0.0    0   M   M   M   M    M   M         M  M
 4  49  32  41   2  24   0 0.00  0.0    0   M   M   M   M    M   M         M  M
 5  64  32  48   9  17   0 0.00  0.0    0   M   M   M   M    M   M         M  M
 6  59  35  47   8  18   0 0.00  0.0    0   M   M   M   M    M   M         M  M
 7  55  34  45   6  20   0 0.00  0.0    0   M   M   M   M    M   M         M  M
 8  64  33  49  10  16   0 0.00  0.0    0   M   M   M   M    M   M         M  M
 9  64  42  53  14  12   0    T  0.0    0   M   M   M   M    M   M         M  M
10  68  30  49  10  16   0 0.04  0.0    0   M   M   M   M    M   M         M  M
11  71  38  55  16  10   0 1.54  0.0    0   M   M   M   M    M   M 13      M  M
12  44  35  40   1  25   0    T  0.0    0   M   M   M   M    M   M         M  M
13  56  33  45   6  20   0    T  0.0    0   M   M   M   M    M   M         M  M
14  69  50  60  21   5   0 0.11  0.0    0   M   M   M   M    M   M         M  M
15  68  58  63  24   2   0 0.25  0.0    0   M   M   M   M    M   M         M  M
16  58  40  49  10  16   0 0.00  0.0    0   M   M   M   M    M   M         M  M
17  61  36  49  10  16   0 0.03  0.0    0   M   M   M   M    M   M         M  M
18  64  38  51  12  14   0 0.80  0.0    0   M   M   M   M    M   M         M  M
19  45  27  36  -3  29   0 0.00  0.0    0   M   M   M   M    M   M         M  M
20  30  22  26 -13  39   0    T    T    0   M   M   M   M    M   4         M  M
21  40  23  32  -7  33   0 0.00  0.0    0   M   M   M   M    M   M         M  M
22  43  25  34  -5  31   0 0.00  0.0    0   M   M   M   M    M   M         M  M
23   M   M   M   M   M   M    M    M    M   M   M   M   M    M   M         M  M
================================================================================
SM 1242  788       409   0  4.33    T        M          M        4
================================================================================
AV 56.5 35.8                                 M FASTST   M    M   4    MAX(MPH)
                                 MISC ---->     M   M                  M    M
================================================================================
NOTES:
# LAST OF SEVERAL OCCURRENCES

COLUMN 17 PEAK WIND IN M.P.H.

PRELIMINARY LOCAL CLIMATOLOGICAL DATA (WS FORM: F-6) , PAGE 2

                                          STATION:  MEMPHIS/GERMANTOWN WFO
                                          MONTH:    JANUARY
                                          YEAR:     2020
                                          LATITUDE:   35  7 N
                                          LONGITUDE:  89 48 W

[TEMPERATURE DATA]      [PRECIPITATION DATA]       SYMBOLS USED IN COLUMN 16

AVERAGE MONTHLY: 46.1   TOTAL FOR MONTH:   4.33    1 = FOG OR MIST
DPTR FM NORMAL:   7.1   DPTR FM NORMAL:    1.38    2 = FOG REDUCING VISIBILITY
HIGHEST:    71 ON 11    GRTST 24HR  1.54 ON 11-11      TO 1/4 MILE OR LESS
LOWEST:     22 ON 20                               3 = THUNDER
                        SNOW, ICE PELLETS, HAIL    4 = ICE PELLETS
                        TOTAL MONTH:    T          5 = HAIL
                        GRTST 24HR    T  ON 20-20  6 = FREEZING RAIN OR DRIZZLE
                        GRTST DEPTH:   0           7 = DUSTSTORM OR SANDSTORM:
                                                       VSBY 1/2 MILE OR LESS
                                                   8 = SMOKE OR HAZE
[NO. OF DAYS WITH]      [WEATHER - DAYS WITH]      9 = BLOWING SNOW
                                                   X = TORNADO
MAX 32 OR BELOW:   1    0.01 INCH OR MORE:   8
MAX 90 OR ABOVE:   0    0.10 INCH OR MORE:   6
MIN 32 OR BELOW:   8    0.50 INCH OR MORE:   3
MIN  0 OR BELOW:   0    1.00 INCH OR MORE:   2

[HDD (BASE 65) ]
TOTAL THIS MO.   409    CLEAR  (SCALE 0-3)   0
DPTR FM NORMAL  -189    PTCLDY (SCALE 4-7)   1
TOTAL FM JUL 1  1665    CLOUDY (SCALE 8-10)  0
DPTR FM NORMAL  -257

[CDD (BASE 65) ]
TOTAL THIS MO.     0
DPTR FM NORMAL     0    [PRESSURE DATA]
TOTAL FM JAN 1     0    HIGHEST SLP M ON M
DPTR FM NORMAL     0    LOWEST  SLP M ON M

[REMARKS]
