000
CXUS56 KMFR 241000
CF6MFR
PRELIMINARY LOCAL CLIMATOLOGICAL DATA (WS FORM: F-6)

                                          STATION:   MEDFORD OR
                                          MONTH:     MAY
                                          YEAR:      2020
                                          LATITUDE:   42 22 N
                                          LONGITUDE: 122 52 W

  TEMPERATURE IN F:       :PCPN:    SNOW:  WIND      :SUNSHINE: SKY     :PK WND
================================================================================
1   2   3   4   5  6A  6B    7    8   9   10  11  12  13   14  15   16   17  18
                                     12Z  AVG MX 2MIN
DY MAX MIN AVG DEP HDD CDD  WTR  SNW DPTH SPD SPD DIR MIN PSBL S-S WX    SPD DR
================================================================================

 1  75  40  58   2   7   0 0.00  0.0    0  5.5 17 320   M    M   2        22 310
 2  68  44  56   0   9   0 0.05  0.0    0  4.3 21 300   M    M   6        27 290
 3  65  37  51  -6  14   0 0.00  0.0    0  2.7 12 270   M    M   3 12     16 350
 4  76  36  56  -1   9   0 0.00  0.0    0  3.8 15 300   M    M   1        20 290
 5  80  46  63   6   2   0 0.00  0.0    0  6.4 28 290   M    M   2        34 280
 6  69  43  56  -1   9   0    T  0.0    0  4.5 23 300   M    M   2        32 300
 7  87  39  63   5   2   0 0.00  0.0    0  2.1 10 350   M    M   0        13 220
 8  93  46  70  12   0   5 0.00  0.0    0  2.6 12  40   M    M   0        17 350
 9  92  54  73  15   0   8 0.00  0.0    0  4.7 16  20   M    M   0        21  10
10  86  56  71  13   0   6 0.00  0.0    0  5.3 21 310   M    M   0        26 300
11  71  55  63   4   2   0    T  0.0    0  7.2 25 150   M    M   5        30 150
12  62  50  56  -3   9   0 0.05  0.0    0  7.6 20 270   M    M   8        25 270
13  57  48  53  -6  12   0 0.07  0.0    0  2.4 10 280   M    M  10        14 280
14  61  45  53  -6  12   0 0.10  0.0    0  4.9 18 320   M    M   9        23 320
15  72  42  57  -3   8   0 0.00  0.0    0  4.0 10 310   M    M   3        15 310
16  65  52  59  -1   6   0 0.12  0.0    0  4.3 14 260   M    M   5 1      17 260
17  67  49  58  -2   7   0 0.44  0.0    0  6.0 23 320   M    M   8 138    29 260
18  60  46  53  -7  12   0 0.14  0.0    0  3.3 14 290   M    M   8 1      16  30
19  64  49  57  -3   8   0 0.06  0.0    0  5.0 15 330   M    M   9 1      19 320
20  68  51  60  -1   5   0 0.00  0.0    0  6.0 16  50   M    M   9        19  30
21  66  49  58  -3   7   0 0.00  0.0    0  7.7 20 300   M    M   8        26 300
22  65  44  55  -6  10   0    T  0.0    0  5.6 14 280   M    M   5        19 280
23  74  40  57  -4   8   0 0.00  0.0    0  4.3 14 320   M    M   0        20 280
================================================================================
SM 1643 1061       158  19  1.03     0.0 110.2          M      103
================================================================================
AV 71.4 46.1                               4.8 FASTST   M    M   4    MAX(MPH)
                                 MISC ---->  # 28 290               # 34  280
================================================================================
NOTES:
# LAST OF SEVERAL OCCURRENCES

COLUMN 17 PEAK WIND IN M.P.H.

PRELIMINARY LOCAL CLIMATOLOGICAL DATA (WS FORM: F-6) , PAGE 2

                                          STATION:  MEDFORD OR
                                          MONTH:    MAY
                                          YEAR:     2020
                                          LATITUDE:   42 22 N
                                          LONGITUDE: 122 52 W

[TEMPERATURE DATA]      [PRECIPITATION DATA]       SYMBOLS USED IN COLUMN 16

AVERAGE MONTHLY: 58.8   TOTAL FOR MONTH:   1.03    1 = FOG OR MIST
DPTR FM NORMAL:   0.0   DPTR FM NORMAL:    0.04    2 = FOG REDUCING VISIBILITY
HIGHEST:    93 ON  8    GRTST 24HR  0.44 ON 17-17      TO 1/4 MILE OR LESS
LOWEST:     36 ON  4                               3 = THUNDER
                        SNOW, ICE PELLETS, HAIL    4 = ICE PELLETS
                        TOTAL MONTH:   0.0 INCH    5 = HAIL
                        GRTST 24HR     0.0         6 = FREEZING RAIN OR DRIZZLE
                        GRTST DEPTH:   0           7 = DUSTSTORM OR SANDSTORM:
                                                       VSBY 1/2 MILE OR LESS
                                                   8 = SMOKE OR HAZE
[NO. OF DAYS WITH]      [WEATHER - DAYS WITH]      9 = BLOWING SNOW
                                                   X = TORNADO
MAX 32 OR BELOW:   0    0.01 INCH OR MORE:   8
MAX 90 OR ABOVE:   2    0.10 INCH OR MORE:   4
MIN 32 OR BELOW:   0    0.50 INCH OR MORE:   0
MIN  0 OR BELOW:   0    1.00 INCH OR MORE:   0

[HDD (BASE 65) ]
TOTAL THIS MO.   158    CLEAR  (SCALE 0-3)  11
DPTR FM NORMAL    -4    PTCLDY (SCALE 4-7)   8
TOTAL FM JUL 1  4081    CLOUDY (SCALE 8-10)  4
DPTR FM NORMAL   -80

[CDD (BASE 65) ]
TOTAL THIS MO.    19
DPTR FM NORMAL    -3    [PRESSURE DATA]
TOTAL FM JAN 1    25    HIGHEST SLP M ON M
DPTR FM NORMAL     0    LOWEST  SLP 29.65 ON 17

[REMARKS]
