000
CXUS56 KMFR 231000
CF6MFR
PRELIMINARY LOCAL CLIMATOLOGICAL DATA (WS FORM: F-6)

                                          STATION:   MEDFORD OR
                                          MONTH:     OCTOBER
                                          YEAR:      2019
                                          LATITUDE:   42 22 N
                                          LONGITUDE: 122 52 W

  TEMPERATURE IN F:       :PCPN:    SNOW:  WIND      :SUNSHINE: SKY     :PK WND
================================================================================
1   2   3   4   5  6A  6B    7    8   9   10  11  12  13   14  15   16   17  18
                                     12Z  AVG MX 2MIN
DY MAX MIN AVG DEP HDD CDD  WTR  SNW DPTH SPD SPD DIR MIN PSBL S-S WX    SPD DR
================================================================================

 1  65  37  51 -11  14   0 0.00  0.0    0  1.8  9 170   M    M   1 18     11 170
 2  65  37  51 -11  14   0 0.00  0.0    0  1.9  8 170   M    M   2        10 170
 3  65  48  57  -4   8   0 0.03  0.0    0  3.2 15 300   M    M   8 1      20 320
 4  64  44  54  -7  11   0 0.01  0.0    0  2.2 13  20   M    M   4        16  10
 5  70  36  53  -7  12   0 0.00  0.0    0  1.5  8 190   M    M   0        10 170
 6  78  36  57  -3   8   0 0.00  0.0    0  1.4 13 150   M    M   0        15 160
 7  79  39  59  -1   6   0 0.00  0.0    0  1.4 10  20   M    M   0        11  20
 8  70  42  56  -3   9   0 0.00  0.0    0  6.7 21 350   M    M   4        28 360
 9  62  33  48 -11  17   0 0.00  0.0    0  2.2 10  10   M    M   1        13 330
10  72  30  51  -7  14   0 0.00  0.0    0  3.9 12  30   M    M   0 8      14  30
11  75  33  54  -4  11   0 0.00  0.0    0  2.3  9 180   M    M   0        12 200
12  70  33  52  -6  13   0 0.00  0.0    0  0.8  8 190   M    M   0        10 190
13  73  40  57   0   8   0 0.00  0.0    0  2.1 10 340   M    M   0        13 340
14  71  38  55  -2  10   0 0.00  0.0    0  1.7  8 170   0    0   0         M  M
15  69  38  54  -2  11   0 0.00  0.0    0  0.8  5 280   M    M   0         8 190
16  64  39  52  -4  13   0 0.33  0.0    0  2.9 13 320   M    M   4 1      15 320
17  57  46  52  -4  13   0 0.05  0.0    0  3.3  9  10   M    M   8 18     11 190
18  61  49  55   0  10   0 0.17  0.0    0  2.1 10 320   M    M   8 18     16 320
19  58  45  52  -3  13   0 0.06  0.0    0  4.7 14 360   M    M   6 1      19 290
20  58  43  51  -3  14   0 0.00  0.0    0  1.3  6 280   M    M   7 8       9  20
21  70  43  57   3   8   0 0.00  0.0    0  1.9  9 180   0    0   0         M  M
22  67  39  53  -1  12   0 0.00  0.0    0  2.4  8 200   M    M   3        10 340
================================================================================
SM 1483  868       249   0  0.65     0.0  52.5            0     56
================================================================================
AV 67.4 39.5                               2.4 FASTST    0   0   3    MAX(MPH)
                                 MISC ---->  # 21 350               # 28  360
================================================================================
NOTES:
# LAST OF SEVERAL OCCURRENCES

COLUMN 17 PEAK WIND IN M.P.H.

PRELIMINARY LOCAL CLIMATOLOGICAL DATA (WS FORM: F-6) , PAGE 2

                                          STATION:  MEDFORD OR
                                          MONTH:    OCTOBER
                                          YEAR:     2019
                                          LATITUDE:   42 22 N
                                          LONGITUDE: 122 52 W

[TEMPERATURE DATA]      [PRECIPITATION DATA]       SYMBOLS USED IN COLUMN 16

AVERAGE MONTHLY: 53.4   TOTAL FOR MONTH:   0.65    1 = FOG OR MIST
DPTR FM NORMAL:  -4.4   DPTR FM NORMAL:    0.01    2 = FOG REDUCING VISIBILITY
HIGHEST:    79 ON  7    GRTST 24HR  0.33 ON 16-16      TO 1/4 MILE OR LESS
LOWEST:     30 ON 10                               3 = THUNDER
                        SNOW, ICE PELLETS, HAIL    4 = ICE PELLETS
                        TOTAL MONTH:   0.0 INCH    5 = HAIL
                        GRTST 24HR     0.0         6 = FREEZING RAIN OR DRIZZLE
                        GRTST DEPTH:   0           7 = DUSTSTORM OR SANDSTORM:
                                                       VSBY 1/2 MILE OR LESS
                                                   8 = SMOKE OR HAZE
[NO. OF DAYS WITH]      [WEATHER - DAYS WITH]      9 = BLOWING SNOW
                                                   X = TORNADO
MAX 32 OR BELOW:   0    0.01 INCH OR MORE:   6
MAX 90 OR ABOVE:   0    0.10 INCH OR MORE:   2
MIN 32 OR BELOW:   1    0.50 INCH OR MORE:   0
MIN  0 OR BELOW:   0    1.00 INCH OR MORE:   0

[HDD (BASE 65) ]
TOTAL THIS MO.   249    CLEAR  (SCALE 0-3)  14
DPTR FM NORMAL    80    PTCLDY (SCALE 4-7)   8
TOTAL FM JUL 1   340    CLOUDY (SCALE 8-10)  0
DPTR FM NORMAL   102

[CDD (BASE 65) ]
TOTAL THIS MO.     0
DPTR FM NORMAL    -8    [PRESSURE DATA]
TOTAL FM JAN 1   932    HIGHEST SLP  0.00 ON M
DPTR FM NORMAL   105    LOWEST  SLP 29.81 ON 16

[REMARKS]
