000
CXUS56 KMFR 201000
CF6MFR
PRELIMINARY LOCAL CLIMATOLOGICAL DATA (WS FORM: F-6)

                                          STATION:   MEDFORD OR
                                          MONTH:     JULY
                                          YEAR:      2018
                                          LATITUDE:   42 22 N
                                          LONGITUDE: 122 52 W

  TEMPERATURE IN F:       :PCPN:    SNOW:  WIND      :SUNSHINE: SKY     :PK WND
================================================================================
1   2   3   4   5  6A  6B    7    8   9   10  11  12  13   14  15   16   17  18
                                     12Z  AVG MX 2MIN
DY MAX MIN AVG DEP HDD CDD  WTR  SNW DPTH SPD SPD DIR MIN PSBL S-S WX    SPD DR
================================================================================

 1  91  58  75   4   0  10 0.00  0.0    0  5.2 18 350   M    M   0        23 350
 2  83  58  71   0   0   6 0.00  0.0    0  7.8 17 360   M    M   0        24 350
 3  85  49  67  -4   0   2 0.00  0.0    0  3.6 14 330   M    M   0 8      22 360
 4  88  55  72   0   0   7 0.00  0.0    0  5.3 15 320   M    M   2        22 290
 5  89  55  72   0   0   7 0.00  0.0    0  6.5 21 300   M    M   2        27 290
 6  86  57  72   0   0   7 0.00  0.0    0  7.6 22 290   M    M   0        31 280
 7  88  53  71  -1   0   6 0.00  0.0    0  5.1 18  20   M    M   0        23  20
 8  91  54  73   0   0   8 0.00  0.0    0  5.3 16 320   M    M   0        22 340
 9  89  59  74   1   0   9 0.00  0.0    0  7.1 20 350   M    M   0 8      26 320
10  90  56  73   0   0   8 0.00  0.0    0  5.1 15 350   M    M   0 8      19 330
11  95  59  77   3   0  12 0.00  0.0    0  4.1 14 340   M    M   0 8      18 360
12 104  62  83   9   0  18 0.00  0.0    0  3.5 12 350   M    M   0        16 310
13 101  66  84  10   0  19 0.00  0.0    0  4.3 17 280   M    M   0        23 300
14 104  72  88  14   0  23 0.00  0.0    0  4.5 17 360   M    M   1        21 360
15  96  65  81   7   0  16 0.01  0.0    0  4.5 15 320   M    M   2 38     19 320
16 105  66  86  12   0  21 0.00  0.0    0  4.8 20  10   M    M   1        23  10
17 104  69  87  12   0  22 0.00  0.0    0  5.1 20 360   M    M   0 8      24 270
18  96  61  79   4   0  14 0.00  0.0    0  5.1 16 350   M    M   0 8      20 350
19  97  61  79   4   0  14 0.00  0.0    0  5.5 21 360   M    M   2 8      25 360
================================================================================
SM 1782 1135         0 229  0.01     0.0 100.0          M       10
================================================================================
AV 93.8 59.7                               5.3 FASTST   M    M   1    MAX(MPH)
                                 MISC ---->  # 22 290               # 31  280
================================================================================
NOTES:
# LAST OF SEVERAL OCCURRENCES

COLUMN 17 PEAK WIND IN M.P.H.

PRELIMINARY LOCAL CLIMATOLOGICAL DATA (WS FORM: F-6) , PAGE 2

                                          STATION:  MEDFORD OR
                                          MONTH:    JULY
                                          YEAR:     2018
                                          LATITUDE:   42 22 N
                                          LONGITUDE: 122 52 W

[TEMPERATURE DATA]      [PRECIPITATION DATA]       SYMBOLS USED IN COLUMN 16

AVERAGE MONTHLY: 76.8   TOTAL FOR MONTH:   0.01    1 = FOG OR MIST
DPTR FM NORMAL:   3.7   DPTR FM NORMAL:   -0.18    2 = FOG REDUCING VISIBILITY
HIGHEST:   105 ON 16    GRTST 24HR  0.01 ON 15-15      TO 1/4 MILE OR LESS
LOWEST:     49 ON  3                               3 = THUNDER
                        SNOW, ICE PELLETS, HAIL    4 = ICE PELLETS
                        TOTAL MONTH:   0.0 INCH    5 = HAIL
                        GRTST 24HR     0.0         6 = FREEZING RAIN OR DRIZZLE
                        GRTST DEPTH:   0           7 = DUSTSTORM OR SANDSTORM:
                                                       VSBY 1/2 MILE OR LESS
                                                   8 = SMOKE OR HAZE
[NO. OF DAYS WITH]      [WEATHER - DAYS WITH]      9 = BLOWING SNOW
                                                   X = TORNADO
MAX 32 OR BELOW:   0    0.01 INCH OR MORE:   1
MAX 90 OR ABOVE:  12    0.10 INCH OR MORE:   0
MIN 32 OR BELOW:   0    0.50 INCH OR MORE:   0
MIN  0 OR BELOW:   0    1.00 INCH OR MORE:   0

[HDD (BASE 65) ]
TOTAL THIS MO.     0    CLEAR  (SCALE 0-3)  19
DPTR FM NORMAL    -1    PTCLDY (SCALE 4-7)   0
TOTAL FM JUL 1     0    CLOUDY (SCALE 8-10)  0
DPTR FM NORMAL    -1

[CDD (BASE 65) ]
TOTAL THIS MO.   229
DPTR FM NORMAL    70    [PRESSURE DATA]
TOTAL FM JAN 1   404    HIGHEST SLP  0.00 ON 12
DPTR FM NORMAL    99    LOWEST  SLP  0.00 ON 12

[REMARKS]
