000
CXUS56 KMFR 211000
CF6MFR
PRELIMINARY LOCAL CLIMATOLOGICAL DATA (WS FORM: F-6)

                                          STATION:   MEDFORD OR
                                          MONTH:     JANUARY
                                          YEAR:      2019
                                          LATITUDE:   42 22 N
                                          LONGITUDE: 122 52 W

  TEMPERATURE IN F:       :PCPN:    SNOW:  WIND      :SUNSHINE: SKY     :PK WND
================================================================================
1   2   3   4   5  6A  6B    7    8   9   10  11  12  13   14  15   16   17  18
                                     12Z  AVG MX 2MIN
DY MAX MIN AVG DEP HDD CDD  WTR  SNW DPTH SPD SPD DIR MIN PSBL S-S WX    SPD DR
================================================================================

 1  38  27  33  -6  32   0 0.00  0.0    0  1.2  7 150   M    M   6 128     8 150
 2  42  25  34  -5  31   0    T    T    0  0.5  6 140   M    M   4 12      7 330
 3  41  27  34  -5  31   0 0.00  0.0    0  1.2 10 120   M    M   3 1      11 120
 4  43  27  35  -4  30   0    T    T    0  0.3  6 310   M    M   6 128     7 150
 5  54  28  41   2  24   0 0.07  0.0    0 10.4 36 130   M    M   5 1      47 130
 6  41  35  38  -1  27   0 0.17  0.0    0  2.2  9 200   M    M  10 1      12 190
 7  39  33  36  -3  29   0 0.01  0.0    0  2.0  7  10   M    M  10 1       8 320
 8  64  37  51  12  14   0 0.00  0.0    0 12.0 30 120   M    M   6 1      40 130
 9  60  45  53  13  12   0    T  0.0    0  7.1 22 130   M    M   9        30 140
10  60  37  49   9  16   0    T  0.0    0  5.9 23 150   M    M   5 12     31 140
11  62  39  51  11  14   0 0.00  0.0    0  7.7 25 120   M    M   4        33 130
12  65  34  50  10  15   0 0.00  0.0    0  5.6 29 130   M    M   0        40 140
13  63  31  47   7  18   0 0.00  0.0    0  3.9 13 350   M    M   0        16 350
14  59  25  42   2  23   0 0.00  0.0    0  4.2 21 140   M    M   2        29 120
15  59  35  47   7  18   0    T  0.0    0 10.5 30 140   M    M   8        40 130
16  57  41  49   9  16   0 0.23  0.0    0  9.0 35 140   M    M   6        47 140
17  53  36  45   5  20   0 0.07    M    0  6.3 21 220   M    M   6 1      26 220
18  44  35  40   0  25   0 0.62    M    0  2.7 12 330   M    M   9 1      14 330
19  49  43  46   6  19   0 1.58    M    0  3.7 12 350   M    M  10 1      13  20
20  48  41  45   4  20   0 0.61    M    0  2.6  9 190   M    M  10 18     13 190
================================================================================
SM 1041  681       434   0  3.36    T     99.0          M      119
================================================================================
AV 52.1 34.1                               4.9 FASTST   M    M   6    MAX(MPH)
                                 MISC ---->  # 36 130               # 47  130
================================================================================
NOTES:
# LAST OF SEVERAL OCCURRENCES

COLUMN 17 PEAK WIND IN M.P.H.

PRELIMINARY LOCAL CLIMATOLOGICAL DATA (WS FORM: F-6) , PAGE 2

                                          STATION:  MEDFORD OR
                                          MONTH:    JANUARY
                                          YEAR:     2019
                                          LATITUDE:   42 22 N
                                          LONGITUDE: 122 52 W

[TEMPERATURE DATA]      [PRECIPITATION DATA]       SYMBOLS USED IN COLUMN 16

AVERAGE MONTHLY: 43.1   TOTAL FOR MONTH:   3.36    1 = FOG OR MIST
DPTR FM NORMAL:   3.4   DPTR FM NORMAL:    1.66    2 = FOG REDUCING VISIBILITY
HIGHEST:    65 ON 12    GRTST 24HR  1.58 ON 19-19      TO 1/4 MILE OR LESS
LOWEST:     25 ON 14, 2                            3 = THUNDER
                        SNOW, ICE PELLETS, HAIL    4 = ICE PELLETS
                        TOTAL MONTH:    T          5 = HAIL
                        GRTST 24HR    T  ON  4- 4  6 = FREEZING RAIN OR DRIZZLE
                        GRTST DEPTH:   0           7 = DUSTSTORM OR SANDSTORM:
                                                       VSBY 1/2 MILE OR LESS
                                                   8 = SMOKE OR HAZE
[NO. OF DAYS WITH]      [WEATHER - DAYS WITH]      9 = BLOWING SNOW
                                                   X = TORNADO
MAX 32 OR BELOW:   0    0.01 INCH OR MORE:   8
MAX 90 OR ABOVE:   0    0.10 INCH OR MORE:   5
MIN 32 OR BELOW:   7    0.50 INCH OR MORE:   3
MIN  0 OR BELOW:   0    1.00 INCH OR MORE:   1

[HDD (BASE 65) ]
TOTAL THIS MO.   434    CLEAR  (SCALE 0-3)   4
DPTR FM NORMAL   -73    PTCLDY (SCALE 4-7)  10
TOTAL FM JUL 1  2064    CLOUDY (SCALE 8-10)  6
DPTR FM NORMAL  -209

[CDD (BASE 65) ]
TOTAL THIS MO.     0
DPTR FM NORMAL     0    [PRESSURE DATA]
TOTAL FM JAN 1     0    HIGHEST SLP M ON M
DPTR FM NORMAL     0    LOWEST  SLP 29.45 ON  5

[REMARKS]
