000
CXUS54 KBMX 161110
CF6MGM
PRELIMINARY LOCAL CLIMATOLOGICAL DATA (WS FORM: F-6)

                                          STATION:   MONTGOMERY
                                          MONTH:     OCTOBER
                                          YEAR:      2019
                                          LATITUDE:   32 17 N
                                          LONGITUDE:  86 24 W

  TEMPERATURE IN F:       :PCPN:    SNOW:  WIND      :SUNSHINE: SKY     :PK WND
================================================================================
1   2   3   4   5  6A  6B    7    8   9   10  11  12  13   14  15   16   17  18
                                     12Z  AVG MX 2MIN
DY MAX MIN AVG DEP HDD CDD  WTR  SNW DPTH SPD SPD DIR MIN PSBL S-S WX    SPD DR
================================================================================

 1 101  70  86  15   0  21 0.00  0.0    0  2.8 16 100   M    M   1        20  90
 2  99  71  85  14   0  20 0.00  0.0    0  3.0 10 100   M    M   1        13  70
 3 102  71  87  17   0  22    T  0.0    0  2.2 10 210   M    M   1 1      14 100
 4 102  72  87  17   0  22 0.00  0.0    0  4.0 13  30   M    M   1 18     17 350
 5  97  70  84  14   0  19 0.58  0.0    0  4.2 32  60   M    M   3 138    52  70
 6  90  72  81  12   0  16 0.00  0.0    0  8.3 16 100   M    M   3        20 100
 7  88  70  79  10   0  14 0.00  0.0    0  6.9 17 320   M    M   3        21 320
 8  90  67  79  11   0  14 0.00  0.0    0  4.1 10 360   M    M   2        13 360
 9  88  68  78  10   0  13 0.00  0.0    0  7.9 15  60   M    M   5        21  30
10  89  66  78  10   0  13 0.00  0.0    0  7.8 15 110   M    M   4        20  90
11  89  61  75   7   0  10 0.00  0.0    0  6.4 13 120   M    M   1 8      17  90
12  81  61  71   4   0   6    T  0.0    0  5.7 17 290   M    M   7 1      20 290
13  74  60  67   0   0   2 0.15  0.0    0  3.5 10 340   M    M   9 18     13 350
14  79  59  69   3   0   4 0.02  0.0    0  3.0  9  20   M    M   8        13  30
15  72  69  71   5   0   6 1.64  0.0    0  4.8 14 130   M    M   8 1      17 120
================================================================================
SM 1341 1007         0 202  2.39     0.0  74.6          M       57
================================================================================
AV 89.4 67.1                               5.0 FASTST   M    M   4    MAX(MPH)
                                 MISC ---->  # 32  60               # 52   70
================================================================================
NOTES:
# LAST OF SEVERAL OCCURRENCES

COLUMN 17 PEAK WIND IN M.P.H.

PRELIMINARY LOCAL CLIMATOLOGICAL DATA (WS FORM: F-6) , PAGE 2

                                          STATION:  MONTGOMERY
                                          MONTH:    OCTOBER
                                          YEAR:     2019
                                          LATITUDE:   32 17 N
                                          LONGITUDE:  86 24 W

[TEMPERATURE DATA]      [PRECIPITATION DATA]       SYMBOLS USED IN COLUMN 16

AVERAGE MONTHLY: 78.3   TOTAL FOR MONTH:   2.39    1 = FOG OR MIST
DPTR FM NORMAL:   9.7   DPTR FM NORMAL:    0.97    2 = FOG REDUCING VISIBILITY
HIGHEST:   102 ON  4, 3 GRTST 24HR  1.64 ON 15-15      TO 1/4 MILE OR LESS
LOWEST:     59 ON 14                               3 = THUNDER
                        SNOW, ICE PELLETS, HAIL    4 = ICE PELLETS
                        TOTAL MONTH:   0.0 INCH    5 = HAIL
                        GRTST 24HR     0.0         6 = FREEZING RAIN OR DRIZZLE
                        GRTST DEPTH:   0           7 = DUSTSTORM OR SANDSTORM:
                                                       VSBY 1/2 MILE OR LESS
                                                   8 = SMOKE OR HAZE
[NO. OF DAYS WITH]      [WEATHER - DAYS WITH]      9 = BLOWING SNOW
                                                   X = TORNADO
MAX 32 OR BELOW:   0    0.01 INCH OR MORE:   4
MAX 90 OR ABOVE:   7    0.10 INCH OR MORE:   3
MIN 32 OR BELOW:   0    0.50 INCH OR MORE:   2
MIN  0 OR BELOW:   0    1.00 INCH OR MORE:   1

[HDD (BASE 65) ]
TOTAL THIS MO.     0    CLEAR  (SCALE 0-3)   8
DPTR FM NORMAL   -22    PTCLDY (SCALE 4-7)   5
TOTAL FM JUL 1     0    CLOUDY (SCALE 8-10)  2
DPTR FM NORMAL   -26

[CDD (BASE 65) ]
TOTAL THIS MO.   202
DPTR FM NORMAL   126    [PRESSURE DATA]
TOTAL FM JAN 1  2943    HIGHEST SLP M ON M
DPTR FM NORMAL   737    LOWEST  SLP 29.86 ON 15

[REMARKS]
