000
CXUS53 KFSD 291411
CF6MHE
PRELIMINARY LOCAL CLIMATOLOGICAL DATA (WS FORM: F-6)

                                          STATION:   MITCHELL SD
                                          MONTH:     MAY
                                          YEAR:      2020
                                          LATITUDE:   43 46 N
                                          LONGITUDE:  98  2 W

  TEMPERATURE IN F:       :PCPN:    SNOW:  WIND      :SUNSHINE: SKY     :PK WND
================================================================================
1   2   3   4   5  6A  6B    7    8   9   10  11  12  13   14  15   16   17  18
                                     12Z  AVG MX 2MIN
DY MAX MIN AVG DEP HDD CDD  WTR  SNW DPTH SPD SPD DIR MIN PSBL S-S WX    SPD DR
================================================================================

 1  85  56  71  16   0   6    T  0.0    0 16.5 29 320   M    M   1        39 320
 2  74  50  62   7   3   0 0.00  0.0    0  6.9 16 320   M    M   0        20 270
 3  76  47  62   7   3   0 0.00  0.0    0  6.9 17  90   M    M   2        23  90
 4  56  48  52  -4  13   0 0.39  0.0    0 14.2 28 300   M    M   9 1      38 310
 5  59  41  50  -6  15   0 0.00  0.0    0 16.9 31 310   M    M   6        42 310
 6  65  41  53  -3  12   0 0.00  0.0    0  7.8 15 340   M    M   5        20 330
 7  57  40  49  -8  16   0    T  0.0    0  6.9 17  10   M    M   4        24  10
 8  57  31  44 -13  21   0 0.00  0.0    0  9.5 16 350   M    M   0        27 340
 9  57  38  48  -9  17   0 0.12  0.0    0 18.8 37 340   M    M   6 1      49 340
10  52  32  42 -16  23   0 0.00  0.0    0 14.9 26 350   M    M   5        37 350
11  53  29  41 -17  24   0 0.00  0.0    0  6.0 13  10   M    M   5        18  20
12  54  41  48 -10  17   0    T  0.0    0  8.7 17 160   M    M   9        25 160
13  57  47  52  -7  13   0    T  0.0    0 13.3 25 170   M    M   9        40 170
14  72  43  58  -1   7   0 0.00  0.0    0  5.2 14 360   M    M   2 1      19 360
15  68  41  55  -4  10   0    T  0.0    0  4.6 12 170   M    M   4        14 180
16  58  51  55  -5  10   0 0.71  0.0    0 10.5 23  70   M    M  10 1      28  70
17  65  50  58  -2   7   0    T  0.0    0 12.6 20  50   M    M   8 1      26  10
18  71  42  57  -3   8   0 0.00  0.0    0  8.1 16  90   M    M   2        23  90
19  70  51  61   1   4   0 0.00  0.0    0 12.3 23 140   M    M   5        30 140
20  72  57  65   4   0   0 0.00  0.0    0 17.8 28 140   M    M   9        36 140
21  68  58  63   2   2   0 0.02  0.0    0 13.7 23 130   M    M   6 1      31 140
22  72  58  65   4   0   0 0.00  0.0    0 10.3 18 160   M    M   5        26 170
23  79  59  69   7   0   4 0.00  0.0    0  9.0 18 120   M    M   4 1      23 130
24  75  59  67   5   0   2 0.52  0.0    0 13.2 29  80   M    M   8 13     38  80
25  63  57  60  -2   5   0 0.03  0.0    0 12.0 18 320   M    M   8 1      24 330
26  74  56  65   3   0   0    T  0.0    0  6.1 13 330   M    M   6        17  30
27  83  52  68   5   0   3 0.00  0.0    0  4.5 15  20   M    M   0        22  20
28  76  55  66   3   0   1 0.00  0.0    0 14.5 28 320   M    M   3        37 320
================================================================================
SM 1868 1330       230  16  1.79  0.0    301.7          M      141
================================================================================
AV 66.7 47.5                              10.8 FASTST   M    M   5    MAX(MPH)
                                 MISC ---->    37 340                 49 340
================================================================================
NOTES:
# LAST OF SEVERAL OCCURRENCES

COLUMN 17 PEAK WIND IN M.P.H.

PRELIMINARY LOCAL CLIMATOLOGICAL DATA (WS FORM: F-6) , PAGE 2

                                          STATION:   MITCHELL SD
                                          MONTH:     MAY
                                          YEAR:      2020
                                          LATITUDE:   43 46 N
                                          LONGITUDE:  98  2 W

[TEMPERATURE DATA]      [PRECIPITATION DATA]       SYMBOLS USED IN COLUMN 16

AVERAGE MONTHLY: 57.1   TOTAL FOR MONTH:   1.79    1 = FOG OR MIST
DPTR FM NORMAL:  -1.9   DPTR FM NORMAL:   -0.68    2 = FOG REDUCING VISIBILITY
HIGHEST:    85 ON  1    GRTST 24HR  0.71 ON 16-16      TO 1/4 MILE OR LESS
LOWEST:     29 ON 11                               3 = THUNDER
                        SNOW, ICE PELLETS, HAIL    4 = ICE PELLETS
                        TOTAL MONTH:   0.0 INCH    5 = HAIL
                        GRTST 24HR  0.0            6 = FREEZING RAIN OR DRIZZLE
                        GRTST DEPTH:  0            7 = DUSTSTORM OR SANDSTORM:
                                                       VSBY 1/2 MILE OR LESS
                                                   8 = SMOKE OR HAZE
[NO. OF DAYS WITH]      [WEATHER - DAYS WITH]      9 = BLOWING SNOW
                                                   X = TORNADO
MAX 32 OR BELOW:   0    0.01 INCH OR MORE:   6
MAX 90 OR ABOVE:   0    0.10 INCH OR MORE:   4
MIN 32 OR BELOW:   3    0.50 INCH OR MORE:   2
MIN  0 OR BELOW:   0    1.00 INCH OR MORE:   0

[HDD (BASE 65) ]
TOTAL THIS MO.   230    CLEAR  (SCALE 0-3)   8
DPTR FM NORMAL    31    PTCLDY (SCALE 4-7)  14
TOTAL FM JUL 1  7047    CLOUDY (SCALE 8-10)  6
DPTR FM NORMAL  -152

[CDD (BASE 65) ]
TOTAL THIS MO.    16
DPTR FM NORMAL   -14    [PRESSURE DATA]
TOTAL FM JAN 1    16    HIGHEST SLP M ON M
DPTR FM NORMAL   -16    LOWEST  SLP 29.51 ON 24

[REMARKS]
