000
CXUS55 KFSD 230905
CF6MHE
PRELIMINARY LOCAL CLIMATOLOGICAL DATA (WS FORM: F-6)

                                          STATION:   MITCHELL SD
                                          MONTH:     OCTOBER
                                          YEAR:      2019
                                          LATITUDE:   43 46 N
                                          LONGITUDE:  98  2 W

  TEMPERATURE IN F:       :PCPN:    SNOW:  WIND      :SUNSHINE: SKY     :PK WND
================================================================================
1   2   3   4   5  6A  6B    7    8   9   10  11  12  13   14  15   16   17  18
                                     12Z  AVG MX 2MIN
DY MAX MIN AVG DEP HDD CDD  WTR  SNW DPTH SPD SPD DIR MIN PSBL S-S WX    SPD DR
================================================================================

 1  53  47  50  -6  15   0    T  0.0    0 14.2 21  10   M    M   9 13     27 360
 2  48  44  46  -9  19   0 0.41  0.0    0 10.8 17  50   M    M  10 1      22  20
 3  51  38  45 -10  20   0 0.00  0.0    0  7.9 15 300   M    M   8        20 310
 4  56  38  47  -7  18   0    T  0.0    0 14.8 24 140   M    M   7        34 150
 5  65  49  57   3   8   0 0.07  0.0    0 15.7 36 300   M    M   7 13     48 300
 6  67  45  56   2   9   0 0.00  0.0    0 13.8 25 290   M    M   0        34 280
 7  72  42  57   4   8   0 0.00  0.0    0  8.6 16 180   M    M   0        25 170
 8  76  51  64  11   1   0 0.00  0.0    0 16.0 23 170   M    M   0        34 200
 9  64  45  55   3  10   0    T  0.0    0 14.2 21 330   M    M   3 1      30 160
10  45  34  40 -12  25   0 0.59    T    0 20.0 32 310   M    M  10 13     44 310
11  38  31  35 -17  30   0    T    T    T 23.6 37 300   M    M   8 1      51 290
12  38  32  35 -16  30   0 0.02    T    0 16.8 31 280   M    M   7 1      43 280
13  47  31  39 -12  26   0 0.00  0.0    0 10.0 22 320   M    M   7        30 320
14  62  27  45  -6  20   0 0.00  0.0    0 10.7 22 140   M    M   0        31 140
15  48  40  44  -6  21   0 0.00  0.0    0 17.2 31 320   M    M   6        45 330
16  54  39  47  -3  18   0 0.00  0.0    0  5.1 13 150   M    M   5        17 190
17  68  35  52   3  13   0 0.00  0.0    0 12.6 24 150   M    M   0        35 150
18  69  50  60  11   5   0 0.00  0.0    0 14.4 22 170   M    M   0        31 160
19  65  41  53   4  12   0 0.00  0.0    0  7.2 14 270   M    M   0 8      21 270
20  58  39  49   1  16   0 0.16  0.0    0  9.4 20 130   M    M   7 1      33 130
21  49  39  44  -4  21   0 0.08  0.0    0 20.0 39 320   M    M   8 1      55 340
22  55  35  45  -2  20   0 0.00  0.0    0 14.5 29 310   M    M   1        38 310
================================================================================
SM 1248  872       365   0  1.33    T    297.5          M      103
================================================================================
AV 56.7 39.6                              13.5 FASTST   M    M   5    MAX(MPH)
                                 MISC ---->  # 39 320               # 55  340
================================================================================
NOTES:
# LAST OF SEVERAL OCCURRENCES

COLUMN 17 PEAK WIND IN M.P.H.

PRELIMINARY LOCAL CLIMATOLOGICAL DATA (WS FORM: F-6) , PAGE 2

                                          STATION:  MITCHELL SD
                                          MONTH:    OCTOBER
                                          YEAR:     2019
                                          LATITUDE:   43 46 N
                                          LONGITUDE:  98  2 W

[TEMPERATURE DATA]      [PRECIPITATION DATA]       SYMBOLS USED IN COLUMN 16

AVERAGE MONTHLY: 48.2   TOTAL FOR MONTH:   1.33    1 = FOG OR MIST
DPTR FM NORMAL:  -3.3   DPTR FM NORMAL:    0.03    2 = FOG REDUCING VISIBILITY
HIGHEST:    76 ON  8    GRTST 24HR  0.59 ON 10-10      TO 1/4 MILE OR LESS
LOWEST:     27 ON 14                               3 = THUNDER
                        SNOW, ICE PELLETS, HAIL    4 = ICE PELLETS
                        TOTAL MONTH:    T          5 = HAIL
                        GRTST 24HR    T  ON 12-12  6 = FREEZING RAIN OR DRIZZLE
                        GRTST DEPTH:   T           7 = DUSTSTORM OR SANDSTORM:
                                                       VSBY 1/2 MILE OR LESS
                                                   8 = SMOKE OR HAZE
[NO. OF DAYS WITH]      [WEATHER - DAYS WITH]      9 = BLOWING SNOW
                                                   X = TORNADO
MAX 32 OR BELOW:   0    0.01 INCH OR MORE:   6
MAX 90 OR ABOVE:   0    0.10 INCH OR MORE:   3
MIN 32 OR BELOW:   4    0.50 INCH OR MORE:   1
MIN  0 OR BELOW:   0    1.00 INCH OR MORE:   0

[HDD (BASE 65) ]
TOTAL THIS MO.   365    CLEAR  (SCALE 0-3)   8
DPTR FM NORMAL    62    PTCLDY (SCALE 4-7)  10
TOTAL FM JUL 1   413    CLOUDY (SCALE 8-10)  4
DPTR FM NORMAL   -48

[CDD (BASE 65) ]
TOTAL THIS MO.     0
DPTR FM NORMAL    -7    [PRESSURE DATA]
TOTAL FM JAN 1   937    HIGHEST SLP M ON M
DPTR FM NORMAL   113    LOWEST  SLP 29.41 ON 21

[REMARKS]
