000
CXUS55 KFSD 180905
CF6MHE
PRELIMINARY LOCAL CLIMATOLOGICAL DATA (WS FORM: F-6)

                                          STATION:   MITCHELL SD
                                          MONTH:     DECEMBER
                                          YEAR:      2018
                                          LATITUDE:   43 46 N
                                          LONGITUDE:  98  2 W

  TEMPERATURE IN F:       :PCPN:    SNOW:  WIND      :SUNSHINE: SKY     :PK WND
================================================================================
1   2   3   4   5  6A  6B    7    8   9   10  11  12  13   14  15   16   17  18
                                     12Z  AVG MX 2MIN
DY MAX MIN AVG DEP HDD CDD  WTR  SNW DPTH SPD SPD DIR MIN PSBL S-S WX    SPD DR
================================================================================

 1  34  29  32   7  33   0 0.35  2.6    0 18.1 30 360   M    M  10 126    41 360
 2  29  23  26   1  39   0 0.25  4.1    6 16.2 25 360   M    M  10 1      37 360
 3  24  21  23  -1  42   0    T    T    6  8.3 15  10   M    M  10        20 350
 4  31  21  26   2  39   0 0.00  0.0    6  7.3 17 270   M    M   9        23 270
 5  34  13  24   0  41   0 0.00  0.0    5  9.8 20 360   M    M   2        25 360
 6  25  11  18  -5  47   0    T    T    5  5.9 15 360   M    M   9 18     18 360
 7  23   7  15  -8  50   0 0.00  0.0    5  5.5 13 200   M    M   1 1      16 200
 8  27   1  14  -8  51   0 0.00  0.0    5 12.2 22 160   M    M   0 1      29 160
 9  24   7  16  -6  49   0 0.00  0.0    5  6.7 14 300   M    M   0 1      18 300
10  33   3  18  -4  47   0 0.00  0.0    4  3.9 13 160   M    M   0 1      13 200
11  35   6  21  -1  44   0    T  0.0    4  3.8 15 300   M    M   1 1      19 300
12  35  16  26   5  39   0 0.00  0.0    4  6.4 14 140   M    M   1 1      16 140
13  40  25  33  12  32   0    T    T    3  9.2 18 320   M    M   3 46     29 320
14  41  20  31  10  34   0 0.00  0.0    2  6.1 15 240   M    M   0        19 250
15  45  23  34  14  31   0 0.00  0.0    2 11.2 21 180   M    M   0        28 170
16  45  25  35  15  30   0 0.00  0.0    2  7.2 15 260   M    M   0        20 260
17  43  24  34  14  31   0 0.00  0.0    2 10.5 20 160   M    M   0        25 170
================================================================================
SM  568  275       679   0  0.60     6.7 148.3          M       56
================================================================================
AV 33.4 16.2                               8.7 FASTST   M    M   3    MAX(MPH)
                                 MISC ---->  # 30 360               # 41  360
================================================================================
NOTES:
# LAST OF SEVERAL OCCURRENCES

COLUMN 17 PEAK WIND IN M.P.H.

PRELIMINARY LOCAL CLIMATOLOGICAL DATA (WS FORM: F-6) , PAGE 2

                                          STATION:  MITCHELL SD
                                          MONTH:    DECEMBER
                                          YEAR:     2018
                                          LATITUDE:   43 46 N
                                          LONGITUDE:  98  2 W

[TEMPERATURE DATA]      [PRECIPITATION DATA]       SYMBOLS USED IN COLUMN 16

AVERAGE MONTHLY: 24.8   TOTAL FOR MONTH:   0.60    1 = FOG OR MIST
DPTR FM NORMAL:   2.5   DPTR FM NORMAL:    0.30    2 = FOG REDUCING VISIBILITY
HIGHEST:    45 ON 16,15 GRTST 24HR  0.35 ON  1- 1      TO 1/4 MILE OR LESS
LOWEST:      1 ON  8                               3 = THUNDER
                        SNOW, ICE PELLETS, HAIL    4 = ICE PELLETS
                        TOTAL MONTH:   6.7 INCHES  5 = HAIL
                        GRTST 24HR   4.1 ON  2- 2  6 = FREEZING RAIN OR DRIZZLE
                        GRTST DEPTH:   6 ON  4, 3  7 = DUSTSTORM OR SANDSTORM:
                                                       VSBY 1/2 MILE OR LESS
                                                   8 = SMOKE OR HAZE
[NO. OF DAYS WITH]      [WEATHER - DAYS WITH]      9 = BLOWING SNOW
                                                   X = TORNADO
MAX 32 OR BELOW:   7    0.01 INCH OR MORE:   2
MAX 90 OR ABOVE:   0    0.10 INCH OR MORE:   2
MIN 32 OR BELOW:  17    0.50 INCH OR MORE:   0
MIN  0 OR BELOW:   0    1.00 INCH OR MORE:   0

[HDD (BASE 65) ]
TOTAL THIS MO.   679    CLEAR  (SCALE 0-3)  11
DPTR FM NORMAL   -46    PTCLDY (SCALE 4-7)   1
TOTAL FM JUL 1  2437    CLOUDY (SCALE 8-10)  5
DPTR FM NORMAL   144

[CDD (BASE 65) ]
TOTAL THIS MO.     0
DPTR FM NORMAL     0    [PRESSURE DATA]
TOTAL FM JAN 1  1080    HIGHEST SLP M ON M
DPTR FM NORMAL   256    LOWEST  SLP 29.61 ON  1

[REMARKS]
