000
CXUS55 KEAX 180736
CF6MKC
PRELIMINARY LOCAL CLIMATOLOGICAL DATA (WS FORM: F-6)

                                          STATION:   Downtown Kansas City MO
                                          MONTH:     FEBRUARY
                                          YEAR:      2019
                                          LATITUDE:   39  7 N
                                          LONGITUDE:  94 36 W

  TEMPERATURE IN F:       :PCPN:    SNOW:  WIND      :SUNSHINE: SKY     :PK WND
================================================================================
1   2   3   4   5  6A  6B    7    8   9   10  11  12  13   14  15   16   17  18
                                     12Z  AVG MX 2MIN
DY MAX MIN AVG DEP HDD CDD  WTR  SNW DPTH SPD SPD DIR MIN PSBL S-S WX    SPD DR
================================================================================

 1  54  22  38   6  27   0 0.00    M    M  4.6 12 170   M    M   0        17 170
 2  58  37  48  16  17   0 0.00    M    M  8.1 20 190   M    M   8 18     27 190
 3  67  54  61  29   4   0 0.00    M    M 13.2 24 200   M    M   7        35 200
 4  62  24  43  11  22   0    T    M    M 11.1 26 330   M    M   6 18     38 320
 5  27  22  25  -8  40   0    T    M    M  7.4 13 340   M    M   8 18     18  70
 6  28  24  26  -7  39   0    T    M    M  8.3 15 360   M    M  10 1368   22 360
 7  27  12  20 -13  45   0 0.15    M    M 14.5 24 290   M    M   7 1368   34 310
 8  23   8  16 -17  49   0 0.00    M    M  5.9 18 290   M    M   0        26 280
 9  32  15  24 -10  41   0 0.00    M    M  8.5 15 130   M    M   5        24 140
10  38  31  35   1  30   0    T    M    M  5.0 12 140   M    M  10 168    17 130
11  35  34  35   1  30   0 0.23    M    M  7.8 13 320   M    M  10 1      19  60
12  38  26  32  -2  33   0 0.00    M    M 11.8 22 310   M    M   5        32 290
13  57  24  41   6  24   0 0.00    M    M  7.5 20 200   M    M   0        27 190
14  57  20  39   4  26   0 0.00    M    M 11.3 25 330   M    M   3 8      34 320
15  20  15  18 -17  47   0 0.12    M    M  9.5 16 360   M    M   8        22 340
16  27  18  23 -13  42   0 0.02    M    M  7.4 15  90   M    M   7 18     22 100
17  29  21  25 -11  40   0 0.00    M    M 10.0 18 290   M    M   9 18     27 270
================================================================================
SM  679  407       556   0  0.52    M    151.9          M      103
================================================================================
AV 39.9 23.9                               8.9 FASTST   M    M   6    MAX(MPH)
                                 MISC ---->  # 26 330               # 38  320
================================================================================
NOTES:
# LAST OF SEVERAL OCCURRENCES

COLUMN 17 PEAK WIND IN M.P.H.

PRELIMINARY LOCAL CLIMATOLOGICAL DATA (WS FORM: F-6) , PAGE 2

                                          STATION:  Downtown Kansas City MO
                                          MONTH:    FEBRUARY
                                          YEAR:     2019
                                          LATITUDE:   39  7 N
                                          LONGITUDE:  94 36 W

[TEMPERATURE DATA]      [PRECIPITATION DATA]       SYMBOLS USED IN COLUMN 16

AVERAGE MONTHLY: 31.9   TOTAL FOR MONTH:   0.52    1 = FOG OR MIST
DPTR FM NORMAL:  -1.8   DPTR FM NORMAL:   -0.33    2 = FOG REDUCING VISIBILITY
HIGHEST:    67 ON  3    GRTST 24HR  0.23 ON 11-11      TO 1/4 MILE OR LESS
LOWEST:      8 ON  8                               3 = THUNDER
                        SNOW, ICE PELLETS, HAIL    4 = ICE PELLETS
                        TOTAL MONTH:    M          5 = HAIL
                        GRTST 24HR    M  ON   M    6 = FREEZING RAIN OR DRIZZLE
                        GRTST DEPTH:  M  ON   M    7 = DUSTSTORM OR SANDSTORM:
                                                       VSBY 1/2 MILE OR LESS
                                                   8 = SMOKE OR HAZE
[NO. OF DAYS WITH]      [WEATHER - DAYS WITH]      9 = BLOWING SNOW
                                                   X = TORNADO
MAX 32 OR BELOW:   8    0.01 INCH OR MORE:   4
MAX 90 OR ABOVE:   0    0.10 INCH OR MORE:   3
MIN 32 OR BELOW:  14    0.50 INCH OR MORE:   0
MIN  0 OR BELOW:   0    1.00 INCH OR MORE:   0

[HDD (BASE 65) ]
TOTAL THIS MO.   556    CLEAR  (SCALE 0-3)   4
DPTR FM NORMAL    24    PTCLDY (SCALE 4-7)   9
TOTAL FM JUL 1  3547    CLOUDY (SCALE 8-10)  4
DPTR FM NORMAL   113

[CDD (BASE 65) ]
TOTAL THIS MO.     0
DPTR FM NORMAL     0    [PRESSURE DATA]
TOTAL FM JAN 1     0    HIGHEST SLP  0.00 ON M
DPTR FM NORMAL     0    LOWEST  SLP  0.00 ON M

[REMARKS]
