000
CXUS54 KTSA 190840
CF6MKO
PRELIMINARY LOCAL CLIMATOLOGICAL DATA (WS FORM: F-6)

                                          STATION:   MUSKOGEE OKLAHOMA
                                          MONTH:     JUNE
                                          YEAR:      2018
                                          LATITUDE:   35 40 N
                                          LONGITUDE:  95 22 W

  TEMPERATURE IN F:       :PCPN:    SNOW:  WIND      :SUNSHINE: SKY     :PK WND
================================================================================
1   2   3   4   5  6A  6B    7    8   9   10  11  12  13   14  15   16   17  18
                                     12Z  AVG MX 2MIN
DY MAX MIN AVG DEP HDD CDD  WTR  SNW DPTH SPD SPD DIR MIN PSBL S-S WX    SPD DR
================================================================================

 1  92  74  83  10   0  18 0.00  0.0    0  7.2 13 180   M    M   1 1      16 160
 2  93  72  83  10   0  18 0.00  0.0    0  9.4 23 360   M    M   1        30 360
 3  87  60  74   1   0   9 0.00  0.0    0  6.7 18  10   M    M   0        23  30
 4  83  58  71  -3   0   6    T  0.0    0  4.3 12 120   M    M   0        14 120
 5  89  62  76   2   0  11 0.00  0.0    0  4.9  9 110   M    M   0 1       M  M
 6  91  66  79   5   0  14 0.00  0.0    0  6.5 14 130   M    M   0        20 140
 7  81  68  75   1   0  10 0.63  0.0    0  6.1 22 340   M    M   2 13     27 330
 8  90  66  78   3   0  13 0.00  0.0    0  8.0 28 140   M    M   1 13     36 120
 9  91  68  80   5   0  15 0.00  0.0    0  7.9 16 190   M    M   0        20 200
10  92  68  80   5   0  15 0.00  0.0    0  7.6 16 180   M    M   0        21 170
11  91  74  83   8   0  18 0.00  0.0    0  8.9 16 180   M    M   1        25 160
12  86  68  77   1   0  12 0.50  0.0    0  8.2 40  30   M    M   2 13     51  30
13  93  72  83   7   0  18 0.00  0.0    0  5.0 12 230   M    M   1        15 210
14  94  74  84   8   0  19 0.00  0.0    0  6.5 14 190   M    M   1        20 220
15  93  73  83   7   0  18 0.00  0.0    0  7.1 14 190   M    M   1        20 200
16  93  72  83   6   0  18 0.00  0.0    0  7.8 15 160   M    M   1        23 190
17  92  73  83   6   0  18 0.00  0.0    0  7.9 16 140   M    M   1        21 150
18  89  73  81   4   0  16 0.00  0.0    0  8.0 16 140   M    M   4        23 140
================================================================================
SM 1620 1241         0 266  1.13     0.0 128.0          M       17
================================================================================
AV 90.0 68.9                               7.1 FASTST   M    M   1    MAX(MPH)
                                 MISC ---->  # 40  30               # 51   30
================================================================================
NOTES:
# LAST OF SEVERAL OCCURRENCES

COLUMN 17 PEAK WIND IN M.P.H.

PRELIMINARY LOCAL CLIMATOLOGICAL DATA (WS FORM: F-6) , PAGE 2

                                          STATION:  MUSKOGEE OKLAHOMA
                                          MONTH:    JUNE
                                          YEAR:     2018
                                          LATITUDE:   35 40 N
                                          LONGITUDE:  95 22 W

[TEMPERATURE DATA]      [PRECIPITATION DATA]       SYMBOLS USED IN COLUMN 16

AVERAGE MONTHLY: 79.5   TOTAL FOR MONTH:   1.13    1 = FOG OR MIST
DPTR FM NORMAL:   4.5   DPTR FM NORMAL:   -1.55    2 = FOG REDUCING VISIBILITY
HIGHEST:    94 ON 14    GRTST 24HR  0.63 ON  7- 7      TO 1/4 MILE OR LESS
LOWEST:     58 ON  4                               3 = THUNDER
                        SNOW, ICE PELLETS, HAIL    4 = ICE PELLETS
                        TOTAL MONTH:   0.0 INCH    5 = HAIL
                        GRTST 24HR     0.0         6 = FREEZING RAIN OR DRIZZLE
                        GRTST DEPTH:   0           7 = DUSTSTORM OR SANDSTORM:
                                                       VSBY 1/2 MILE OR LESS
                                                   8 = SMOKE OR HAZE
[NO. OF DAYS WITH]      [WEATHER - DAYS WITH]      9 = BLOWING SNOW
                                                   X = TORNADO
MAX 32 OR BELOW:   0    0.01 INCH OR MORE:   2
MAX 90 OR ABOVE:  12    0.10 INCH OR MORE:   2
MIN 32 OR BELOW:   0    0.50 INCH OR MORE:   2
MIN  0 OR BELOW:   0    1.00 INCH OR MORE:   0

[HDD (BASE 65) ]
TOTAL THIS MO.     0    CLEAR  (SCALE 0-3)  17
DPTR FM NORMAL     0    PTCLDY (SCALE 4-7)   1
TOTAL FM JUL 1  3446    CLOUDY (SCALE 8-10)  0
DPTR FM NORMAL   -56

[CDD (BASE 65) ]
TOTAL THIS MO.   266
DPTR FM NORMAL    86    [PRESSURE DATA]
TOTAL FM JAN 1   603    HIGHEST SLP M ON M
DPTR FM NORMAL   232    LOWEST  SLP 29.75 ON 11

[REMARKS]
