000
CXUS54 KTSA 230840
CF6MKO
PRELIMINARY LOCAL CLIMATOLOGICAL DATA (WS FORM: F-6)

                                          STATION:   MUSKOGEE OKLAHOMA
                                          MONTH:     OCTOBER
                                          YEAR:      2019
                                          LATITUDE:   35 40 N
                                          LONGITUDE:  95 22 W

  TEMPERATURE IN F:       :PCPN:    SNOW:  WIND      :SUNSHINE: SKY     :PK WND
================================================================================
1   2   3   4   5  6A  6B    7    8   9   10  11  12  13   14  15   16   17  18
                                     12Z  AVG MX 2MIN
DY MAX MIN AVG DEP HDD CDD  WTR  SNW DPTH SPD SPD DIR MIN PSBL S-S WX    SPD DR
================================================================================

 1  90  70  80  14   0  15 0.00  0.0    0  8.4 20 170   M    M   0        25 180
 2  90  69  80  14   0  15 0.00  0.0    0  7.9 18 190   M    M   0        22 190
 3  83  60  72   6   0   7 0.00  0.0    0 10.1 17 350   M    M   3        22 360
 4  81  59  70   4   0   5 0.01  0.0    0  6.7 14 140   M    M   3 13     19 150
 5  85  62  74   9   0   9    T  0.0    0  6.7 15 180   M    M   1 1      20 160
 6  75  57  66   1   0   1 0.57  0.0    0 12.0 26  10   M    M   8 13     33  20
 7  75  48  62  -3   3   0 0.00  0.0    0  5.8 16  20   M    M   0 1      19 360
 8  74  45  60  -4   5   0 0.00  0.0    0  5.4 14 140   M    M   0 1      19 140
 9  78  50  64   0   1   0    T  0.0    0 10.8 22 130   M    M   2        29 130
10  79  47  63  -1   2   0 1.76  0.0    0 12.6 21 350   M    M   8 138    27 340
11  57  34  46 -17  19   0 0.12  0.0    0 13.1 24 340   M    M   2 13     32 350
12  65  31  48 -15  17   0 0.00  0.0    0  5.5 14 190   M    M   0 1      16 200
13  74  38  56  -7   9   0 0.00  0.0    0  6.1 15 190   M    M   0        18 190
14  73  46  60  -2   5   0 0.00  0.0    0  8.5 15 140   M    M   2        23 120
15  74  52  63   1   2   0 0.02  0.0    0  7.5 28  10   M    M   9 1      34  10
16  64  42  53  -9  12   0 0.00  0.0    0  6.8 13 350   M    M   0 1      17 360
17  72  39  56  -6   9   0 0.00  0.0    0  5.9 15 150   M    M   0 1      18 150
18  73  46  60  -1   5   0 0.00  0.0    0  9.4 20 140   M    M   0 1      27 140
19  75  51  63   2   2   0    T  0.0    0  4.6 10 350   M    M   2        14 140
20  80  46  63   2   2   0 0.03    M    0  7.0 23 140   M    M   2 123    37 240
21  70  45  58  -2   7   0 0.00  0.0    0 10.5 20 280   M    M   0        26 290
22  70  39  55  -5  10   0 0.00  0.0    0  8.9 21 290   M    M   0 8      28 310
================================================================================
SM 1657 1076       110  52  2.51     0.0 180.2          M       42
================================================================================
AV 75.3 48.9                               8.2 FASTST   M    M   2    MAX(MPH)
                                 MISC ---->  # 28  10               # 37  240
================================================================================
NOTES:
# LAST OF SEVERAL OCCURRENCES

COLUMN 17 PEAK WIND IN M.P.H.

PRELIMINARY LOCAL CLIMATOLOGICAL DATA (WS FORM: F-6) , PAGE 2

                                          STATION:  MUSKOGEE OKLAHOMA
                                          MONTH:    OCTOBER
                                          YEAR:     2019
                                          LATITUDE:   35 40 N
                                          LONGITUDE:  95 22 W

[TEMPERATURE DATA]      [PRECIPITATION DATA]       SYMBOLS USED IN COLUMN 16

AVERAGE MONTHLY: 62.1   TOTAL FOR MONTH:   2.51    1 = FOG OR MIST
DPTR FM NORMAL:  -1.1   DPTR FM NORMAL:   -1.03    2 = FOG REDUCING VISIBILITY
HIGHEST:    90 ON  2, 1 GRTST 24HR  1.76 ON 10-10      TO 1/4 MILE OR LESS
LOWEST:     31 ON 12                               3 = THUNDER
                        SNOW, ICE PELLETS, HAIL    4 = ICE PELLETS
                        TOTAL MONTH:   0.0 INCH    5 = HAIL
                        GRTST 24HR     0.0         6 = FREEZING RAIN OR DRIZZLE
                        GRTST DEPTH:   0           7 = DUSTSTORM OR SANDSTORM:
                                                       VSBY 1/2 MILE OR LESS
                                                   8 = SMOKE OR HAZE
[NO. OF DAYS WITH]      [WEATHER - DAYS WITH]      9 = BLOWING SNOW
                                                   X = TORNADO
MAX 32 OR BELOW:   0    0.01 INCH OR MORE:   6
MAX 90 OR ABOVE:   2    0.10 INCH OR MORE:   3
MIN 32 OR BELOW:   1    0.50 INCH OR MORE:   2
MIN  0 OR BELOW:   0    1.00 INCH OR MORE:   1

[HDD (BASE 65) ]
TOTAL THIS MO.   110    CLEAR  (SCALE 0-3)  18
DPTR FM NORMAL    21    PTCLDY (SCALE 4-7)   1
TOTAL FM JUL 1   110    CLOUDY (SCALE 8-10)  3
DPTR FM NORMAL     2

[CDD (BASE 65) ]
TOTAL THIS MO.    52
DPTR FM NORMAL    -2    [PRESSURE DATA]
TOTAL FM JAN 1  2047    HIGHEST SLP M ON M
DPTR FM NORMAL   215    LOWEST  SLP 29.73 ON 20

[REMARKS]
