000
CXUS53 KMPX 181000
CF6MKT
PRELIMINARY LOCAL CLIMATOLOGICAL DATA (WS FORM: F-6)

                                          STATION:   MANKATO MN
                                          MONTH:     FEBRUARY
                                          YEAR:      2020
                                          LATITUDE:   44 13 N
                                          LONGITUDE:  93 55 W

  TEMPERATURE IN F:       :PCPN:    SNOW:  WIND      :SUNSHINE: SKY     :PK WND
================================================================================
1   2   3   4   5  6A  6B    7    8   9   10  11  12  13   14  15   16   17  18
                                     12Z  AVG MX 2MIN
DY MAX MIN AVG DEP HDD CDD  WTR  SNW DPTH SPD SPD DIR MIN PSBL S-S WX    SPD DR
================================================================================

 1  41  27  34  18  31   0    T    M    M 10.8 17 240   M    M   5 1       M  M
 2  45  31  38  22  27   0 0.00    M    M 15.5 22 310   M    M   3        32 310
 3  31  21  26  10  39   0 0.00    M    M 15.9 18 350   M    M   5         M  M
 4  22   9  16   0  49   0 0.00    M    M 10.0 17 360   M    M   3         M  M
 5  27   6  17   0  48   0 0.00    M    M  5.8  9 160   M    M   1         M  M
 6  29   8  19   2  46   0 0.00    M    M  8.8 13 190   M    M   3 1      18 190
 7  25  -1  12  -5  53   0    T    M    M  8.7 14 310   M    M   9 1       M  M
 8  18  -7   6 -12  59   0    T    M    M  8.0 12 150   M    M   0 1       M  M
 9  26   5  16  -2  49   0 0.68    M    M 10.6 15  40   M    M   6 12     23  30
10  30  -5  13  -5  52   0 0.18    M    M  9.8 17 250   M    M   3 12     25 250
11  29  18  24   6  41   0    T    M    M 11.8 15 220   M    M   3         M  M
12  33 -11  11  -8  54   0    T    M    M 16.9 24 220   M    M   5 1      32 210
13  -5 -19 -12 -31  77   0    T    M    M 10.1 16 320   M    M   1         M  M
14  16 -20  -2 -21  67   0    M    M    M 15.1 29 160   M    M   1        39 160
15  35  16  26   6  39   0    M    M    M 11.8 22 180   M    M   3        29 180
16  31  17  24   4  41   0    M    M    M  8.1 15 120   M    M   8         M  M
17  36  20  28   8  37   0    M    M    M 12.1 20 320   M    M   6 12      M  M
================================================================================
SM  469  115       809   0  0.86    M    189.8          M       65
================================================================================
AV 27.6  6.8                              11.2 FASTST   M    M   4    MAX(MPH)
                                 MISC ---->  # 29 160               # 39  160
================================================================================
NOTES:
# LAST OF SEVERAL OCCURRENCES

COLUMN 17 PEAK WIND IN M.P.H.

PRELIMINARY LOCAL CLIMATOLOGICAL DATA (WS FORM: F-6) , PAGE 2

                                          STATION:  MANKATO MN
                                          MONTH:    FEBRUARY
                                          YEAR:     2020
                                          LATITUDE:   44 13 N
                                          LONGITUDE:  93 55 W

[TEMPERATURE DATA]      [PRECIPITATION DATA]       SYMBOLS USED IN COLUMN 16

AVERAGE MONTHLY: 17.2   TOTAL FOR MONTH:   0.86    1 = FOG OR MIST
DPTR FM NORMAL:  -0.7   DPTR FM NORMAL:    0.47    2 = FOG REDUCING VISIBILITY
HIGHEST:    45 ON  2    GRTST 24HR  0.68 ON  9- 9      TO 1/4 MILE OR LESS
LOWEST:    -20 ON 14                               3 = THUNDER
                        SNOW, ICE PELLETS, HAIL    4 = ICE PELLETS
                        TOTAL MONTH:    M          5 = HAIL
                        GRTST 24HR    M  ON   M    6 = FREEZING RAIN OR DRIZZLE
                        GRTST DEPTH:  M  ON   M    7 = DUSTSTORM OR SANDSTORM:
                                                       VSBY 1/2 MILE OR LESS
                                                   8 = SMOKE OR HAZE
[NO. OF DAYS WITH]      [WEATHER - DAYS WITH]      9 = BLOWING SNOW
                                                   X = TORNADO
MAX 32 OR BELOW:  12    0.01 INCH OR MORE:   2
MAX 90 OR ABOVE:   0    0.10 INCH OR MORE:   2
MIN 32 OR BELOW:  17    0.50 INCH OR MORE:   1
MIN  0 OR BELOW:   6    1.00 INCH OR MORE:   0

[HDD (BASE 65) ]
TOTAL THIS MO.   809    CLEAR  (SCALE 0-3)   7
DPTR FM NORMAL     9    PTCLDY (SCALE 4-7)   9
TOTAL FM JUL 1  4250    CLOUDY (SCALE 8-10)  1
DPTR FM NORMAL -1209

[CDD (BASE 65) ]
TOTAL THIS MO.     0
DPTR FM NORMAL     0    [PRESSURE DATA]
TOTAL FM JAN 1     0    HIGHEST SLP M ON M
DPTR FM NORMAL     0    LOWEST  SLP M ON M

[REMARKS]
