000
CXUS53 KMPX 181000
CF6MKT
PRELIMINARY LOCAL CLIMATOLOGICAL DATA (WS FORM: F-6)

                                          STATION:   MANKATO MN
                                          MONTH:     OCTOBER
                                          YEAR:      2018
                                          LATITUDE:   44 13 N
                                          LONGITUDE:  93 55 W

  TEMPERATURE IN F:       :PCPN:    SNOW:  WIND      :SUNSHINE: SKY     :PK WND
================================================================================
1   2   3   4   5  6A  6B    7    8   9   10  11  12  13   14  15   16   17  18
                                     12Z  AVG MX 2MIN
DY MAX MIN AVG DEP HDD CDD  WTR  SNW DPTH SPD SPD DIR MIN PSBL S-S WX    SPD DR
================================================================================

 1  50  47  49  -6  16   0 0.48    M    M  7.9 13  70   M    M  10 13      M  M
 2  55  47  51  -3  14   0    T    M    M  6.5 15 160   M    M  10 1      22 160
 3  85  39  62   8   3   0 0.03    M    M 18.6 35 310   M    M   8 13     50 310
 4  46  33  40 -13  25   0 0.16    M    M  9.5 16 330   M    M   5        22 330
 5  51  41  46  -7  19   0 0.11    M    M  6.8 13 130   M    M  10 1       M  M
 6  47  41  44  -8  21   0 0.00    M    M 10.9 17 330   M    M  10        21 330
 7  50  43  47  -5  18   0 0.08    M    M  8.8 14 100   M    M  10 1       M  M
 8  54  47  51  -1  14   0 0.31    M    M  7.7 12  50   M    M  10 1       M  M
 9  49  45  47  -4  18   0 0.83    M    M 11.5 17  50   M    M  10 1      24  50
10  49  35  42  -9  23   0 0.03    M    M 15.9 27 290   M    M  10 1      36 280
11  38  26  32 -18  33   0    T    M    M 15.5 25 300   M    M   9        36 300
12  46  25  36 -14  29   0 0.00    M    M  6.3 12 250   M    M   2         M  M
13  57  29  43  -7  22   0 0.00    M    M 11.1 18 210   M    M   8        30 200
14  41  31  36 -13  29   0    M    M    M 10.4 14 320   M    M  10 1      22 310
15  45  29  37 -12  28   0 0.00    M    M 12.2 17 240   M    M   3        24 290
16  57  36  47  -1  18   0 0.00    M    M 13.8 25 300   M    M   1        36 290
17  49  30  40  -8  25   0 0.00  0.0    0  9.1 18 290   M    M   1        25 290
================================================================================
SM  869  624       355   0  2.03     0.0 182.5          M      127
================================================================================
AV 51.1 36.7                              10.7 FASTST   M    M   7    MAX(MPH)
                                 MISC ---->  # 35 310               # 50  310
================================================================================
NOTES:
# LAST OF SEVERAL OCCURRENCES

COLUMN 17 PEAK WIND IN M.P.H.

PRELIMINARY LOCAL CLIMATOLOGICAL DATA (WS FORM: F-6) , PAGE 2

                                          STATION:  MANKATO MN
                                          MONTH:    OCTOBER
                                          YEAR:     2018
                                          LATITUDE:   44 13 N
                                          LONGITUDE:  93 55 W

[TEMPERATURE DATA]      [PRECIPITATION DATA]       SYMBOLS USED IN COLUMN 16

AVERAGE MONTHLY: 43.9   TOTAL FOR MONTH:   2.03    1 = FOG OR MIST
DPTR FM NORMAL:  -7.3   DPTR FM NORMAL:    0.53    2 = FOG REDUCING VISIBILITY
HIGHEST:    85 ON  3    GRTST 24HR  0.83 ON  9- 9      TO 1/4 MILE OR LESS
LOWEST:     25 ON 12                               3 = THUNDER
                        SNOW, ICE PELLETS, HAIL    4 = ICE PELLETS
                        TOTAL MONTH:   0.0 INCH    5 = HAIL
                        GRTST 24HR     0.0         6 = FREEZING RAIN OR DRIZZLE
                        GRTST DEPTH:   0           7 = DUSTSTORM OR SANDSTORM:
                                                       VSBY 1/2 MILE OR LESS
                                                   8 = SMOKE OR HAZE
[NO. OF DAYS WITH]      [WEATHER - DAYS WITH]      9 = BLOWING SNOW
                                                   X = TORNADO
MAX 32 OR BELOW:   0    0.01 INCH OR MORE:   8
MAX 90 OR ABOVE:   0    0.10 INCH OR MORE:   5
MIN 32 OR BELOW:   6    0.50 INCH OR MORE:   1
MIN  0 OR BELOW:   0    1.00 INCH OR MORE:   0

[HDD (BASE 65) ]
TOTAL THIS MO.   355    CLEAR  (SCALE 0-3)   4
DPTR FM NORMAL   116    PTCLDY (SCALE 4-7)   2
TOTAL FM JUL 1   491    CLOUDY (SCALE 8-10) 11
DPTR FM NORMAL    46

[CDD (BASE 65) ]
TOTAL THIS MO.     0
DPTR FM NORMAL    -3    [PRESSURE DATA]
TOTAL FM JAN 1   829    HIGHEST SLP M ON M
DPTR FM NORMAL   179    LOWEST  SLP M ON M

[REMARKS]
