000
CXUS53 KMPX 221000
CF6MKT
PRELIMINARY LOCAL CLIMATOLOGICAL DATA (WS FORM: F-6)

                                          STATION:   MANKATO MN
                                          MONTH:     JANUARY
                                          YEAR:      2019
                                          LATITUDE:   44 13 N
                                          LONGITUDE:  93 55 W

  TEMPERATURE IN F:       :PCPN:    SNOW:  WIND      :SUNSHINE: SKY     :PK WND
================================================================================
1   2   3   4   5  6A  6B    7    8   9   10  11  12  13   14  15   16   17  18
                                     12Z  AVG MX 2MIN
DY MAX MIN AVG DEP HDD CDD  WTR  SNW DPTH SPD SPD DIR MIN PSBL S-S WX    SPD DR
================================================================================

 1  11  -2   5 -10  60   0 0.02    M    M  9.5 18 360   M    M   2         M  M
 2  24  -1  12  -3  53   0 0.00    M    M 10.8 18 210   M    M   4        28 210
 3  41  17  29  14  36   0 0.00    M    M  8.7 13 230   M    M   0         M  M
 4  43  30  37  23  28   0 0.00    M    M  6.2 12 260   M    M   0         M  M
 5  42  29  36  22  29   0 0.00    M    M 10.7 18 310   M    M   0        23 300
 6  38  27  33  19  32   0 0.00    M    M 17.0 32 110   M    M   3        41 120
 7  40  33  37  23  28   0 0.00    M    M 11.6 23 150   M    M   8 1      31 150
 8  37  11  24  10  41   0 0.00    M    M 20.2 35 310   M    M   6        51 300
 9  15   6  11  -3  54   0 0.00    M    M 16.7 24 310   M    M   1        36 320
10  28  10  19   5  46   0    M    M    M  9.3 15 130   M    M   2         M  M
11  34  20  27  13  38   0    M    M    M  7.5 12 150   M    M   0         M  M
12  30  24  27  13  38   0    M    M    M  6.7  9  70   M    M   8 1       M  M
13  35  26  31  17  34   0    M    M    M  5.2 12 210   M    M   8 1       M  M
14  30  27  29  15  36   0    M    M    M  8.0 12 230   M    M  10 1       M  M
15  33  16  25  11  40   0    M    M    M 12.3 20 320   M    M  10 1      25 320
16  23   7  15   1  50   0    M    M    M  8.3 18 330   M    M   1         M  M
17  22  16  19   5  46   0    M    M    M  8.0 13 330   M    M   9 1       M  M
18  17   4  11  -3  54   0    T    M    0 12.7 20  10   M    M   9 1       M  M
19   7  -8   0 -14  65   0    M    M    M  9.9 15  10   M    M   2 18      M  M
20   9  -8   1 -13  64   0    M    M    M  6.8 10  50   M    M   5         M  M
21  14  -7   4 -10  61   0    M    M    M 17.8 25 120   M    M   6 1      32 140
================================================================================
SM  573  277       933   0  0.02    M    223.9          M       94
================================================================================
AV 27.3 13.2                              10.7 FASTST   M    M   4    MAX(MPH)
                                 MISC ---->  # 35 310               # 51  300
================================================================================
NOTES:
# LAST OF SEVERAL OCCURRENCES

COLUMN 17 PEAK WIND IN M.P.H.

PRELIMINARY LOCAL CLIMATOLOGICAL DATA (WS FORM: F-6) , PAGE 2

                                          STATION:  MANKATO MN
                                          MONTH:    JANUARY
                                          YEAR:     2019
                                          LATITUDE:   44 13 N
                                          LONGITUDE:  93 55 W

[TEMPERATURE DATA]      [PRECIPITATION DATA]       SYMBOLS USED IN COLUMN 16

AVERAGE MONTHLY: 20.2   TOTAL FOR MONTH:   0.02    1 = FOG OR MIST
DPTR FM NORMAL:   6.1   DPTR FM NORMAL:   -0.64    2 = FOG REDUCING VISIBILITY
HIGHEST:    43 ON  4    GRTST 24HR  0.02 ON  1- 1      TO 1/4 MILE OR LESS
LOWEST:     -8 ON 20,19                            3 = THUNDER
                        SNOW, ICE PELLETS, HAIL    4 = ICE PELLETS
                        TOTAL MONTH:    M          5 = HAIL
                        GRTST 24HR    M  ON   M    6 = FREEZING RAIN OR DRIZZLE
                        GRTST DEPTH:   0           7 = DUSTSTORM OR SANDSTORM:
                                                       VSBY 1/2 MILE OR LESS
                                                   8 = SMOKE OR HAZE
[NO. OF DAYS WITH]      [WEATHER - DAYS WITH]      9 = BLOWING SNOW
                                                   X = TORNADO
MAX 32 OR BELOW:  12    0.01 INCH OR MORE:   1
MAX 90 OR ABOVE:   0    0.10 INCH OR MORE:   0
MIN 32 OR BELOW:  20    0.50 INCH OR MORE:   0
MIN  0 OR BELOW:   5    1.00 INCH OR MORE:   0

[HDD (BASE 65) ]
TOTAL THIS MO.   933    CLEAR  (SCALE 0-3)  10
DPTR FM NORMAL  -134    PTCLDY (SCALE 4-7)   7
TOTAL FM JUL 1  4079    CLOUDY (SCALE 8-10)  4
DPTR FM NORMAL   -78

[CDD (BASE 65) ]
TOTAL THIS MO.     0
DPTR FM NORMAL     0    [PRESSURE DATA]
TOTAL FM JAN 1     0    HIGHEST SLP M ON M
DPTR FM NORMAL     0    LOWEST  SLP M ON M

[REMARKS]
