000
CXUS55 KBYZ 231758
CF6MLS
PRELIMINARY LOCAL CLIMATOLOGICAL DATA (WS FORM: F-6)

                                          STATION:   MILES CITY MT
                                          MONTH:     JUNE
                                          YEAR:      2018
                                          LATITUDE:   46 25 N
                                          LONGITUDE: 105 53 W

  TEMPERATURE IN F:       :PCPN:    SNOW:  WIND      :SUNSHINE: SKY     :PK WND
================================================================================
1   2   3   4   5  6A  6B    7    8   9   10  11  12  13   14  15   16   17  18
                                     12Z  AVG MX 2MIN
DY MAX MIN AVG DEP HDD CDD  WTR  SNW DPTH SPD SPD DIR MIN PSBL S-S WX    SPD DR
================================================================================

 1  67  53  60  -1   5   0 0.57    M    M 13.3 33 320   M    M   9 13     40 310
 2  72  50  61   0   4   0 0.00    M    M 15.6 28 300   M    M   0        36 290
 3  81  48  65   4   0   0 0.00    M    M  6.2 12 200   M    M   0        15 200
 4  86  54  70   8   0   5    T    M    M  5.9 25 330   M    M   0        32 320
 5  78  57  68   6   0   3    T    M    M 11.1 32 320   M    M   1        41 320
 6  82  55  69   7   0   4 0.00    M    M  8.9 20 130   M    M   2 3      27 160
 7  88  59  74  11   0   9 0.11    M    M  8.2 46 230   M    M   0 13     61 240
 8  83  56  70   7   0   5 0.00    M    M  4.2 12 150   M    M   0        14 150
 9  91  59  75  12   0  10 0.00    M    M 10.5 23 140   M    M   0        34 160
10  75  48  62  -2   3   0 0.00    M    M 16.5 36 320   M    M   2        42 330
11  65  47  56  -8   9   0 0.00    M    M 10.0 22 290   0    0   0        35 270
12  72  44  58  -6   7   0 0.00    M    M 11.8 26 270   M    M   0        33 260
13  86  49  68   3   0   3 0.00    M    M  7.0 13 160   M    M   0        15 240
14  84  56  70   5   0   5 0.00    M    M 11.6 31 350   M    M   0        40 350
15  71  52  62  -3   3   0 0.28    M    M  7.2 18  20   M    M   4 13     22  20
16  58  53  56 -10   9   0 0.85    M    M 10.6 17  50   M    M   9 13     21  50
17  70  53  62  -4   3   0    T    M    M  6.7 14  40   M    M   7 1      17  50
18  69  53  61  -5   4   0 0.05    M    M 11.0 23 110   M    M   7        30 110
19  72  57  65  -2   0   0 0.00    M    M  9.0 16  80   M    M   8        21 130
20  75  56  66  -1   0   1    T    M    M  5.2 16  40   M    M   5        20  40
21  83  54  69   1   0   4 0.57    M    M  9.1 33 280   M    M   1 13     43 270
22  74  57  66  -2   0   1 1.32    M    M  8.9 23 280   M    M   7 13     30 290
================================================================================
SM 1682 1170        47  50  3.75    M    208.5            0     62
================================================================================
AV 76.5 53.2                               9.5 FASTST    0   0   3    MAX(MPH)
                                 MISC ---->  # 46 230               # 61  240
================================================================================
NOTES:
# LAST OF SEVERAL OCCURRENCES

COLUMN 17 PEAK WIND IN M.P.H.

PRELIMINARY LOCAL CLIMATOLOGICAL DATA (WS FORM: F-6) , PAGE 2

                                          STATION:  MILES CITY MT
                                          MONTH:    JUNE
                                          YEAR:     2018
                                          LATITUDE:   46 25 N
                                          LONGITUDE: 105 53 W

[TEMPERATURE DATA]      [PRECIPITATION DATA]       SYMBOLS USED IN COLUMN 16

AVERAGE MONTHLY: 64.8   TOTAL FOR MONTH:   3.75    1 = FOG OR MIST
DPTR FM NORMAL:   0.6   DPTR FM NORMAL:    1.78    2 = FOG REDUCING VISIBILITY
HIGHEST:    91 ON  9    GRTST 24HR  1.32 ON 22-22      TO 1/4 MILE OR LESS
LOWEST:     44 ON 12                               3 = THUNDER
                        SNOW, ICE PELLETS, HAIL    4 = ICE PELLETS
                        TOTAL MONTH:    M          5 = HAIL
                        GRTST 24HR    M  ON   M    6 = FREEZING RAIN OR DRIZZLE
                        GRTST DEPTH:  M  ON   M    7 = DUSTSTORM OR SANDSTORM:
                                                       VSBY 1/2 MILE OR LESS
                                                   8 = SMOKE OR HAZE
[NO. OF DAYS WITH]      [WEATHER - DAYS WITH]      9 = BLOWING SNOW
                                                   X = TORNADO
MAX 32 OR BELOW:   0    0.01 INCH OR MORE:   7
MAX 90 OR ABOVE:   1    0.10 INCH OR MORE:   6
MIN 32 OR BELOW:   0    0.50 INCH OR MORE:   4
MIN  0 OR BELOW:   0    1.00 INCH OR MORE:   1

[HDD (BASE 65) ]
TOTAL THIS MO.    47    CLEAR  (SCALE 0-3)  14
DPTR FM NORMAL   -31    PTCLDY (SCALE 4-7)   6
TOTAL FM JUL 1  8364    CLOUDY (SCALE 8-10)  2
DPTR FM NORMAL   737

[CDD (BASE 65) ]
TOTAL THIS MO.    50
DPTR FM NORMAL   -13    [PRESSURE DATA]
TOTAL FM JAN 1    87    HIGHEST SLP  0.00 ON 11
DPTR FM NORMAL     4    LOWEST  SLP  0.00 ON 11

[REMARKS]
THIS IS AN AUTOMATED...UNATTENDED WEATHER STATION AND MAY
UNDERESTIMATE WINTER PRECIPITATION.
