000
CXUS55 KBYZ 271057
CF6MLS
PRELIMINARY LOCAL CLIMATOLOGICAL DATA (WS FORM: F-6)

                                          STATION:   MILES CITY MT
                                          MONTH:     MAY
                                          YEAR:      2020
                                          LATITUDE:   46 25 N
                                          LONGITUDE: 105 53 W

  TEMPERATURE IN F:       :PCPN:    SNOW:  WIND      :SUNSHINE: SKY     :PK WND
================================================================================
1   2   3   4   5  6A  6B    7    8   9   10  11  12  13   14  15   16   17  18
                                     12Z  AVG MX 2MIN
DY MAX MIN AVG DEP HDD CDD  WTR  SNW DPTH SPD SPD DIR MIN PSBL S-S WX    SPD DR
================================================================================

 1  65  42  54   3  11   0 0.06    M    M 14.6 28 290   M    M   5 1      33 320
 2  71  36  54   2  11   0 0.00    M    M  4.5 12 290   M    M   1        16 280
 3  74  40  57   5   8   0 0.11    M    M 12.8 44 310   M    M   3 13     56 310
 4  62  35  49  -3  16   0 0.00    M    M 11.2 25 340   M    M   2        31 330
 5  60  32  46  -6  19   0    T    M    M  9.1 36 330   M    M   2        42 310
 6  66  33  50  -3  15   0 0.01    M    M 12.5 24 130   M    M   1        31 160
 7  60  38  49  -4  16   0 0.90    M    M  9.9 25  70   M    M   7 1      33  80
 8  65  36  51  -2  14   0 0.01    M    M  9.5 32 330   M    M   3        39 330
 9  57  37  47  -7  18   0 0.01    M    M 12.4 30 340   M    M   6        36 320
10  49  31  40 -14  25   0 0.00    M    M  7.6 15 100   M    M   5        19  90
11  47  29  38 -16  27   0 0.00    M    M  9.6 17 160   M    M   8        22 120
12  46  38  42 -13  23   0 0.05    M    M 12.6 23 130   M    M  10 1      27 130
13  62  39  51  -4  14   0 0.32    M    M  4.3 32 290   M    M   7 13     41 290
14  66  37  52  -3  13   0 0.00    M    M  6.0 14 250   M    M   1        20 270
15  65  44  55  -1  10   0 0.17    M    M  6.1 20  40   M    M   8 1      22  40
16  66  45  56   0   9   0 0.04    M    M  6.2 18 160   M    M   5 1      22 150
17  71  42  57   1   8   0 0.00    M    M 15.5 29 160   M    M   0        34 140
18  77  53  65   9   0   0 0.00    M    M 15.7 26 150   M    M   0        34 150
19  80  51  66   9   0   1 0.00    M    M  7.2 15  50   M    M   0        19  60
20  83  51  67  10   0   2 0.71    M    M  9.9 54 210   M    M   3 138    66 200
21  72  48  60   3   5   0 0.00    M    M  8.4 18 240   M    M   1        24 250
22  75  45  60   2   5   0 0.08    M    M  7.2 33  10   M    M   2 13     40  10
23  56  47  52  -6  13   0 0.63    M    M 11.1 26 360   M    M   7 13     34 350
24  53  45  49  -9  16   0 0.58    M    M  8.7 18 300   M    M  10 1      22 300
25  70  39  55  -4  10   0 0.00    M    M  5.5 12 310   M    M   4        15 290
26  74  46  60   1   5   0    T    M    M  8.5 22 290   M    M   4        28 300
================================================================================
SM 1692 1059       311   3  3.68    M    246.6          M      105
================================================================================
AV 65.1 40.7                               9.5 FASTST   M    M   4    MAX(MPH)
                                 MISC ---->  # 54 210               # 66  200
================================================================================
NOTES:
# LAST OF SEVERAL OCCURRENCES

COLUMN 17 PEAK WIND IN M.P.H.

PRELIMINARY LOCAL CLIMATOLOGICAL DATA (WS FORM: F-6) , PAGE 2

                                          STATION:  MILES CITY MT
                                          MONTH:    MAY
                                          YEAR:     2020
                                          LATITUDE:   46 25 N
                                          LONGITUDE: 105 53 W

[TEMPERATURE DATA]      [PRECIPITATION DATA]       SYMBOLS USED IN COLUMN 16

AVERAGE MONTHLY: 52.9   TOTAL FOR MONTH:   3.68    1 = FOG OR MIST
DPTR FM NORMAL:  -2.2   DPTR FM NORMAL:    1.92    2 = FOG REDUCING VISIBILITY
HIGHEST:    83 ON 20    GRTST 24HR  0.90 ON  7- 7      TO 1/4 MILE OR LESS
LOWEST:     29 ON 11                               3 = THUNDER
                        SNOW, ICE PELLETS, HAIL    4 = ICE PELLETS
                        TOTAL MONTH:    M          5 = HAIL
                        GRTST 24HR    M  ON   M    6 = FREEZING RAIN OR DRIZZLE
                        GRTST DEPTH:  M  ON   M    7 = DUSTSTORM OR SANDSTORM:
                                                       VSBY 1/2 MILE OR LESS
                                                   8 = SMOKE OR HAZE
[NO. OF DAYS WITH]      [WEATHER - DAYS WITH]      9 = BLOWING SNOW
                                                   X = TORNADO
MAX 32 OR BELOW:   0    0.01 INCH OR MORE:  14
MAX 90 OR ABOVE:   0    0.10 INCH OR MORE:   7
MIN 32 OR BELOW:   3    0.50 INCH OR MORE:   4
MIN  0 OR BELOW:   0    1.00 INCH OR MORE:   0

[HDD (BASE 65) ]
TOTAL THIS MO.   311    CLEAR  (SCALE 0-3)  13
DPTR FM NORMAL    40    PTCLDY (SCALE 4-7)  11
TOTAL FM JUL 1  7461    CLOUDY (SCALE 8-10)  2
DPTR FM NORMAL   -49

[CDD (BASE 65) ]
TOTAL THIS MO.     3
DPTR FM NORMAL   -10    [PRESSURE DATA]
TOTAL FM JAN 1     3    HIGHEST SLP M ON M
DPTR FM NORMAL   -11    LOWEST  SLP 29.45 ON 20

[REMARKS]
