000
CXUS55 KBYZ 181056
CF6MLS
PRELIMINARY LOCAL CLIMATOLOGICAL DATA (WS FORM: F-6)

                                          STATION:   MILES CITY MT
                                          MONTH:     SEPTEMBER
                                          YEAR:      2018
                                          LATITUDE:   46 25 N
                                          LONGITUDE: 105 53 W

  TEMPERATURE IN F:       :PCPN:    SNOW:  WIND      :SUNSHINE: SKY     :PK WND
================================================================================
1   2   3   4   5  6A  6B    7    8   9   10  11  12  13   14  15   16   17  18
                                     12Z  AVG MX 2MIN
DY MAX MIN AVG DEP HDD CDD  WTR  SNW DPTH SPD SPD DIR MIN PSBL S-S WX    SPD DR
================================================================================

 1  85  52  69   2   0   4 0.00    M    M 10.5 23 350   M    M   0 8      28 340
 2  82  43  63  -4   2   0 0.00    M    M  7.5 18 140   M    M   0        24 140
 3  89  53  71   5   0   6 0.00    M    M  7.8 24  10   M    M   0        31  20
 4  72  45  59  -7   6   0 0.00    M    M 11.2 22 360   M    M   0        26 360
 5  79  45  62  -3   3   0 0.00    M    M 10.1 18 130   M    M   0        23 130
 6  88  56  72   7   0   7 0.00    M    M  6.2 13  30   M    M   0        16 150
 7  94  56  75  11   0  10 0.00    M    M  6.6 18  60   M    M   0        23 200
 8  88  64  76  12   0  11 0.00    M    M  8.0 15 160   M    M   0        19 170
 9  83  55  69   6   0   4 0.00    M    M  8.2 14 330   M    M   0        18 310
10  88  52  70   7   0   5 0.00    M    M  5.6 16 250   M    M   0        21 270
11  76  54  65   3   0   0    T    M    M  9.9 22 340   M    M   0        29 340
12  76  52  64   2   1   0 0.00    M    M 10.0 20 350   M    M   0        24 350
13  76  52  64   3   1   0 0.00    M    M  7.3 21  60   M    M   1        25  50
14  74  54  64   3   1   0 0.00    M    M 10.5 21  50   M    M   4        27  40
15  76  51  64   4   1   0 0.00    M    M 11.8 22  50   M    M   3        25  50
16  76  58  67   7   0   2    T    M    M 10.8 24 310   M    M   4 1      31 300
17  71  49  60   1   5   0 0.00    M    M  8.8 18  50   M    M   3        23  40
================================================================================
SM 1373  891        20  49    T     M    150.8          M       15
================================================================================
AV 80.8 52.4                               8.9 FASTST   M    M   1    MAX(MPH)
                                 MISC ---->  # 24  10               # 31   20
================================================================================
NOTES:
# LAST OF SEVERAL OCCURRENCES

COLUMN 17 PEAK WIND IN M.P.H.

PRELIMINARY LOCAL CLIMATOLOGICAL DATA (WS FORM: F-6) , PAGE 2

                                          STATION:  MILES CITY MT
                                          MONTH:    SEPTEMBER
                                          YEAR:     2018
                                          LATITUDE:   46 25 N
                                          LONGITUDE: 105 53 W

[TEMPERATURE DATA]      [PRECIPITATION DATA]       SYMBOLS USED IN COLUMN 16

AVERAGE MONTHLY: 66.6   TOTAL FOR MONTH:      T    1 = FOG OR MIST
DPTR FM NORMAL:   3.4   DPTR FM NORMAL:   -0.59    2 = FOG REDUCING VISIBILITY
HIGHEST:    94 ON  7    GRTST 24HR    T  ON 16-16      TO 1/4 MILE OR LESS
LOWEST:     43 ON  2                               3 = THUNDER
                        SNOW, ICE PELLETS, HAIL    4 = ICE PELLETS
                        TOTAL MONTH:    M          5 = HAIL
                        GRTST 24HR    M  ON   M    6 = FREEZING RAIN OR DRIZZLE
                        GRTST DEPTH:  M  ON   M    7 = DUSTSTORM OR SANDSTORM:
                                                       VSBY 1/2 MILE OR LESS
                                                   8 = SMOKE OR HAZE
[NO. OF DAYS WITH]      [WEATHER - DAYS WITH]      9 = BLOWING SNOW
                                                   X = TORNADO
MAX 32 OR BELOW:   0    0.01 INCH OR MORE:   0
MAX 90 OR ABOVE:   1    0.10 INCH OR MORE:   0
MIN 32 OR BELOW:   0    0.50 INCH OR MORE:   0
MIN  0 OR BELOW:   0    1.00 INCH OR MORE:   0

[HDD (BASE 65) ]
TOTAL THIS MO.    20    CLEAR  (SCALE 0-3)  14
DPTR FM NORMAL   -56    PTCLDY (SCALE 4-7)   3
TOTAL FM JUL 1    54    CLOUDY (SCALE 8-10)  0
DPTR FM NORMAL   -56

[CDD (BASE 65) ]
TOTAL THIS MO.    49
DPTR FM NORMAL     1    [PRESSURE DATA]
TOTAL FM JAN 1   667    HIGHEST SLP  0.00 ON  8
DPTR FM NORMAL   -53    LOWEST  SLP 29.62 ON 11

[REMARKS]
