000
CXUS54 KMOB 290639
CF6MOB
PRELIMINARY LOCAL CLIMATOLOGICAL DATA (WS FORM: F-6)

                                          STATION:   MOBILE
                                          MONTH:     MAY
                                          YEAR:      2020
                                          LATITUDE:   30 40 N
                                          LONGITUDE:  88 15 W

  TEMPERATURE IN F:       :PCPN:    SNOW:  WIND      :SUNSHINE: SKY     :PK WND
================================================================================
1   2   3   4   5  6A  6B    7    8   9   10  11  12  13   14  15   16   17  18
                                     12Z  AVG MX 2MIN
DY MAX MIN AVG DEP HDD CDD  WTR  SNW DPTH SPD SPD DIR MIN PSBL S-S WX    SPD DR
================================================================================

 1  81  46  64  -6   1   0 0.00  0.0    0  3.6 14 180   M    M   1        16 180
 2  82  51  67  -4   0   2 0.00  0.0    0  5.3 14 210   M    M   2        21 170
 3  81  56  69  -2   0   4 0.00  0.0    0  5.9 17 180   M    M   2        22 180
 4  83  57  70  -1   0   5 0.00  0.0    0  5.5 16 180   M    M   2        21 180
 5  86  61  74   3   0   9 0.00  0.0    0  5.1 13 340   M    M   5 1      19 230
 6  83  61  72   0   0   7 0.00  0.0    0 12.7 22 350   M    M   3        29 340
 7  76  50  63  -9   2   0 0.00  0.0    0  5.9 16 360   M    M   1        20 360
 8  79  53  66  -6   0   1 0.10  0.0    0 10.4 24 200   M    M   6 1      32 210
 9  69  53  61 -11   4   0 0.00  0.0    0 10.1 23  20   M    M   6        29  20
10  80  55  68  -5   0   3 0.00  0.0    0  7.6 14  10   M    M   3        18 350
11  82  52  67  -6   0   2 0.00  0.0    0  8.1 17 350   M    M   1        22  10
12  82  52  67  -6   0   2 0.00  0.0    0  6.6 16 130   M    M   5 8      21 110
13  85  57  71  -3   0   6 0.00  0.0    0  8.9 20 150   M    M   4        25 140
14  83  64  74   0   0   9 0.00  0.0    0 12.6 23 150   M    M   5        29 160
15  80  68  74   0   0   9 0.03  0.0    0 10.9 21 150   M    M   6 18     26 130
16  87  67  77   3   0  12 0.00  0.0    0 10.4 23 140   M    M   5 1      32 140
17  85  70  78   4   0  13 1.45  0.0    0 11.1 40 140   M    M   7 13     46 140
18  82  64  73  -2   0   8 0.30  0.0    0  5.9 15 300   M    M   7 1      29  30
19  85  59  72  -3   0   7 0.00  0.0    0  6.0 14 210   M    M   4        21 220
20  74  63  69  -6   0   4 0.21  0.0    0  2.7 10 360   M    M   7 138    11 360
21  89  61  75   0   0  10 0.00  0.0    0  5.9 17 180   M    M   5 1      22 220
22  88  72  80   4   0  15 0.00  0.0    0  9.7 21 170   M    M   6 1      27 170
23  89  70  80   4   0  15 0.00  0.0    0  8.5 17 130   M    M   4 1      21 150
24  90  68  79   3   0  14 0.00  0.0    0  7.2 23  60   M    M   3 3      31  40
25  89  68  79   3   0  14 0.00  0.0    0 11.5 23 100   M    M   5 1      28 130
26  82  69  76   0   0  11 1.17  0.0    0  7.1 14  20   M    M   9 138    18  30
27  79  63  71  -6   0   6 1.72  0.0    0  5.0 33 290   M    M   6 13     47 290
28  87  67  77   0   0  12 0.58  0.0    0  4.7 18 180   M    M   5 13     25 150
================================================================================
SM 2318 1697         7 200  5.56     0.0 214.9          M      125
================================================================================
AV 82.8 60.6                               7.7 FASTST   M    M   4    MAX(MPH)
                                 MISC ---->  # 40 140               # 47  290
================================================================================
NOTES:
# LAST OF SEVERAL OCCURRENCES

COLUMN 17 PEAK WIND IN M.P.H.

PRELIMINARY LOCAL CLIMATOLOGICAL DATA (WS FORM: F-6) , PAGE 2

                                          STATION:  MOBILE
                                          MONTH:    MAY
                                          YEAR:     2020
                                          LATITUDE:   30 40 N
                                          LONGITUDE:  88 15 W

[TEMPERATURE DATA]      [PRECIPITATION DATA]       SYMBOLS USED IN COLUMN 16

AVERAGE MONTHLY: 71.7   TOTAL FOR MONTH:   5.56    1 = FOG OR MIST
DPTR FM NORMAL:  -2.1   DPTR FM NORMAL:    0.96    2 = FOG REDUCING VISIBILITY
HIGHEST:    90 ON 24    GRTST 24HR  1.72 ON 27-27      TO 1/4 MILE OR LESS
LOWEST:     46 ON  1                               3 = THUNDER
                        SNOW, ICE PELLETS, HAIL    4 = ICE PELLETS
                        TOTAL MONTH:   0.0 INCH    5 = HAIL
                        GRTST 24HR     0.0         6 = FREEZING RAIN OR DRIZZLE
                        GRTST DEPTH:   0           7 = DUSTSTORM OR SANDSTORM:
                                                       VSBY 1/2 MILE OR LESS
                                                   8 = SMOKE OR HAZE
[NO. OF DAYS WITH]      [WEATHER - DAYS WITH]      9 = BLOWING SNOW
                                                   X = TORNADO
MAX 32 OR BELOW:   0    0.01 INCH OR MORE:   8
MAX 90 OR ABOVE:   1    0.10 INCH OR MORE:   7
MIN 32 OR BELOW:   0    0.50 INCH OR MORE:   4
MIN  0 OR BELOW:   0    1.00 INCH OR MORE:   3

[HDD (BASE 65) ]
TOTAL THIS MO.     7    CLEAR  (SCALE 0-3)   8
DPTR FM NORMAL     7    PTCLDY (SCALE 4-7)  19
TOTAL FM JUL 1  1307    CLOUDY (SCALE 8-10)  1
DPTR FM NORMAL  -384

[CDD (BASE 65) ]
TOTAL THIS MO.   200
DPTR FM NORMAL   -50    [PRESSURE DATA]
TOTAL FM JAN 1   503    HIGHEST SLP M ON M
DPTR FM NORMAL    94    LOWEST  SLP 29.74 ON 18

[REMARKS]
