000
CXUS54 KMOB 161512
CF6MOB
PRELIMINARY LOCAL CLIMATOLOGICAL DATA (WS FORM: F-6)

                                          STATION:   MOBILE
                                          MONTH:     OCTOBER
                                          YEAR:      2018
                                          LATITUDE:   30 40 N
                                          LONGITUDE:  88 15 W

  TEMPERATURE IN F:       :PCPN:    SNOW:  WIND      :SUNSHINE: SKY     :PK WND
================================================================================
1   2   3   4   5  6A  6B    7    8   9   10  11  12  13   14  15   16   17  18
                                     12Z  AVG MX 2MIN
DY MAX MIN AVG DEP HDD CDD  WTR  SNW DPTH SPD SPD DIR MIN PSBL S-S WX    SPD DR
================================================================================

 1  90  71  81   8   0  16 0.05  0.0    0  3.8 14 150   M    M   4 138    18 130
 2  91  73  82   9   0  17 0.00  0.0    0  4.4 12  20   M    M   2        16  50
 3  91  72  82  10   0  17 0.00  0.0    0  4.8 13 150   M    M   2        16 130
 4  91  71  81   9   0  16 0.00  0.0    0  3.3 12 100   M    M   2 1      15 100
 5  91  71  81   9   0  16 0.00  0.0    0  3.8 14 140   M    M   2        20 140
 6  91  71  81   9   0  16    T  0.0    0  4.6 14 120   M    M   3 1      19 120
 7  89  72  81  10   0  16 0.00  0.0    0  6.3 16  70   M    M   2        21 100
 8  90  71  81  10   0  16 0.00  0.0    0 10.8 22 110   M    M   3        27 110
 9  86  75  81  11   0  16    T  0.0    0 11.0 20  60   M    M   5 18     26  90
10  86  75  81  11   0  16 0.03  0.0    0 11.2 23 350   M    M   5 1      30 340
11  84  63  74   4   0   9 0.00  0.0    0  9.0 18 340   M    M   2        24 350
12  82  55  69  -1   0   4 0.00  0.0    0  5.4 17  10   M    M   2 1      21 360
13  84  56  70   1   0   5 0.00  0.0    0  2.8  9 140   M    M   1        13  40
14  88  63  76   7   0  11 0.00  0.0    0  6.0 16 140   M    M   2        22 140
15  89  70  80  11   0  15 0.00  0.0    0  4.9 15 150   M    M   5 1      17 130
================================================================================
SM 1323 1029         0 206  0.08     0.0  92.1          M       42
================================================================================
AV 88.2 68.6                               6.1 FASTST   M    M   3    MAX(MPH)
                                 MISC ---->  # 23 350               # 30  340
================================================================================
NOTES:
# LAST OF SEVERAL OCCURRENCES

COLUMN 17 PEAK WIND IN M.P.H.

PRELIMINARY LOCAL CLIMATOLOGICAL DATA (WS FORM: F-6) , PAGE 2

                                          STATION:  MOBILE
                                          MONTH:    OCTOBER
                                          YEAR:     2018
                                          LATITUDE:   30 40 N
                                          LONGITUDE:  88 15 W

[TEMPERATURE DATA]      [PRECIPITATION DATA]       SYMBOLS USED IN COLUMN 16

AVERAGE MONTHLY: 78.4   TOTAL FOR MONTH:   0.08    1 = FOG OR MIST
DPTR FM NORMAL:   7.5   DPTR FM NORMAL:   -1.70    2 = FOG REDUCING VISIBILITY
HIGHEST:    91 ON  6, 5 GRTST 24HR  0.05 ON  1- 1      TO 1/4 MILE OR LESS
LOWEST:     55 ON 12                               3 = THUNDER
                        SNOW, ICE PELLETS, HAIL    4 = ICE PELLETS
                        TOTAL MONTH:   0.0 INCH    5 = HAIL
                        GRTST 24HR     0.0         6 = FREEZING RAIN OR DRIZZLE
                        GRTST DEPTH:   0           7 = DUSTSTORM OR SANDSTORM:
                                                       VSBY 1/2 MILE OR LESS
                                                   8 = SMOKE OR HAZE
[NO. OF DAYS WITH]      [WEATHER - DAYS WITH]      9 = BLOWING SNOW
                                                   X = TORNADO
MAX 32 OR BELOW:   0    0.01 INCH OR MORE:   2
MAX 90 OR ABOVE:   7    0.10 INCH OR MORE:   0
MIN 32 OR BELOW:   0    0.50 INCH OR MORE:   0
MIN  0 OR BELOW:   0    1.00 INCH OR MORE:   0

[HDD (BASE 65) ]
TOTAL THIS MO.     0    CLEAR  (SCALE 0-3)  11
DPTR FM NORMAL   -11    PTCLDY (SCALE 4-7)   4
TOTAL FM JUL 1     0    CLOUDY (SCALE 8-10)  0
DPTR FM NORMAL   -13

[CDD (BASE 65) ]
TOTAL THIS MO.   206
DPTR FM NORMAL   107    [PRESSURE DATA]
TOTAL FM JAN 1  2948    HIGHEST SLP M ON M
DPTR FM NORMAL   545    LOWEST  SLP 29.63 ON 10

[REMARKS]
