000
CXUS56 KSTO 221425
CF6MOD
PRELIMINARY LOCAL CLIMATOLOGICAL DATA (WS FORM: F-6)

                                          STATION:   MODESTO CA
                                          MONTH:     OCTOBER
                                          YEAR:      2019
                                          LATITUDE:   37 37 N
                                          LONGITUDE: 120 57 W

  TEMPERATURE IN F:       :PCPN:    SNOW:  WIND      :SUNSHINE: SKY     :PK WND
================================================================================
1   2   3   4   5  6A  6B    7    8   9   10  11  12  13   14  15   16   17  18
                                     12Z  AVG MX 2MIN
DY MAX MIN AVG DEP HDD CDD  WTR  SNW DPTH SPD SPD DIR MIN PSBL S-S WX    SPD DR
================================================================================

 1  72  49  61 -10   4   0 0.00  0.0    0  8.8 16 320   M    M   0        20 330
 2  78  45  62  -8   3   0 0.00  0.0    0  3.3 14 310   M    M   0        17 300
 3  79  44  62  -8   3   0 0.00  0.0    0  4.1 18 310   M    M   0        22 310
 4  76  51  64  -6   1   0 0.00  0.0    0 10.0 20 330   M    M   0        25 330
 5  80  46  63  -6   2   0 0.00  0.0    0  4.0 13 310   M    M   0        16 320
 6  86  48  67  -2   0   2 0.00  0.0    0  2.5  9 310   M    M   1        12 300
 7  88  51  70   1   0   5 0.00  0.0    0  2.7 10 300   M    M   1        12 300
 8  90  52  71   3   0   6 0.00  0.0    0  2.2 10 330   M    M   0        14  10
 9  75  55  65  -3   0   0 0.00  0.0    0 14.3 24 310   M    M   1        29 330
10  75  50  63  -5   2   0 0.00  0.0    0  9.0 21 300   M    M   0        27 300
11  78  44  61  -7   4   0 0.00  0.0    0  2.5  9 320   M    M   0        12 280
12  82  43  63  -4   2   0 0.00  0.0    0  1.0  8 330   M    M   0        11 320
13  80  43  62  -5   3   0 0.00  0.0    0  3.5 13 300   M    M   0        15 290
14  80  48  64  -3   1   0 0.00  0.0    0  4.9 13 310   M    M   0        15 310
15  82  45  64  -2   1   0 0.00  0.0    0  3.2 10 320   M    M   0        14 310
16  76  45  61  -5   4   0 0.00  0.0    0  4.8 20 320   M    M   1 8      23 300
17  74  58  66   0   0   1 0.00  0.0    0 13.3 24 310   M    M   1        29 310
18  74  47  61  -4   4   0 0.00  0.0    0  7.8 16 300   M    M   0        20 300
19  75  47  61  -4   4   0 0.00  0.0    0  6.7 15 300   M    M   1         M  M
20  77  55  66   2   0   1 0.00  0.0    0 11.9 22 320   M    M   0        28 340
21  82  52  67   3   0   2 0.00  0.0    0  4.6 16 320   M    M   0        23 310
================================================================================
SM 1659 1018        38  17  0.00     0.0 125.1          M        6
================================================================================
AV 79.0 48.5                               6.0 FASTST   M    M   0    MAX(MPH)
                                 MISC ---->  # 24 310               # 29  330
================================================================================
NOTES:
# LAST OF SEVERAL OCCURRENCES

COLUMN 17 PEAK WIND IN M.P.H.

PRELIMINARY LOCAL CLIMATOLOGICAL DATA (WS FORM: F-6) , PAGE 2

                                          STATION:  MODESTO CA
                                          MONTH:    OCTOBER
                                          YEAR:     2019
                                          LATITUDE:   37 37 N
                                          LONGITUDE: 120 57 W

[TEMPERATURE DATA]      [PRECIPITATION DATA]       SYMBOLS USED IN COLUMN 16

AVERAGE MONTHLY: 63.7   TOTAL FOR MONTH:   0.00    1 = FOG OR MIST
DPTR FM NORMAL:  -3.7   DPTR FM NORMAL:   -0.38    2 = FOG REDUCING VISIBILITY
HIGHEST:    90 ON  8    GRTST 24HR    T  ON 30- 1      TO 1/4 MILE OR LESS
LOWEST:     43 ON 13,12                            3 = THUNDER
                        SNOW, ICE PELLETS, HAIL    4 = ICE PELLETS
                        TOTAL MONTH:   0.0 INCH    5 = HAIL
                        GRTST 24HR     0.0         6 = FREEZING RAIN OR DRIZZLE
                        GRTST DEPTH:   0           7 = DUSTSTORM OR SANDSTORM:
                                                       VSBY 1/2 MILE OR LESS
                                                   8 = SMOKE OR HAZE
[NO. OF DAYS WITH]      [WEATHER - DAYS WITH]      9 = BLOWING SNOW
                                                   X = TORNADO
MAX 32 OR BELOW:   0    0.01 INCH OR MORE:   0
MAX 90 OR ABOVE:   1    0.10 INCH OR MORE:   0
MIN 32 OR BELOW:   0    0.50 INCH OR MORE:   0
MIN  0 OR BELOW:   0    1.00 INCH OR MORE:   0

[HDD (BASE 65) ]
TOTAL THIS MO.    38    CLEAR  (SCALE 0-3)  21
DPTR FM NORMAL    15    PTCLDY (SCALE 4-7)   0
TOTAL FM JUL 1    50    CLOUDY (SCALE 8-10)  0
DPTR FM NORMAL    24

[CDD (BASE 65) ]
TOTAL THIS MO.    17
DPTR FM NORMAL   -59    [PRESSURE DATA]
TOTAL FM JAN 1  1720    HIGHEST SLP M ON M
DPTR FM NORMAL    32    LOWEST  SLP 29.76 ON  8

[REMARKS]
