000
CXUS56 KSTO 261425
CF6MOD
PRELIMINARY LOCAL CLIMATOLOGICAL DATA (WS FORM: F-6)

                                          STATION:   MODESTO CA
                                          MONTH:     FEBRUARY
                                          YEAR:      2021
                                          LATITUDE:   37 37 N
                                          LONGITUDE: 120 57 W

  TEMPERATURE IN F:       :PCPN:    SNOW:  WIND      :SUNSHINE: SKY     :PK WND
================================================================================
1   2   3   4   5  6A  6B    7    8   9   10  11  12  13   14  15   16   17  18
                                     12Z  AVG MX 2MIN
DY MAX MIN AVG DEP HDD CDD  WTR  SNW DPTH SPD SPD DIR MIN PSBL S-S WX    SPD DR
================================================================================

 1  69  47  58   8   7   0 0.00  0.0    0  4.6 15 130   M    M   2        19 150
 2  54  46  50   0  15   0 0.46  0.0    0  3.0 13 310   M    M   8 18     16 300
 3  57  40  49  -2  16   0 0.00  0.0    0  9.1 18 310   M    M   2        21 330
 4  56  39  48  -3  17   0 0.00  0.0    0  7.3 15 300   M    M   0 18     17 300
 5  62  32  47  -4  18   0 0.00  0.0    0  2.8 10 330   M    M   0 18     13 290
 6  64  36  50  -1  15   0 0.00  0.0    0  1.6  8 260   M    M   0 1       9 260
 7  64  35  50  -1  15   0 0.00  0.0    0  1.5  7 110   M    M   0 18      8 300
 8  61  36  49  -3  16   0 0.00  0.0    0  2.5  9 280   M    M   0 18     10 280
 9  63  49  56   4   9   0 0.00  0.0    0  5.4 13 330   M    M   6 18     15 300
10  64  46  55   3  10   0 0.00  0.0    0  4.3 13 310   M    M   1        17 330
11  60  44  52   0  13   0 0.45  0.0    0  3.7 20 290   M    M   3 1      25 280
12  60  46  53   1  12   0    T  0.0    0  9.5 20 290   M    M   2 1      27 270
13  62  45  54   1  11   0 0.00  0.0    0  9.7 23 310   M    M   5 8      31 330
14  56  44  50  -3  15   0    T  0.0    0  9.3 18 320   M    M   5        23 330
15  58  47  53   0  12   0 0.02  0.0    0  8.7 15 110   M    M   8 1      19 120
16  58  43  51  -2  14   0 0.00  0.0    0 10.2 20 320   M    M   1        24 320
17  60  42  51  -3  14   0 0.00  0.0    0 14.3 28 330   M    M   0        35 310
18  62  32  47  -7  18   0 0.00  0.0    0  3.7 13 290   M    M   0        16 200
19  65  40  53  -1  12   0 0.00  0.0    0  5.3 16 300   M    M   5 1      21 290
20  58  43  51  -3  14   0 0.01  0.0    0 10.9 21 330   M    M   2        25 330
21  60  39  50  -4  15   0 0.00  0.0    0  5.4 14 310   M    M   0 8      19 310
22  68  36  52  -3  13   0 0.00  0.0    0  0.8  7 310   M    M   0 18     10 280
23  73  41  57   2   8   0 0.00  0.0    0  6.2 20 330   M    M   0 18     23 320
24  66  42  54  -1  11   0 0.00  0.0    0 15.4 28 310   M    M   0 8      37 300
25  63  39  51  -4  14   0 0.00  0.0    0  9.4 20 310   M    M   0        25 280
================================================================================
SM 1543 1029       334   0  0.94     0.0 164.6          M       50
================================================================================
AV 61.7 41.2                               6.6 FASTST   M    M   2    MAX(MPH)
                                 MISC ---->  # 28 330               # 37  300
================================================================================
NOTES:
# LAST OF SEVERAL OCCURRENCES

COLUMN 17 PEAK WIND IN M.P.H.

PRELIMINARY LOCAL CLIMATOLOGICAL DATA (WS FORM: F-6) , PAGE 2

                                          STATION:  MODESTO CA
                                          MONTH:    FEBRUARY
                                          YEAR:     2021
                                          LATITUDE:   37 37 N
                                          LONGITUDE: 120 57 W

[TEMPERATURE DATA]      [PRECIPITATION DATA]       SYMBOLS USED IN COLUMN 16

AVERAGE MONTHLY: 51.4   TOTAL FOR MONTH:   0.94    1 = FOG OR MIST
DPTR FM NORMAL:  -1.2   DPTR FM NORMAL:   -1.20    2 = FOG REDUCING VISIBILITY
HIGHEST:    73 ON 23    GRTST 24HR  0.46 ON  2- 2      TO 1/4 MILE OR LESS
LOWEST:     32 ON 18, 5                            3 = THUNDER
                        SNOW, ICE PELLETS, HAIL    4 = ICE PELLETS
                        TOTAL MONTH:   0.0 INCH    5 = HAIL
                        GRTST 24HR     0.0         6 = FREEZING RAIN OR DRIZZLE
                        GRTST DEPTH:   0           7 = DUSTSTORM OR SANDSTORM:
                                                       VSBY 1/2 MILE OR LESS
                                                   8 = SMOKE OR HAZE
[NO. OF DAYS WITH]      [WEATHER - DAYS WITH]      9 = BLOWING SNOW
                                                   X = TORNADO
MAX 32 OR BELOW:   0    0.01 INCH OR MORE:   4
MAX 90 OR ABOVE:   0    0.10 INCH OR MORE:   2
MIN 32 OR BELOW:   2    0.50 INCH OR MORE:   0
MIN  0 OR BELOW:   0    1.00 INCH OR MORE:   0

[HDD (BASE 65) ]
TOTAL THIS MO.   334    CLEAR  (SCALE 0-3)  18
DPTR FM NORMAL    27    PTCLDY (SCALE 4-7)   6
TOTAL FM JUL 1  1850    CLOUDY (SCALE 8-10)  1
DPTR FM NORMAL   111

[CDD (BASE 65) ]
TOTAL THIS MO.     0
DPTR FM NORMAL     0    [PRESSURE DATA]
TOTAL FM JAN 1     0    HIGHEST SLP M ON M
DPTR FM NORMAL     0    LOWEST  SLP 29.86 ON 11

[REMARKS]
