882
CXUS53 KBIS 170803
CF6MOT
PRELIMINARY LOCAL CLIMATOLOGICAL DATA (WS FORM: F-6)

                                          STATION:   MINOT ND
                                          MONTH:     JULY
                                          YEAR:      2018
                                          LATITUDE:   48 15 N
                                          LONGITUDE: 101 16 W

  TEMPERATURE IN F:       :PCPN:    SNOW:  WIND      :SUNSHINE: SKY     :PK WND
================================================================================
1   2   3   4   5  6A  6B    7    8   9   10  11  12  13   14  15   16   17  18
                                     12Z  AVG MX 2MIN
DY MAX MIN AVG DEP HDD CDD  WTR  SNW DPTH SPD SPD DIR MIN PSBL S-S WX    SPD DR
================================================================================

 1  79  59  69   1   0   4 0.00    M    M 10.7 30 270   M    M   2 3      43 270
 2  82  56  69   1   0   4 0.00    M    M  5.4 14 220   M    M   2        17 280
 3  82  59  71   3   0   6 0.42    M    M  6.6 23  50   M    M   3 13     27  40
 4  77  62  70   2   0   5 0.03    M    M 16.0 29 250   M    M   2 3      39 230
 5  79  55  67  -1   0   2 0.00    M    M  5.3 13 300   M    M   0        15 310
 6  87  57  72   3   0   7 0.00    M    M 11.9 23 160   M    M   3        32 170
 7  95  70  83  14   0  18 0.00    M    M 11.1 24 290   M    M   0        29 290
 8  87  62  75   6   0  10 0.00    M    M  7.6 21 340   M    M   1        28 340
 9  88  57  73   4   0   8 0.02    M    M  8.6 18 130   M    M   0 3      24 100
10  86  66  76   7   0  11 0.51    M    M 13.1 26 110   M    M   1 13     33 110
11  84  67  76   7   0  11    T    M    M 12.0 23 280   M    M   1 3      29 280
12  86  64  75   5   0  10 0.00    M    M 10.6 21 270   M    M   0        27 280
13  92  65  79   9   0  14 0.00    M    M  7.6 14 160   M    M   1        19 230
14  96  62  79   9   0  14 0.00    M    M 17.0 30 300   M    M   0        39 300
15  80  55  68  -2   0   3 0.00    M    M 13.5 24 290   M    M   0        30 290
16  79  52  66  -4   0   1 0.00    M    M  5.8 15 340   M    M   0        19 340
================================================================================
SM 1359  968         0 128  0.98    M    162.8          M       16
================================================================================
AV 84.9 60.5                              10.2 FASTST   M    M   1    MAX(MPH)
                                 MISC ---->  # 30 270               # 43  270
================================================================================
NOTES:
# LAST OF SEVERAL OCCURRENCES

COLUMN 17 PEAK WIND IN M.P.H.

PRELIMINARY LOCAL CLIMATOLOGICAL DATA (WS FORM: F-6) , PAGE 2

                                          STATION:  MINOT ND
                                          MONTH:    JULY
                                          YEAR:     2018
                                          LATITUDE:   48 15 N
                                          LONGITUDE: 101 16 W

[TEMPERATURE DATA]      [PRECIPITATION DATA]       SYMBOLS USED IN COLUMN 16

AVERAGE MONTHLY: 72.7   TOTAL FOR MONTH:   0.98    1 = FOG OR MIST
DPTR FM NORMAL:   3.7   DPTR FM NORMAL:   -0.45    2 = FOG REDUCING VISIBILITY
HIGHEST:    96 ON 14    GRTST 24HR  0.51 ON 10-10      TO 1/4 MILE OR LESS
LOWEST:     52 ON 16                               3 = THUNDER
                        SNOW, ICE PELLETS, HAIL    4 = ICE PELLETS
                        TOTAL MONTH:    M          5 = HAIL
                        GRTST 24HR    M  ON   M    6 = FREEZING RAIN OR DRIZZLE
                        GRTST DEPTH:  M  ON   M    7 = DUSTSTORM OR SANDSTORM:
                                                       VSBY 1/2 MILE OR LESS
                                                   8 = SMOKE OR HAZE
[NO. OF DAYS WITH]      [WEATHER - DAYS WITH]      9 = BLOWING SNOW
                                                   X = TORNADO
MAX 32 OR BELOW:   0    0.01 INCH OR MORE:   4
MAX 90 OR ABOVE:   3    0.10 INCH OR MORE:   2
MIN 32 OR BELOW:   0    0.50 INCH OR MORE:   1
MIN  0 OR BELOW:   0    1.00 INCH OR MORE:   0

[HDD (BASE 65) ]
TOTAL THIS MO.     0    CLEAR  (SCALE 0-3)  15
DPTR FM NORMAL   -16    PTCLDY (SCALE 4-7)   1
TOTAL FM JUL 1     0    CLOUDY (SCALE 8-10)  0
DPTR FM NORMAL   -16

[CDD (BASE 65) ]
TOTAL THIS MO.   128
DPTR FM NORMAL    50    [PRESSURE DATA]
TOTAL FM JAN 1   347    HIGHEST SLP M ON M
DPTR FM NORMAL   180    LOWEST  SLP 29.63 ON  3

[REMARKS]
