941
CXUS53 KMPX 290910
CF6MPX
PRELIMINARY LOCAL CLIMATOLOGICAL DATA (WS FORM: F-6)

                                          STATION:   CHANHASSEN MN
                                          MONTH:     MAY
                                          YEAR:      2024
                                          LATITUDE:   44 50 N
                                          LONGITUDE:  93 34 W

  TEMPERATURE IN F:       :PCPN:    SNOW:  WIND      :SUNSHINE: SKY     :PK WND
================================================================================
1   2   3   4   5  6A  6B    7    8   9   10  11  12  13   14  15   16   17  18
                                     12Z  AVG MX 2MIN
DY MAX MIN AVG DEP HDD CDD  WTR  SNW DPTH SPD SPD DIR MIN PSBL S-S WX    SPD DR
================================================================================

 1  62  48  55   3  10   0 0.00  0.0    0    M  M   M   M    M   M         M   M
 2  53  44  49  -3  16   0 0.67  0.0    0    M  M   M   M    M   M         M   M
 3  69  41  55   3  10   0 0.00  0.0    0    M  M   M   M    M   M         M   M
 4  60  44  52  -1  13   0 0.22  0.0    0    M  M   M   M    M   M         M   M
 5  67  38  53   0  12   0 0.00  0.0    0    M  M   M   M    M   M         M   M
 6  72  45  59   5   6   0 0.00  0.0    0    M  M   M   M    M   M         M   M
 7  69  49  59   5   6   0 0.16  0.0    0    M  M   M   M    M   M         M   M
 8  75  42  59   5   6   0 0.00  0.0    0    M  M   M   M    M   M         M   M
 9  66  43  55   0  10   0 0.00  0.0    0    M  M   M   M    M   M         M   M
10  74  39  57   2   8   0 0.00  0.0    0    M  M   M   M    M   M         M   M
11  75  42  59   3   6   0 0.00  0.0    0    M  M   M   M    M   M         M   M
12  87  55  71  15   0   6 0.00  0.0    0    M  M   M   M    M   M         M   M
13  70  51  61   5   4   0 0.00  0.0    0    M  M   M   M    M   M         M   M
14  71  47  59   2   6   0 0.00  0.0    0    M  M   M   M    M   M         M   M
15  72  47  60   3   5   0 0.34  0.0    0    M  M   M   M    M   M         M   M
16  70  52  61   4   4   0    T  0.0    0    M  M   M   M    M   M         M   M
17  84  50  67   9   0   2 0.34  0.0    0    M  M   M   M    M   M         M   M
18  79  54  67   9   0   2 0.20    T    0    M  M   M   M    M   M         M   M
19  69  44  57  -1   8   0 0.00  0.0    0    M  M   M   M    M   M         M   M
20  76  55  66   7   0   1 0.72  0.0    0    M  M   M   M    M   M         M   M
21  71  55  63   4   2   0 2.24  0.0    0    M  M   M   M    M   M         M   M
22  70  51  61   1   4   0 0.00  0.0    0    M  M   M   M    M   M         M   M
23  77  51  64   4   1   0 0.00  0.0    0    M  M   M   M    M   M         M   M
24  72  46  59  -1   6   0 0.34  0.0    0    M  M   M   M    M   M         M   M
25  74  44  59  -2   6   0    T  0.0    0    M  M   M   M    M   M         M   M
26  69  49  59  -2   6   0 0.00  0.0    0    M  M   M   M    M   M         M   M
27  66  47  57  -4   8   0 0.12    T    0    M  M   M   M    M   M         M   M
28  65  49  57  -5   8   0 0.19    T    0    M  M   M   M    M   M         M   M
================================================================================
SM 1984 1322       171  11  5.54    T        M          M        M
================================================================================
AV 70.9 47.2                                 M FASTST   M    M   M    MAX(MPH)
                                 MISC ---->     M   M                  M   M
================================================================================
NOTES:
# LAST OF SEVERAL OCCURRENCES

COLUMN 17 PEAK WIND IN M.P.H.

PRELIMINARY LOCAL CLIMATOLOGICAL DATA (WS FORM: F-6) , PAGE 2

                                          STATION:   CHANHASSEN MN
                                          MONTH:     MAY
                                          YEAR:      2024
                                          LATITUDE:   44 50 N
                                          LONGITUDE:  93 34 W

[TEMPERATURE DATA]      [PRECIPITATION DATA]       SYMBOLS USED IN COLUMN 16

AVERAGE MONTHLY: 59.0   TOTAL FOR MONTH:   5.54    1 = FOG OR MIST
DPTR FM NORMAL:   2.3   DPTR FM NORMAL:    1.64    2 = FOG REDUCING VISIBILITY
HIGHEST:    87 ON 12    GRTST 24HR  2.24 ON 21-21      TO 1/4 MILE OR LESS
LOWEST:     38 ON  5                               3 = THUNDER
                        SNOW, ICE PELLETS, HAIL    4 = ICE PELLETS
                        TOTAL MONTH:  T            5 = HAIL
                        GRTST 24HR   T   ON 18-18  6 = FREEZING RAIN OR DRIZZLE
                        GRTST DEPTH:  0            7 = DUSTSTORM OR SANDSTORM:
                                                       VSBY 1/2 MILE OR LESS
                                                   8 = SMOKE OR HAZE
[NO. OF DAYS WITH]      [WEATHER - DAYS WITH]      9 = BLOWING SNOW
                                                   X = TORNADO
MAX 32 OR BELOW:   0    0.01 INCH OR MORE:  11
MAX 90 OR ABOVE:   0    0.10 INCH OR MORE:  11
MIN 32 OR BELOW:   0    0.50 INCH OR MORE:   3
MIN  0 OR BELOW:   0    1.00 INCH OR MORE:   1

[HDD (BASE 65) ]
TOTAL THIS MO.   171    CLEAR  (SCALE 0-3)   0
DPTR FM NORMAL   -82    PTCLDY (SCALE 4-7)   0
TOTAL FM JUL 1  6490    CLOUDY (SCALE 8-10) 28
DPTR FM NORMAL -1430

[CDD (BASE 65) ]
TOTAL THIS MO.    11
DPTR FM NORMAL   -10    [PRESSURE DATA]
TOTAL FM JAN 1    11    HIGHEST SLP M ON M
DPTR FM NORMAL   -12    LOWEST  SLP M ON M

[REMARKS]