000
CXUS51 KLWX 180620
CF6MRB
PRELIMINARY LOCAL CLIMATOLOGICAL DATA (WS FORM: F-6)

                                          STATION:   MARTINSBURG WV
                                          MONTH:     FEBRUARY
                                          YEAR:      2019
                                          LATITUDE:   39 24 N
                                          LONGITUDE:  77 59 W

  TEMPERATURE IN F:       :PCPN:    SNOW:  WIND      :SUNSHINE: SKY     :PK WND
================================================================================
1   2   3   4   5  6A  6B    7    8   9   10  11  12  13   14  15   16   17  18
                                     12Z  AVG MX 2MIN
DY MAX MIN AVG DEP HDD CDD  WTR  SNW DPTH SPD SPD DIR MIN PSBL S-S WX    SPD DR
================================================================================

 1  19   6  13 -19  52   0    M    M    M  2.2  8  70   M    M   9 18     10  60
 2  39   4  22 -10  43   0 0.00    M    M  1.1  7 190   M    M   3 12      9 170
 3  55  20  38   6  27   0 0.00    M    M  1.2  7 100   M    M   1 18      8 110
 4  61  25  43  11  22   0    T    M    M  0.8  9 140   M    M   0 18     12 130
 5  67  38  53  21  12   0    T    M    M  4.2 18 300   M    M   5        23 300
 6  53  35  44  12  21   0 0.16    M    M  4.2 10  20   M    M   8 12     16 110
 7  51  42  47  15  18   0    T    M    M  2.5 10  10   M    M  10 18     14 360
 8  53  30  42  10  23   0 0.15    M    M 16.2 36 270   M    M   4 1      47 280
 9  34  21  28  -5  37   0 0.00    M    M  9.0 24 280   M    M   0        31 280
10  35  13  24  -9  41   0    T    M    M  2.7 10 160   M    M   4 1      13 160
11  33  29  31  -2  34   0 0.31    M    M  3.5  8  60   M    M  10 16      9  60
12  34  32  33   0  32   0 1.28    M    M  2.2  9  70   M    M  10 16     13  90
13  40  32  36   3  29   0 0.00    M    M 15.2 31 260   M    M   7 1      43 260
14  45  30  38   4  27   0 0.00    M    M  5.5 29 280   M    M   0        38 260
15  61  35  48  14  17   0 0.00    M    M  9.2 26 280   M    M   6        32 280
16  43  29  36   2  29   0 0.00    M    M  9.8 18 300   M    M   1        24 300
17  38  19  29  -5  36   0 0.16    M    M  4.5 15 140   M    M   6 1      22 180
================================================================================
SM  761  440       500   0  2.06    M     94.0          M       84
================================================================================
AV 44.8 25.9                               5.5 FASTST   M    M   5    MAX(MPH)
                                 MISC ---->  # 36 270               # 47  280
================================================================================
NOTES:
# LAST OF SEVERAL OCCURRENCES

COLUMN 17 PEAK WIND IN M.P.H.

PRELIMINARY LOCAL CLIMATOLOGICAL DATA (WS FORM: F-6) , PAGE 2

                                          STATION:  MARTINSBURG WV
                                          MONTH:    FEBRUARY
                                          YEAR:     2019
                                          LATITUDE:   39 24 N
                                          LONGITUDE:  77 59 W

[TEMPERATURE DATA]      [PRECIPITATION DATA]       SYMBOLS USED IN COLUMN 16

AVERAGE MONTHLY: 35.3   TOTAL FOR MONTH:   2.06    1 = FOG OR MIST
DPTR FM NORMAL:   2.6   DPTR FM NORMAL:    0.67    2 = FOG REDUCING VISIBILITY
HIGHEST:    67 ON  5    GRTST 24HR  1.28 ON 12-12      TO 1/4 MILE OR LESS
LOWEST:      4 ON  2                               3 = THUNDER
                        SNOW, ICE PELLETS, HAIL    4 = ICE PELLETS
                        TOTAL MONTH:    M          5 = HAIL
                        GRTST 24HR    M  ON   M    6 = FREEZING RAIN OR DRIZZLE
                        GRTST DEPTH:  M  ON   M    7 = DUSTSTORM OR SANDSTORM:
                                                       VSBY 1/2 MILE OR LESS
                                                   8 = SMOKE OR HAZE
[NO. OF DAYS WITH]      [WEATHER - DAYS WITH]      9 = BLOWING SNOW
                                                   X = TORNADO
MAX 32 OR BELOW:   1    0.01 INCH OR MORE:   5
MAX 90 OR ABOVE:   0    0.10 INCH OR MORE:   5
MIN 32 OR BELOW:  13    0.50 INCH OR MORE:   1
MIN  0 OR BELOW:   0    1.00 INCH OR MORE:   1

[HDD (BASE 65) ]
TOTAL THIS MO.   500    CLEAR  (SCALE 0-3)   6
DPTR FM NORMAL   -49    PTCLDY (SCALE 4-7)   7
TOTAL FM JUL 1  3458    CLOUDY (SCALE 8-10)  4
DPTR FM NORMAL  -174

[CDD (BASE 65) ]
TOTAL THIS MO.     0
DPTR FM NORMAL     0    [PRESSURE DATA]
TOTAL FM JAN 1     0    HIGHEST SLP M ON M
DPTR FM NORMAL     0    LOWEST  SLP 29.65 ON M

[REMARKS]
