000
CXUS51 KLWX 250600
CF6MRB
PRELIMINARY LOCAL CLIMATOLOGICAL DATA (WS FORM: F-6)

                                          STATION:   MARTINSBURG WV
                                          MONTH:     MAY
                                          YEAR:      2020
                                          LATITUDE:   39 24 N
                                          LONGITUDE:  77 58 W

  TEMPERATURE IN F:       :PCPN:    SNOW:  WIND      :SUNSHINE: SKY     :PK WND
================================================================================
1   2   3   4   5  6A  6B    7    8   9   10  11  12  13   14  15   16   17  18
                                     12Z  AVG MX 2MIN
DY MAX MIN AVG DEP HDD CDD  WTR  SNW DPTH SPD SPD DIR MIN PSBL S-S WX    SPD DR
================================================================================

 1  63  49  56  -1   9   0 0.00    M    M 10.9 23 300   M    M   8        28 310
 2  70  48  59   2   6   0 0.00    M    M  5.9 13 170   M    M   1        17 170
 3  77  58  68  10   0   3 0.38    M    M  7.2 20 280   M    M   7 1      25 240
 4  70  49  60   2   5   0    T    M    M 13.0 30 290   M    M   2        38 280
 5  55  45  50  -8  15   0 0.07    M    M  3.5 14 360   M    M   5 1      18 360
 6  55  43  49  -9  16   0 0.27    M    M  7.8 24 270   M    M  10 1      31 260
 7  67  34  51  -8  14   0 0.00    M    M  7.5 24 270   M    M   1        32 290
 8  53  37  45 -14  20   0 0.53    M    M  6.1 24 330   M    M   8 13     32 330
 9  48  33  41 -18  24   0 0.00    M    M 13.5 30 300   M    M   3        39 270
10  64  36  50  -9  15   0    T    M    M  8.1 17 160   M    M   1        22 160
11  57  44  51  -9  14   0    T    M    M 16.1 30 280   M    M   8        41 280
12  61  42  52  -8  13   0 0.00    M    M 10.1 23 280   M    M   6        30 260
13  70  36  53  -7  12   0 0.00    M    M  5.4 18 290   M    M   0        26 260
14  72  40  56  -4   9   0 0.02    M    M  3.1 12 150   M    M   6 1      15 160
15  85  58  72  11   0   7 0.00    M    M  8.4 25 270   M    M   4        31 260
16  79  58  69   8   0   4 0.00    M    M  7.0 17 330   M    M   3        23 360
17  66  57  62   1   3   0 0.14    M    M  3.5 10 100   M    M   9 1      16 110
18  68  56  62   0   3   0 0.00    M    M  4.4 12  70   M    M  10 18     15  70
19  69  55  62   0   3   0 0.00    M    M 10.0 18  80   M    M   5        28  70
20  65  50  58  -4   7   0 0.00    M    M  9.1 16  70   M    M   3        24  70
21  68  48  58  -4   7   0 0.00    M    M  5.0 10  80   M    M  10        17 130
22  70  59  65   2   0   0 0.43    M    M  2.9  7  20   M    M   9 1      13  70
23  82  60  71   8   0   6    T    M    M  3.7 12 340   M    M   5 12     15 300
24  66  59  63   0   2   0 0.00    M    M  4.1 10  80   M    M   9 1      14  80
================================================================================
SM 1600 1154       197  20  1.84    M    176.3          M      133
================================================================================
AV 66.7 48.1                               7.3 FASTST   M    M   6    MAX(MPH)
                                 MISC ---->  # 30 290                 41 280
================================================================================
NOTES:
# LAST OF SEVERAL OCCURRENCES

COLUMN 17 PEAK WIND IN M.P.H.

PRELIMINARY LOCAL CLIMATOLOGICAL DATA (WS FORM: F-6) , PAGE 2

                                          STATION:   MARTINSBURG WV
                                          MONTH:     MAY
                                          YEAR:      2020
                                          LATITUDE:   39 24 N
                                          LONGITUDE:  77 58 W

[TEMPERATURE DATA]      [PRECIPITATION DATA]       SYMBOLS USED IN COLUMN 16

AVERAGE MONTHLY: 57.4   TOTAL FOR MONTH:   1.84    1 = FOG OR MIST
DPTR FM NORMAL:  -2.7   DPTR FM NORMAL:   -1.34    2 = FOG REDUCING VISIBILITY
HIGHEST:    85 ON 15    GRTST 24HR  0.53 ON  8- 8      TO 1/4 MILE OR LESS
LOWEST:     33 ON  9                               3 = THUNDER
                        SNOW, ICE PELLETS, HAIL    4 = ICE PELLETS
                        TOTAL MONTH:  M            5 = HAIL
                        GRTST 24HR    M  ON   M    6 = FREEZING RAIN OR DRIZZLE
                        GRTST DEPTH:  M  ON   M    7 = DUSTSTORM OR SANDSTORM:
                                                       VSBY 1/2 MILE OR LESS
                                                   8 = SMOKE OR HAZE
[NO. OF DAYS WITH]      [WEATHER - DAYS WITH]      9 = BLOWING SNOW
                                                   X = TORNADO
MAX 32 OR BELOW:   0    0.01 INCH OR MORE:   7
MAX 90 OR ABOVE:   0    0.10 INCH OR MORE:   5
MIN 32 OR BELOW:   0    0.50 INCH OR MORE:   1
MIN  0 OR BELOW:   0    1.00 INCH OR MORE:   0

[HDD (BASE 65) ]
TOTAL THIS MO.   197    CLEAR  (SCALE 0-3)   7
DPTR FM NORMAL    50    PTCLDY (SCALE 4-7)  11
TOTAL FM JUL 1  4588    CLOUDY (SCALE 8-10)  6
DPTR FM NORMAL  -616

[CDD (BASE 65) ]
TOTAL THIS MO.    20
DPTR FM NORMAL   -12    [PRESSURE DATA]
TOTAL FM JAN 1    21    HIGHEST SLP M ON M
DPTR FM NORMAL   -20    LOWEST  SLP 29.62 ON  8

[REMARKS]
