000
CXUS51 KLWX 230620
CF6MRB
PRELIMINARY LOCAL CLIMATOLOGICAL DATA (WS FORM: F-6)

                                          STATION:   MARTINSBURG WV
                                          MONTH:     OCTOBER
                                          YEAR:      2018
                                          LATITUDE:   39 24 N
                                          LONGITUDE:  77 59 W

  TEMPERATURE IN F:       :PCPN:    SNOW:  WIND      :SUNSHINE: SKY     :PK WND
================================================================================
1   2   3   4   5  6A  6B    7    8   9   10  11  12  13   14  15   16   17  18
                                     12Z  AVG MX 2MIN
DY MAX MIN AVG DEP HDD CDD  WTR  SNW DPTH SPD SPD DIR MIN PSBL S-S WX    SPD DR
================================================================================

 1  84  57  71  12   0   6 0.00    M    M  1.8  8 180   M    M   3 1      11 200
 2  83  63  73  14   0   8    T    M    M  3.6 10 170   M    M   3 1      13 190
 3  84  64  74  16   0   9 0.00    M    M  3.5 10  10   M    M   2 18     14 360
 4  90  60  75  17   0  10 0.06    M    M  4.5 17 260   M    M   5 12     22 270
 5  72  61  67   9   0   2 0.02    M    M  5.2 13  20   M    M   8 1      18  30
 6  78  61  70  13   0   5 0.00    M    M  2.3  9  90   M    M   7 1      14 100
 7  87  63  75  18   0  10 0.00    M    M  1.1  7 160   M    M   4 12      9 160
 8  85  66  76  20   0  11 0.00    M    M  3.2 14 140   M    M   5 128    20 130
 9  81  67  74  18   0   9 0.00    M    M  4.7 12 160   M    M   4 1      16 150
10  81  66  74  18   0   9    T    M    M  5.6 18 160   M    M   6 1      27 150
11  77  62  70  15   0   5 0.58    M    M  5.8 23 330   M    M   8 1      31 330
12  62  50  56   1   9   0    T    M    M 10.4 26 300   M    M   4        34 290
13  57  42  50  -5  15   0 0.14    M    M  6.2 20 290   M    M   7 1      26 320
14  56  41  49  -5  16   0 0.04    M    M  2.3  9 200   M    M   6 1      12 210
15  68  53  61   7   4   0 0.11    M    M  6.6 22 300   M    M   8 1      30 300
16  59  45  52  -2  13   0 0.00    M    M  6.1 14 320   M    M   1        23 310
17  65  43  54   1  11   0 0.00    M    M 12.5 33 270   M    M   1        42 260
18  57  36  47  -6  18   0 0.00    M    M  7.5 22 310   M    M   2        27 320
19  63  31  47  -6  18   0 0.00    M    M  3.8 12 150   M    M   1        16 180
20  66  47  57   5   8   0 0.07    M    M 11.1 28 310   M    M   7        38 320
21  50  34  42 -10  23   0    T  0.0    M 14.6 30 320   M    M   5        38 330
22  57  30  44  -8  21   0 0.00    M    M  4.4 13 160   M    M   1        19 190
================================================================================
SM 1562 1142       156  84  1.02     0.0 126.8          M       98
================================================================================
AV 71.0 51.9                               5.8 FASTST   M    M   4    MAX(MPH)
                                 MISC ---->  # 33 270               # 42  260
================================================================================
NOTES:
# LAST OF SEVERAL OCCURRENCES

COLUMN 17 PEAK WIND IN M.P.H.

PRELIMINARY LOCAL CLIMATOLOGICAL DATA (WS FORM: F-6) , PAGE 2

                                          STATION:  MARTINSBURG WV
                                          MONTH:    OCTOBER
                                          YEAR:     2018
                                          LATITUDE:   39 24 N
                                          LONGITUDE:  77 59 W

[TEMPERATURE DATA]      [PRECIPITATION DATA]       SYMBOLS USED IN COLUMN 16

AVERAGE MONTHLY: 61.5   TOTAL FOR MONTH:   1.02    1 = FOG OR MIST
DPTR FM NORMAL:   6.2   DPTR FM NORMAL:   -1.15    2 = FOG REDUCING VISIBILITY
HIGHEST:    90 ON  4    GRTST 24HR  0.58 ON 11-11      TO 1/4 MILE OR LESS
LOWEST:     30 ON 22                               3 = THUNDER
                        SNOW, ICE PELLETS, HAIL    4 = ICE PELLETS
                        TOTAL MONTH:   0.0 INCH    5 = HAIL
                        GRTST 24HR     0.0         6 = FREEZING RAIN OR DRIZZLE
                        GRTST DEPTH:  M  ON   M    7 = DUSTSTORM OR SANDSTORM:
                                                       VSBY 1/2 MILE OR LESS
                                                   8 = SMOKE OR HAZE
[NO. OF DAYS WITH]      [WEATHER - DAYS WITH]      9 = BLOWING SNOW
                                                   X = TORNADO
MAX 32 OR BELOW:   0    0.01 INCH OR MORE:   7
MAX 90 OR ABOVE:   1    0.10 INCH OR MORE:   3
MIN 32 OR BELOW:   2    0.50 INCH OR MORE:   1
MIN  0 OR BELOW:   0    1.00 INCH OR MORE:   0

[HDD (BASE 65) ]
TOTAL THIS MO.   156    CLEAR  (SCALE 0-3)   7
DPTR FM NORMAL   -66    PTCLDY (SCALE 4-7)  13
TOTAL FM JUL 1   187    CLOUDY (SCALE 8-10)  2
DPTR FM NORMAL  -126

[CDD (BASE 65) ]
TOTAL THIS MO.    84
DPTR FM NORMAL    76    [PRESSURE DATA]
TOTAL FM JAN 1  1327    HIGHEST SLP M ON M
DPTR FM NORMAL   434    LOWEST  SLP 29.49 ON 11

[REMARKS]
