000
CXUS52 KMHX 230700
CF6MRH
PRELIMINARY LOCAL CLIMATOLOGICAL DATA (WS FORM: F-6)

                                          STATION:   BEAUFORT/SMITH FIELD NC
                                          MONTH:     JANUARY
                                          YEAR:      2019
                                          LATITUDE:   34 43 N
                                          LONGITUDE:  76 39 W

  TEMPERATURE IN F:       :PCPN:    SNOW:  WIND      :SUNSHINE: SKY     :PK WND
================================================================================
1   2   3   4   5  6A  6B    7    8   9   10  11  12  13   14  15   16   17  18
                                     12Z  AVG MX 2MIN
DY MAX MIN AVG DEP HDD CDD  WTR  SNW DPTH SPD SPD DIR MIN PSBL S-S WX    SPD DR
================================================================================

 1  69  62  66  21   0   1    T  0.0    0 11.5 23 220   M    M   8 1      29 220
 2  62  53  58  13   7   0    T  0.0    0  8.5 16  50   M    M   9        23  30
 3  62  54  58  13   7   0 0.01  0.0    0  4.6 10  20   M    M  10 12     12  20
 4  66  54  60  15   5   0 0.54  0.0    0  6.9 17 190   M    M   8 1      27 160
 5  66  50  58  13   7   0    T  0.0    0 15.8 26 290   M    M   1        36 250
 6  63  47  55  10  10   0 0.00  0.0    0  7.9 14 240   M    M   0        17 240
 7  56  46  51   6  14   0 0.00  0.0    0  8.4 16  50   M    M   0        21  40
 8  67  54  61  16   4   0 0.04  0.0    0 13.4 21 230   M    M   3 1      28 220
 9  62  43  53   9  12   0 0.00  0.0    0 14.5 25 290   M    M   1        31 280
10  43  34  39  -5  26   0 0.00  0.0    0 15.9 29 330   M    M   0        37 320
11  45  28  37  -7  28   0 0.00  0.0    0  7.7 15 360   M    M   0        19 340
12  47  30  39  -5  26   0    T  0.0    0  8.5 16  20   M    M   6 1      21  30
13  62  39  51   7  14   0    M  0.0    0 11.1 23 320   M    M  10 1      27 310
14  40  31  36  -8  29   0    T  0.0    0 10.5 21 340   M    M   8 1      24 350
15  48  31  40  -4  25   0 0.00  0.0    0  6.2 14 340   M    M   0        16 330
16  52  29  41  -3  24   0 0.00  0.0    0  4.5 16 220   M    M   1 1      21 220
17  54  37  46   2  19   0 0.00  0.0    0  5.4 12  50   M    M   2 1      15  50
18  56  38  47   3  18   0    T    M    0  3.0 12 230   M    M   4 12     14 220
19  63  40  52   8  13   0 0.19  0.0    0  6.9 15 190   M    M   4 12     20 190
20  64  35  50   6  15   0    T    M    0 17.6 29 320   M    M   6 18     35 320
21  35  21  28 -16  37   0 0.00  0.0    0 16.1 26 340   M    M   0        32 330
22  40  22  31 -13  34   0 0.00  0.0    0  7.1 16  20   M    M   0        20  20
================================================================================
SM 1222  878       374   1  0.78     0.0 212.0          M       81
================================================================================
AV 55.6 39.9                               9.6 FASTST   M    M   4    MAX(MPH)
                                 MISC ---->  # 29 330               # 37  320
================================================================================
NOTES:
# LAST OF SEVERAL OCCURRENCES

COLUMN 17 PEAK WIND IN M.P.H.

PRELIMINARY LOCAL CLIMATOLOGICAL DATA (WS FORM: F-6) , PAGE 2

                                          STATION:  BEAUFORT/SMITH FIELD NC
                                          MONTH:    JANUARY
                                          YEAR:     2019
                                          LATITUDE:   34 43 N
                                          LONGITUDE:  76 39 W

[TEMPERATURE DATA]      [PRECIPITATION DATA]       SYMBOLS USED IN COLUMN 16

AVERAGE MONTHLY: 47.7   TOTAL FOR MONTH:   0.78    1 = FOG OR MIST
DPTR FM NORMAL:   3.4   DPTR FM NORMAL:   -1.91    2 = FOG REDUCING VISIBILITY
HIGHEST:    69 ON  1    GRTST 24HR  0.54 ON  4- 4      TO 1/4 MILE OR LESS
LOWEST:     21 ON 21                               3 = THUNDER
                        SNOW, ICE PELLETS, HAIL    4 = ICE PELLETS
                        TOTAL MONTH:   0.0 INCH    5 = HAIL
                        GRTST 24HR     0.0         6 = FREEZING RAIN OR DRIZZLE
                        GRTST DEPTH:   0           7 = DUSTSTORM OR SANDSTORM:
                                                       VSBY 1/2 MILE OR LESS
                                                   8 = SMOKE OR HAZE
[NO. OF DAYS WITH]      [WEATHER - DAYS WITH]      9 = BLOWING SNOW
                                                   X = TORNADO
MAX 32 OR BELOW:   0    0.01 INCH OR MORE:   4
MAX 90 OR ABOVE:   0    0.10 INCH OR MORE:   2
MIN 32 OR BELOW:   7    0.50 INCH OR MORE:   1
MIN  0 OR BELOW:   0    1.00 INCH OR MORE:   0

[HDD (BASE 65) ]
TOTAL THIS MO.   374    CLEAR  (SCALE 0-3)  12
DPTR FM NORMAL   -78    PTCLDY (SCALE 4-7)   5
TOTAL FM JUL 1  1103    CLOUDY (SCALE 8-10)  5
DPTR FM NORMAL  -219

[CDD (BASE 65) ]
TOTAL THIS MO.     1
DPTR FM NORMAL     1    [PRESSURE DATA]
TOTAL FM JAN 1     1    HIGHEST SLP M ON M
DPTR FM NORMAL     1    LOWEST  SLP 29.43 ON 20

[REMARKS]
