000
CXUS52 KMHX 210700
CF6MRH
PRELIMINARY LOCAL CLIMATOLOGICAL DATA (WS FORM: F-6)

                                          STATION:   BEAUFORT/SMITH FIELD NC
                                          MONTH:     FEBRUARY
                                          YEAR:      2018
                                          LATITUDE:   34 43 N
                                          LONGITUDE:  76 39 W

  TEMPERATURE IN F:       :PCPN:    SNOW:  WIND      :SUNSHINE: SKY     :PK WND
================================================================================
1   2   3   4   5  6A  6B    7    8   9   10  11  12  13   14  15   16   17  18
                                     12Z  AVG MX 2MIN
DY MAX MIN AVG DEP HDD CDD  WTR  SNW DPTH SPD SPD DIR MIN PSBL S-S WX    SPD DR
================================================================================

 1  59  41  50   5  15   0 0.00  0.0    0 13.3 22 240   M    M   0        30 210
 2  57  31  44  -1  21   0 0.06    M    0 15.8 30 330   M    M   4 1      35 330
 3  40  23  32 -13  33   0 0.00  0.0    0  7.9 16  20   M    M   0        20  30
 4  61  36  49   3  16   0 0.19    M    0 11.9 23 220   M    M   8 1      30 220
 5  58  38  48   2  17   0 0.00  0.0    0  9.2 18 300   M    M   1        24 300
 6  61  35  48   2  17   0 0.00  0.0    0  4.2 10 180   M    M   3        13 180
 7  66  42  54   8  11   0 0.00  0.0    0 11.7 21 170   M    M   5        29 190
 8  59  37  48   2  17   0    T  0.0    0 10.5 23  20   M    M   5 1      30  20
 9  57  35  46   0  19   0    T  0.0    0  7.2 16  20   M    M   1        22  20
10  67  56  62  16   3   0 0.28  0.0    0 10.2 17 180   M    M   8 12     24 120
11  71  60  66  20   0   1 0.01  0.0    0 13.7 20 210   M    M   4 1      27 190
12  65  46  56  10   9   0 0.13    M    0 13.0 23  40   M    M  10 12     34  40
13  50  44  47   0  18   0    T    M    0 14.0 24  40   M    M  10 1      35  20
14  58  43  51   4  14   0    T    M    0  6.9 13 330   M    M   6 1      16  20
15  64  54  59  12   6   0 0.00  0.0    0 13.8 24 230   M    M   3        33 230
16  66  57  62  15   3   0 0.00  0.0    0 15.2 25 230   M    M   1        32 230
17  61  49  55   8  10   0    T  0.0    0  8.6 21  50   M    M  10 1      29  50
18  61  47  54   6  11   0 0.00  0.0    0 10.5 21  20   M    M   8 12     26  50
19  71  49  60  12   5   0    T  0.0    0  7.6 13 180   M    M   7 1      20  60
20  76  64  70  22   0   5 0.00  0.0    0  8.5 14 170   M    M   7        19 190
================================================================================
SM 1228  887       245   6  0.67     0.0 213.7          M      101
================================================================================
AV 61.4 44.4                              10.7 FASTST   M    M   5    MAX(MPH)
                                 MISC ---->  # 30 330               # 35  330
================================================================================
NOTES:
# LAST OF SEVERAL OCCURRENCES

COLUMN 17 PEAK WIND IN M.P.H.

PRELIMINARY LOCAL CLIMATOLOGICAL DATA (WS FORM: F-6) , PAGE 2

                                          STATION:  BEAUFORT/SMITH FIELD NC
                                          MONTH:    FEBRUARY
                                          YEAR:     2018
                                          LATITUDE:   34 43 N
                                          LONGITUDE:  76 39 W

[TEMPERATURE DATA]      [PRECIPITATION DATA]       SYMBOLS USED IN COLUMN 16

AVERAGE MONTHLY: 52.9   TOTAL FOR MONTH:   0.67    1 = FOG OR MIST
DPTR FM NORMAL:   6.5   DPTR FM NORMAL:   -1.60    2 = FOG REDUCING VISIBILITY
HIGHEST:    76 ON 20    GRTST 24HR  0.28 ON 10-10      TO 1/4 MILE OR LESS
LOWEST:     23 ON  3                               3 = THUNDER
                        SNOW, ICE PELLETS, HAIL    4 = ICE PELLETS
                        TOTAL MONTH:   0.0 INCH    5 = HAIL
                        GRTST 24HR     0.0         6 = FREEZING RAIN OR DRIZZLE
                        GRTST DEPTH:   0           7 = DUSTSTORM OR SANDSTORM:
                                                       VSBY 1/2 MILE OR LESS
                                                   8 = SMOKE OR HAZE
[NO. OF DAYS WITH]      [WEATHER - DAYS WITH]      9 = BLOWING SNOW
                                                   X = TORNADO
MAX 32 OR BELOW:   0    0.01 INCH OR MORE:   5
MAX 90 OR ABOVE:   0    0.10 INCH OR MORE:   3
MIN 32 OR BELOW:   2    0.50 INCH OR MORE:   0
MIN  0 OR BELOW:   0    1.00 INCH OR MORE:   0

[HDD (BASE 65) ]
TOTAL THIS MO.   245    CLEAR  (SCALE 0-3)   7
DPTR FM NORMAL  -127    PTCLDY (SCALE 4-7)   9
TOTAL FM JUL 1  1824    CLOUDY (SCALE 8-10)  4
DPTR FM NORMAL   -49

[CDD (BASE 65) ]
TOTAL THIS MO.     6
DPTR FM NORMAL     6    [PRESSURE DATA]
TOTAL FM JAN 1     7    HIGHEST SLP M ON M
DPTR FM NORMAL     7    LOWEST  SLP 29.79 ON M

[REMARKS]
