000
CXUS52 KMHX 010700
CF6MRH
PRELIMINARY LOCAL CLIMATOLOGICAL DATA (WS FORM: F-6)

                                          STATION:   BEAUFORT/SMITH FIELD NC
                                          MONTH:     MAY
                                          YEAR:      2020
                                          LATITUDE:   34 43 N
                                          LONGITUDE:  76 39 W

  TEMPERATURE IN F:       :PCPN:    SNOW:  WIND      :SUNSHINE: SKY     :PK WND
================================================================================
1   2   3   4   5  6A  6B    7    8   9   10  11  12  13   14  15   16   17  18
                                     12Z  AVG MX 2MIN
DY MAX MIN AVG DEP HDD CDD  WTR  SNW DPTH SPD SPD DIR MIN PSBL S-S WX    SPD DR
================================================================================

 1  70  57  64  -1   1   0    T  0.0    0 13.4 24 280   M    M   5 1      29 290
 2  70  53  62  -3   3   0 0.00  0.0    0  9.8 17 310   M    M   0        21 300
 3  76  64  70   4   0   5 0.00  0.0    0 15.3 23 220   M    M   0        30 210
 4  84  57  71   5   0   6 0.00  0.0    0  9.9 21 230   M    M   1        28 230
 5  74  56  65  -1   0   0 0.38  0.0    0  7.7 17 320   M    M   4 13     21  60
 6  73  55  64  -2   1   0 0.09  0.0    0 11.1 29 330   M    M   4 13     36 330
 7  67  50  59  -8   6   0 0.00  0.0    0 11.1 23 340   M    M   4        29 330
 8  73  49  61  -6   4   0    T    M    0 15.6 31 220   M    M   3        39 220
 9  65  46  56 -11   9   0 0.03    M    0 10.4 32 340   M    M   3        42 340
10  67  44  56 -11   9   0 0.00  0.0    0  6.1 13 170   M    M   1        16 160
11  77  54  66  -2   0   1 0.00  0.0    0 14.3 24 340   M    M   1        32 350
12  63  45  54 -14  11   0 0.00  0.0    0  8.2 22 350   M    M   0        31 340
13  70  48  59  -9   6   0 0.00  0.0    0  4.5 13 190   M    M   2        17 200
14  74  54  64  -4   1   0 0.00  0.0    0  5.6 14 180   M    M   4        19 180
15  78  63  71   2   0   6 0.00  0.0    0  7.6 15 190   M    M   1        20 200
16  81  63  72   3   0   7 0.00  0.0    0  6.2 14 140   M    M   0        18 140
17  80  66  73   4   0   8 0.49  0.0    0  9.8 21  70   M    M   6 18     31  50
18  80  68  74   5   0   9 2.30  0.0    0 12.9 25 330   M    M   8 1      31 320
19  68  62  65  -5   0   0 0.59  0.0    0 11.5 17  40   M    M  10 1      24  30
20  75  67  71   1   0   6 2.55  0.0    0 12.3 22 100   M    M  10 1      31 110
21  74  70  72   2   0   7 1.17  0.0    0 13.0 21 110   M    M   9 13     30  90
22  78  68  73   3   0   8 1.26  0.0    0 10.2 24 170   M    M   4 13     31 170
23  80  68  74   4   0   9 0.00  0.0    0  9.5 20 220   M    M   1        23 220
24  81  65  73   2   0   8 0.00  0.0    0  8.7 16  40   M    M   2 1      22  50
25  75  62  69  -2   0   4 0.00  0.0    0  9.2 16  20   M    M   7        20  20
26  76  64  70  -1   0   5 0.09  0.0    0  7.2 15  20   M    M   8 18     22  30
27  82  69  76   5   0  11 0.61  0.0    0 10.9 21 120   M    M   5 18     27 140
28  80  72  76   4   0  11 1.39  0.0    0 10.7 21 210   M    M   7 1      28 220
29  81  72  77   5   0  12 0.39  0.0    0 10.5 23 210   M    M   6 13     30 210
30  78  74  76   4   0  11    T  0.0    0 11.1 16 220   M    M   5        20 210
31  78  65  72   0   0   7 0.00  0.0    0 11.5 25  20   M    M   3        33  20
================================================================================
SM 2328 1870        51 141 11.34     0.0 315.8          M      124
================================================================================
AV 75.1 60.3                              10.2 FASTST   M    M   4    MAX(MPH)
                                 MISC ---->  # 32 340               # 42  340
================================================================================
NOTES:
# LAST OF SEVERAL OCCURRENCES

COLUMN 17 PEAK WIND IN M.P.H.

PRELIMINARY LOCAL CLIMATOLOGICAL DATA (WS FORM: F-6) , PAGE 2

                                          STATION:  BEAUFORT/SMITH FIELD NC
                                          MONTH:    MAY
                                          YEAR:     2020
                                          LATITUDE:   34 43 N
                                          LONGITUDE:  76 39 W

[TEMPERATURE DATA]      [PRECIPITATION DATA]       SYMBOLS USED IN COLUMN 16

AVERAGE MONTHLY: 67.7   TOTAL FOR MONTH:  11.34    1 = FOG OR MIST
DPTR FM NORMAL:  -1.1   DPTR FM NORMAL:    7.41    2 = FOG REDUCING VISIBILITY
HIGHEST:    84 ON  4    GRTST 24HR  2.55 ON 20-20      TO 1/4 MILE OR LESS
LOWEST:     44 ON 10                               3 = THUNDER
                        SNOW, ICE PELLETS, HAIL    4 = ICE PELLETS
                        TOTAL MONTH:   0.0 INCH    5 = HAIL
                        GRTST 24HR     0.0         6 = FREEZING RAIN OR DRIZZLE
                        GRTST DEPTH:   0           7 = DUSTSTORM OR SANDSTORM:
                                                       VSBY 1/2 MILE OR LESS
                                                   8 = SMOKE OR HAZE
[NO. OF DAYS WITH]      [WEATHER - DAYS WITH]      9 = BLOWING SNOW
                                                   X = TORNADO
MAX 32 OR BELOW:   0    0.01 INCH OR MORE:  13
MAX 90 OR ABOVE:   0    0.10 INCH OR MORE:  10
MIN 32 OR BELOW:   0    0.50 INCH OR MORE:   7
MIN  0 OR BELOW:   0    1.00 INCH OR MORE:   5

[HDD (BASE 65) ]
TOTAL THIS MO.    51    CLEAR  (SCALE 0-3)  14
DPTR FM NORMAL    21    PTCLDY (SCALE 4-7)  12
TOTAL FM JUL 1  1883    CLOUDY (SCALE 8-10)  5
DPTR FM NORMAL  -672

[CDD (BASE 65) ]
TOTAL THIS MO.   141
DPTR FM NORMAL    -6    [PRESSURE DATA]
TOTAL FM JAN 1   201    HIGHEST SLP M ON M
DPTR FM NORMAL    19    LOWEST  SLP 29.58 ON 18

[REMARKS]
#FINAL-05-20#
