452
CXUS52 KMHX 270600
CF6MRH
PRELIMINARY LOCAL CLIMATOLOGICAL DATA (WS FORM: F-6)

                                          STATION:   BEAUFORT/SMITH FIELD NC
                                          MONTH:     MAY
                                          YEAR:      2024
                                          LATITUDE:   34 43 N
                                          LONGITUDE:  76 39 W

  TEMPERATURE IN F:       :PCPN:    SNOW:  WIND      :SUNSHINE: SKY     :PK WND
================================================================================
1   2   3   4   5  6A  6B    7    8   9   10  11  12  13   14  15   16   17  18
                                     12Z  AVG MX 2MIN
DY MAX MIN AVG DEP HDD CDD  WTR  SNW DPTH SPD SPD DIR MIN PSBL S-S WX    SPD DR
================================================================================

 1  79  69  74   8   0   9 0.00  0.0    0  9.2 17 190   M    M   3        23 190
 2  80  62  71   4   0   6 0.00  0.0    M  4.4 14 200   M    M   0        17 200
 3  81  63  72   5   0   7 0.00  0.0    M  5.6 13 200   M    M   0 1      18 250
 4  80  64  72   5   0   7 0.00  0.0    M  5.8 14 120   M    M   3 12     19 100
 5  80  70  75   7   0  10 0.37  0.0    0  9.4 18 170   M    M   5 1      26 160
 6  79  71  75   7   0  10 0.07  0.0    0 12.9 20 210   M    M   5 1      28 200
 7  80  73  77   9   0  12 0.23  0.0    0 13.3 18 230   M    M   3        33 240
 8  84  72  78  10   0  13 0.04  0.0    0 12.8 23 220   M    M   0 3      32 250
 9  80  72  76   8   0  11 0.00  0.0    0 13.4 26 220   M    M   1        35 230
10  84  62  73   4   0   8 0.25  0.0    0 12.3 25 230   M    M   4 13     36 230
11  71  57  64  -5   1   0 0.00  0.0    0  9.9 16 340   M    M   4        25 340
12  81  64  73   4   0   8 0.00  0.0    0 10.6 20 300   M    M   3        32 280
13  75  63  69   0   0   4 0.00  0.0    0  9.1 15 110   M    M   1        21 110
14  76  69  73   3   0   8 0.24  0.0    0 12.9 23 150   M    M   9 1      37 160
15  80  65  73   3   0   8 0.88  0.0    0  6.8 25 210   M    M   8 13     33 220
16  80  66  73   3   0   8 0.21  0.0    0  7.1 13 210   M    M   6 1      17 320
17  77  66  72   2   0   7 0.00  0.0    0  7.8 15 110   M    M   3 1      21 120
18  80  65  73   2   0   8    M  0.0    0  7.6 18 220   M    M   7 13     25 210
19  74  63  69  -2   0   4 0.01  0.0    0 11.5 22  20   M    M   9        29  10
20  76  62  69  -2   0   4 0.00  0.0    0 11.4 21  10   M    M   6        29  10
21  79  61  70  -1   0   5 0.00  0.0    0  6.9 13 110   M    M   4        19 130
22  81  63  72   0   0   7 0.00  0.0    0  6.1 14 170   M    M   1 12     19 190
23  82  71  77   5   0  12 0.00  0.0    0 10.1 20 210   M    M   0        25 200
24  80  72  76   4   0  11 0.48  0.0    0  7.7 18 200   M    M   5 13     40 140
25  85  69  77   5   0  12 0.00  0.0    0  5.5 14 230   M    M   1        19 230
26   M   M   M   M   M   M    M    M    M    M  M   M   M    M   M         M   M
================================================================================
SM 1984 1654         1 199  2.78  0.0    230.1          M       91
================================================================================
AV 79.4 66.2                               9.2 FASTST   M    M   4    MAX(MPH)
                                 MISC ---->    26 220                 40 140
================================================================================
NOTES:
# LAST OF SEVERAL OCCURRENCES

COLUMN 17 PEAK WIND IN M.P.H.

PRELIMINARY LOCAL CLIMATOLOGICAL DATA (WS FORM: F-6) , PAGE 2

                                          STATION:   BEAUFORT/SMITH FIELD NC
                                          MONTH:     MAY
                                          YEAR:      2024
                                          LATITUDE:   34 43 N
                                          LONGITUDE:  76 39 W

[TEMPERATURE DATA]      [PRECIPITATION DATA]       SYMBOLS USED IN COLUMN 16

AVERAGE MONTHLY: 72.8   TOTAL FOR MONTH:   2.78    1 = FOG OR MIST
DPTR FM NORMAL:   3.3   DPTR FM NORMAL:   -0.41    2 = FOG REDUCING VISIBILITY
HIGHEST:    85 ON 25    GRTST 24HR  1.09 ON 15-16      TO 1/4 MILE OR LESS
LOWEST:     57 ON 11                               3 = THUNDER
                        SNOW, ICE PELLETS, HAIL    4 = ICE PELLETS
                        TOTAL MONTH:   0.0 INCH    5 = HAIL
                        GRTST 24HR  0.0            6 = FREEZING RAIN OR DRIZZLE
                        GRTST DEPTH:  0            7 = DUSTSTORM OR SANDSTORM:
                                                       VSBY 1/2 MILE OR LESS
                                                   8 = SMOKE OR HAZE
[NO. OF DAYS WITH]      [WEATHER - DAYS WITH]      9 = BLOWING SNOW
                                                   X = TORNADO
MAX 32 OR BELOW:   0    0.01 INCH OR MORE:  10
MAX 90 OR ABOVE:   0    0.10 INCH OR MORE:   7
MIN 32 OR BELOW:   0    0.50 INCH OR MORE:   1
MIN  0 OR BELOW:   0    1.00 INCH OR MORE:   0

[HDD (BASE 65) ]
TOTAL THIS MO.     1    CLEAR  (SCALE 0-3)  10
DPTR FM NORMAL   -19    PTCLDY (SCALE 4-7)  13
TOTAL FM JUL 1  1797    CLOUDY (SCALE 8-10)  2
DPTR FM NORMAL  -578

[CDD (BASE 65) ]
TOTAL THIS MO.   199
DPTR FM NORMAL    60    [PRESSURE DATA]
TOTAL FM JAN 1   277    HIGHEST SLP M ON M
DPTR FM NORMAL    85    LOWEST  SLP 29.55 ON 10

[REMARKS]