000
CXUS54 KHUN 200910
CF6MSL
PRELIMINARY LOCAL CLIMATOLOGICAL DATA (WS FORM: F-6)

                                          STATION:   MUSCLE SHOALS
                                          MONTH:     JANUARY
                                          YEAR:      2019
                                          LATITUDE:   34 45 N
                                          LONGITUDE:  87 37 W

  TEMPERATURE IN F:       :PCPN:    SNOW:  WIND      :SUNSHINE: SKY     :PK WND
================================================================================
1   2   3   4   5  6A  6B    7    8   9   10  11  12  13   14  15   16   17  18
                                     12Z  AVG MX 2MIN
DY MAX MIN AVG DEP HDD CDD  WTR  SNW DPTH SPD SPD DIR MIN PSBL S-S WX    SPD DR
================================================================================

 1  61  47  54  13  11   0 0.00  0.0    0  4.8 10 360   M    M   8 M    15  10
 2  49  45  47   6  18   0 0.59  0.0    0  2.7 12 120   M    M   8 1    15 110
 3  50  46  48   7  17   0 0.32  0.0    0  5.5 10  70   M    M  10 1    17 360
 4  58  43  51  10  14   0 0.40  0.0    0 14.2 24 250   M    M  10 18   31 250
 5  59  37  48   7  17   0 0.00  0.0    0  5.4 17 300   M    M   0 1    23 290
 6  65  34  50   9  15   0 0.00  0.0    0  1.5  8 140   M    M   1 12   10 140
 7  67  42  55  14  10   0    T  0.0    0  9.0 18 210   M    M   1 M    23 230
 8  69  48  59  18   6   0 0.00  0.0    0 10.4 21 290   M    M   5 M    27 290
 9  50  37  44   3  21   0 0.00  0.0    0  9.9 22 290   M    M   0 M    33 310
10  45  30  38  -3  27   0 0.00  0.0    0  7.8 14  30   M    M   0 M    21  30
11  50  25  38  -3  27   0 0.00  0.0    0  5.4  9  90   M    M   1 M    12  90
12   M   M   M   M   M   M    M  0.0    0  8.5  M   M   M    M   8 1     M   M
13   M   M   M   M   M   M 0.00  0.0    0    M  M   M   M    M   2 M     M   M
14  41  38  40  -1  25   0 0.00  0.0    0  6.0 10 310   M    M  10 1    14 320
15  40  29  35  -6  30   0 0.00  0.0    M  4.0  9 300   M    M  10 1    11 300
16  54  26  40  -1  25   0 0.00  0.0    0  1.1  8 110   M    M   0 1     9 110
17  51  38  45   4  20   0 0.34  0.0    0  4.6 12 150   M    M  10 1    14 140
18  58  50  54  13  11   0 0.00  0.0    0  2.8  9 130   M    M  10 12   13 150
19  65  34  50   9  15   0 1.75    T    0 14.5 33 290   M    M   9 13   44 260
================================================================================
SM  932  649       309   0  3.40    T    118.1          M      103
================================================================================
AV 54.8 38.2                               6.6 FASTST   M    M   5    MAX(MPH)
                                 MISC ---->    33 290                 44 260
================================================================================
NOTES:
# LAST OF SEVERAL OCCURRENCES

COLUMN 17 PEAK WIND IN M.P.H.

PRELIMINARY LOCAL CLIMATOLOGICAL DATA (WS FORM: F-6) , PAGE 2

                                          STATION:   MUSCLE SHOALS
                                          MONTH:     JANUARY
                                          YEAR:      2019
                                          LATITUDE:   34 45 N
                                          LONGITUDE:  87 37 W

[TEMPERATURE DATA]      [PRECIPITATION DATA]       SYMBOLS USED IN COLUMN 16

AVERAGE MONTHLY: 46.5   TOTAL FOR MONTH:   3.40    1 = FOG OR MIST
DPTR FM NORMAL:   5.5   DPTR FM NORMAL:    0.63    2 = FOG REDUCING VISIBILITY
HIGHEST:    69 ON  8    GRTST 24HR  1.75 ON 19-19      TO 1/4 MILE OR LESS
LOWEST:     25 ON 11                               3 = THUNDER
                        SNOW, ICE PELLETS, HAIL    4 = ICE PELLETS
                        TOTAL MONTH:   0.0 INCH    5 = HAIL
                        GRTST 24HR   T   ON 19-19  6 = FREEZING RAIN OR DRIZZLE
                        GRTST DEPTH:  0            7 = DUSTSTORM OR SANDSTORM:
                                                       VSBY 1/2 MILE OR LESS
                                                   8 = SMOKE OR HAZE
[NO. OF DAYS WITH]      [WEATHER - DAYS WITH]      9 = BLOWING SNOW
                                                   X = TORNADO
MAX 32 OR BELOW:   0    0.01 INCH OR MORE:   6
MAX 90 OR ABOVE:   0    0.10 INCH OR MORE:   6
MIN 32 OR BELOW:   4    0.50 INCH OR MORE:   3
MIN  0 OR BELOW:   0    1.00 INCH OR MORE:   2

[HDD (BASE 65) ]
TOTAL THIS MO.   309    CLEAR  (SCALE 0-3)   8
DPTR FM NORMAL  -147    PTCLDY (SCALE 4-7)   4
TOTAL FM JUL 1  1490    CLOUDY (SCALE 8-10)  7
DPTR FM NORMAL  -202

[CDD (BASE 65) ]
TOTAL THIS MO.     0
DPTR FM NORMAL     0    [PRESSURE DATA]
TOTAL FM JAN 1     0    HIGHEST SLP M ON M
DPTR FM NORMAL     0    LOWEST  SLP 29.44 ON 19

[REMARKS]
