000
CXUS54 KHUN 011317
CF6MSL

PRELIMINARY LOCAL CLIMATOLOGICAL DATA (WS FORM: F-6)

                                          STATION:   MUSCLE SHOALS
                                          MONTH:     JULY
                                          YEAR:      2018
                                          LATITUDE:   34 45 N
                                          LONGITUDE:  87 37 W

  TEMPERATURE IN F:       :PCPN:    SNOW:  WIND      :SUNSHINE: SKY     :PK WND
================================================================================
1   2   3   4   5  6A  6B    7    8   9   10  11  12  13   14  15   16   17  18
                                     12Z  AVG MX 2MIN
DY MAX MIN AVG DEP HDD CDD  WTR  SNW DPTH SPD SPD DIR MIN PSBL S-S WX    SPD DR
================================================================================

 1  94  74  84   4   0  19 0.00  0.0    0  3.4 10 150   M    M   1        14 130
 2  94  75  85   5   0  20 2.02  0.0    0  3.2 17 290   M    M   2 13     23 180
 3  93  74  84   4   0  19 0.00  0.0    0  5.4 14 150   M    M   0        18 140
 4  96  75  86   6   0  21 0.15  0.0    0  4.3 21 140   M    M   1 3      27 140
 5  93  74  84   4   0  19    T  0.0    0  3.2 14  60   M    M   1 13     19  60
 6  92  74  83   3   0  18    T  0.0    0  3.9 18 340   M    M   1 3      23 350
 7  88  73  81   1   0  16 0.19  0.0    0  6.4 22  60   M    M   4 13     30  80
 8  86  73  80   0   0  15 0.00  0.0    0  5.9 14 100   M    M   5        17 110
 9  91  70  81   1   0  16 0.00  0.0    0  3.4  9 110   M    M   1        13  90
10  92  71  82   2   0  17 0.00  0.0    0  1.6  8 270   M    M   3 12     10 280
11  93  74  84   4   0  19 0.00  0.0    0  3.4 14  20   M    M   1 13     18  30
12  97  73  85   5   0  20 0.00  0.0    0  2.8 15 190   M    M   2 13     17 180
13  98  75  87   7   0  22 0.00  0.0    0  3.2 13 300   M    M   1        15 290
14  92  73  83   3   0  18 0.52  0.0    0  2.2 18 310   M    M   1 13     28 330
15  89  73  81   1   0  16    T  0.0    0  3.6 14 110   M    M   1 3      17 100
16  88  72  80   0   0  15 0.51  0.0    0  3.4  5 140   M    M   1 3      13 160
17  91  72  82   1   0  17 0.00  0.0    0  3.3 13 230   M    M   M 1      15 230
18  93  73  83   2   0  18 0.00  0.0    0   M  10  70   M    M   M        14  50
19  91  72  82   1   0  17 0.00  0.0    0   M  10 170   M    M   M        13 200
20  92  73  83   2   0  18 0.00  0.0    0   M  13 210   M    M   M        18 200
21  94  74  84   3   0  19 0.00  0.0    0  6.6 18 290   M    M   M        26 290
22  89  71  80  -1   0  15 0.00  0.0    0   M  17 290   M    M   M        23 320
23  89  69  79  -2   0  14 0.00  0.0    0  6.5 17 320   M    M   7        27 330
24  89  68  79  -2   0  14 0.00  0.0    0  5.7 14  50   M    M   1        21  30
25  93  67  80  -1   0  15 0.00  0.0    0  4.0 10 310   M    M   0 1      15 350
26  94  66  80  -1   0  15 0.00  0.0    0  1.8 10 270   M    M   0 1      15 330
27  89  67  78  -3   0  13 0.01  0.0    0  2.3  9 340   M    M   2 1      12 340
28  91  63  77  -4   0  12 0.00  0.0    0  3.7  9 330   M    M   1 1      12  30
29  94  66  80  -1   0  15 0.00  0.0    0  2.2  9 310   M    M   0        13 320
30  95  65  80  -1   0  15    T  0.0    0  5.0 15 260   M    M   2        21 260
31  90  72  81   0   0  16 0.00  0.0    0  4.1 13 310   M    M   4        16 300
================================================================================
SM 2850 2211         0 523  3.40     0.0 104.5          M       43
================================================================================
AV 91.9 71.3                               3.9 FASTST   M    M   2    MAX(MPH)
                                 MISC ---->  # 22  60               # 30   80
================================================================================
NOTES:
# LAST OF SEVERAL OCCURRENCES

COLUMN 17 PEAK WIND IN M.P.H.

PRELIMINARY LOCAL CLIMATOLOGICAL DATA (WS FORM: F-6) , PAGE 2

                                          STATION:  MUSCLE SHOALS
                                          MONTH:    JULY
                                          YEAR:     2018
                                          LATITUDE:   34 45 N
                                          LONGITUDE:  87 37 W

[TEMPERATURE DATA]      [PRECIPITATION DATA]       SYMBOLS USED IN COLUMN 16

AVERAGE MONTHLY: 81.6   TOTAL FOR MONTH:   3.40    1 = FOG OR MIST
DPTR FM NORMAL:   1.2   DPTR FM NORMAL:   -0.90    2 = FOG REDUCING VISIBILITY
HIGHEST:    98 ON 13    GRTST 24HR  2.02 ON  2- 2      TO 1/4 MILE OR LESS
LOWEST:     63 ON 28                               3 = THUNDER
                        SNOW, ICE PELLETS, HAIL    4 = ICE PELLETS
                        TOTAL MONTH:   0.0 INCH    5 = HAIL
                        GRTST 24HR     0.0         6 = FREEZING RAIN OR DRIZZLE
                        GRTST DEPTH:   0           7 = DUSTSTORM OR SANDSTORM:
                                                       VSBY 1/2 MILE OR LESS
                                                   8 = SMOKE OR HAZE
[NO. OF DAYS WITH]      [WEATHER - DAYS WITH]      9 = BLOWING SNOW
                                                   X = TORNADO
MAX 32 OR BELOW:   0    0.01 INCH OR MORE:   6
MAX 90 OR ABOVE:  23    0.10 INCH OR MORE:   5
MIN 32 OR BELOW:   0    0.50 INCH OR MORE:   3
MIN  0 OR BELOW:   0    1.00 INCH OR MORE:   1

[HDD (BASE 65) ]
TOTAL THIS MO.     0    CLEAR  (SCALE 0-3)  21
DPTR FM NORMAL     0    PTCLDY (SCALE 4-7)   4
TOTAL FM JUL 1     0    CLOUDY (SCALE 8-10)  0
DPTR FM NORMAL     0

[CDD (BASE 65) ]
TOTAL THIS MO.   523
DPTR FM NORMAL    46    [PRESSURE DATA]
TOTAL FM JAN 1  1368    HIGHEST SLP 30.27 ON  9
DPTR FM NORMAL   285    LOWEST  SLP 29.77 ON 22


[REMARKS]
THE PRECIPITATION TOTAL FOR JULY 2ND WAS TAKEN FROM THE
AUTOMATED MUSCLE SHOALS REGIONAL CLIMATE REFERENCE NETWORK (RCRN)
SITE AT TVA (MSXA1, STATION ID=1366). THE MUSCLE SHOALS RCRN IS
LOCATED APPROXIMATELY 3.4 MILES NORTHWEST OF THE MUSCLE SHOALS ASOS
(KMSL).
#FINAL-07-18#
