000
CXUS54 KHUN 180810
CF6MSL
PRELIMINARY LOCAL CLIMATOLOGICAL DATA (WS FORM: F-6)

                                          STATION:   MUSCLE SHOALS
                                          MONTH:     OCTOBER
                                          YEAR:      2019
                                          LATITUDE:   34 45 N
                                          LONGITUDE:  87 37 W

  TEMPERATURE IN F:       :PCPN:    SNOW:  WIND      :SUNSHINE: SKY     :PK WND
================================================================================
1   2   3   4   5  6A  6B    7    8   9   10  11  12  13   14  15   16   17  18
                                     12Z  AVG MX 2MIN
DY MAX MIN AVG DEP HDD CDD  WTR  SNW DPTH SPD SPD DIR MIN PSBL S-S WX    SPD DR
================================================================================

 1  99  67  83  16   0  18 0.00  0.0    0  2.0 10 310   M    M   0 1      13 300
 2 100  69  85  18   0  20 0.00  0.0    0  2.5 10 300   M    M   0        14 290
 3 100  68  84  18   0  19 0.00  0.0    0  2.6 10 340   M    M   0 1      15 330
 4  93  70  82  16   0  17 0.00  0.0    0  7.6 13  40   M    M   0        18 360
 5  98  60  79  13   0  14 0.00  0.0    0  4.9 17 190   M    M   1        23 190
 6  90  73  82  17   0  17 0.00  0.0    0  7.1 16 190   M    M   5 3      21 180
 7  76  61  69   4   0   4 1.04  0.0    0  6.1 25 290   M    M  10 138    30 280
 8  69  58  64  -1   1   0 0.00  0.0    0  4.5 12  40   M    M   8        14  40
 9  86  54  70   6   0   5 0.00  0.0    0  2.1 13 310   M    M   4 12     16 290
10  83  64  74  10   0   9 0.07  0.0    0  5.2 14 160   M    M   6        20 160
11  85  53  69   5   0   4 0.09  0.0    0  9.1 18 190   M    M   9 1      23 190
12  67  44  56  -7   9   0    T  0.0    0  4.7 14  20   M    M   4        20  20
13  69  41  55  -8  10   0 0.00  0.0    0  1.9  9 230   M    M   0 1      12 260
14  75  43  59  -4   6   0 0.00  0.0    0  1.9  9 170   M    M   7 12     12 170
15  75  60  68   6   0   3 0.04  0.0    0  2.4 10 160   M    M   8 1      13 180
16  69  50  60  -2   5   0 0.17  0.0    0  7.5 20 330   M    M   4 1      30 310
17  68  44  56  -6   9   0 0.00  0.0    0  3.7 12 350   M    M   0 8      15 340
================================================================================
SM 1402  979        40 130  1.41  0.0     75.8          M       66
================================================================================
AV 82.5 57.6                               4.5 FASTST   M    M   4    MAX(MPH)
                                 MISC ---->    25 290               # 30 280
================================================================================
NOTES:
# LAST OF SEVERAL OCCURRENCES

COLUMN 17 PEAK WIND IN M.P.H.

PRELIMINARY LOCAL CLIMATOLOGICAL DATA (WS FORM: F-6) , PAGE 2

                                          STATION:   MUSCLE SHOALS
                                          MONTH:     OCTOBER
                                          YEAR:      2019
                                          LATITUDE:   34 45 N
                                          LONGITUDE:  87 37 W

[TEMPERATURE DATA]      [PRECIPITATION DATA]       SYMBOLS USED IN COLUMN 16

AVERAGE MONTHLY: 70.0   TOTAL FOR MONTH:   1.41    1 = FOG OR MIST
DPTR FM NORMAL:   5.7   DPTR FM NORMAL:   -0.38    2 = FOG REDUCING VISIBILITY
HIGHEST:   100 ON  3, 2  GRTST 24HR  1.04 ON  6- 7      TO 1/4 MILE OR LESS
LOWEST:     41 ON 13                               3 = THUNDER
                        SNOW, ICE PELLETS, HAIL    4 = ICE PELLETS
                        TOTAL MONTH:   0.0 INCH    5 = HAIL
                        GRTST 24HR  0.0            6 = FREEZING RAIN OR DRIZZLE
                        GRTST DEPTH:  0            7 = DUSTSTORM OR SANDSTORM:
                                                       VSBY 1/2 MILE OR LESS
                                                   8 = SMOKE OR HAZE
[NO. OF DAYS WITH]      [WEATHER - DAYS WITH]      9 = BLOWING SNOW
                                                   X = TORNADO
MAX 32 OR BELOW:   0    0.01 INCH OR MORE:   5
MAX 90 OR ABOVE:   6    0.10 INCH OR MORE:   2
MIN 32 OR BELOW:   0    0.50 INCH OR MORE:   1
MIN  0 OR BELOW:   0    1.00 INCH OR MORE:   1

[HDD (BASE 65) ]
TOTAL THIS MO.    40    CLEAR  (SCALE 0-3)   7
DPTR FM NORMAL   -18    PTCLDY (SCALE 4-7)   7
TOTAL FM JUL 1    40    CLOUDY (SCALE 8-10)  3
DPTR FM NORMAL   -33

[CDD (BASE 65) ]
TOTAL THIS MO.   130
DPTR FM NORMAL    84    [PRESSURE DATA]
TOTAL FM JAN 1  2488    HIGHEST SLP M ON M
DPTR FM NORMAL   640    LOWEST  SLP 29.81 ON 16

[REMARKS]
