000
CXUS53 KMKX 230900
CF6MSN
PRELIMINARY LOCAL CLIMATOLOGICAL DATA (WS FORM: F-6)

                                          STATION:   MADISON WI
                                          MONTH:     JUNE
                                          YEAR:      2018
                                          LATITUDE:   43  7 N
                                          LONGITUDE:  89 20 W

  TEMPERATURE IN F:       :PCPN:    SNOW:  WIND      :SUNSHINE: SKY     :PK WND
================================================================================
1   2   3   4   5  6A  6B    7    8   9   10  11  12  13   14  15   16   17  18
                                     12Z  AVG MX 2MIN
DY MAX MIN AVG DEP HDD CDD  WTR  SNW DPTH SPD SPD DIR MIN PSBL S-S WX    SPD DR
================================================================================

 1  78  52  65   3   0   0 0.00  0.0    0  8.1 16  50   M    M   4 1      21  40
 2  69  50  60  -3   5   0 0.10  0.0    0  7.7 16 110   M    M   9 13     21 110
 3  67  55  61  -2   4   0 0.00  0.0    0  7.6 18 300   M    M   4        30 310
 4  80  50  65   2   0   0    T  0.0    0  6.9 17  20   M    M   3        30 290
 5  72  52  62  -2   3   0    T  0.0    0  6.6 14 120   M    M   4        19  60
 6  76  49  63  -1   2   0 0.22  0.0    0  5.0 16 150   M    M   6 13     21 150
 7  84  57  71   7   0   6 0.00  0.0    0  4.9 17  90   M    M   6 1      22  80
 8  74  58  66   1   0   1 0.01  0.0    0  6.9 16  70   M    M   7        23  80
 9  80  60  70   5   0   5    T  0.0    0  8.2 16  90   M    M   8 13     25  90
10  67  60  64  -2   1   0 1.14  0.0    0 12.0 22  60   M    M  10 13     28  70
11  75  60  68   2   0   3 0.00  0.0    0 10.0 18 110   M    M   9        24 110
12  79  65  72   6   0   7    T  0.0    0  4.8 14 140   M    M   9 18     18 140
13  80  59  70   4   0   5 0.00  0.0    0  6.7 17 360   M    M   3        28 330
14  76  56  66  -1   0   1    T  0.0    0  4.8 15 140   M    M   6        21 160
15  84  62  73   6   0   8 1.80  0.0    0 10.5 28  20   M    M   7 13     43  50
16  89  68  79  12   0  14 0.04  0.0    0  9.9 22 180   M    M   6 13     26 170
17  91  75  83  15   0  18 0.00  0.0    0  8.5 17 200   M    M   6        26 210
18  88  64  76   8   0  11 0.85  0.0    0  9.4 21  90   M    M   7 13     27  70
19  68  62  65  -3   0   0 0.54  0.0    0  7.8 15  50   M    M  10 13     20  70
20  73  62  68  -1   0   3 0.07  0.0    0  7.3 14  90   M    M  10 1      17  80
21  67  61  64  -5   1   0 0.26  0.0    0  7.0 18  60   M    M  10 1      24  60
22  72  58  65  -4   0   0 0.03  0.0    0  8.9 18  20   M    M   8        22  30
================================================================================
SM 1689 1295        16  82  5.06     0.0 169.5          M      152
================================================================================
AV 76.8 58.9                               7.7 FASTST   M    M   7    MAX(MPH)
                                 MISC ---->  # 28  20               # 43   50
================================================================================
NOTES:
# LAST OF SEVERAL OCCURRENCES

COLUMN 17 PEAK WIND IN M.P.H.

PRELIMINARY LOCAL CLIMATOLOGICAL DATA (WS FORM: F-6) , PAGE 2

                                          STATION:  MADISON WI
                                          MONTH:    JUNE
                                          YEAR:     2018
                                          LATITUDE:   43  7 N
                                          LONGITUDE:  89 20 W

[TEMPERATURE DATA]      [PRECIPITATION DATA]       SYMBOLS USED IN COLUMN 16

AVERAGE MONTHLY: 67.8   TOTAL FOR MONTH:   5.06    1 = FOG OR MIST
DPTR FM NORMAL:   2.0   DPTR FM NORMAL:    1.72    2 = FOG REDUCING VISIBILITY
HIGHEST:    91 ON 17    GRTST 24HR  1.80 ON 15-15      TO 1/4 MILE OR LESS
LOWEST:     49 ON  6                               3 = THUNDER
                        SNOW, ICE PELLETS, HAIL    4 = ICE PELLETS
                        TOTAL MONTH:   0.0 INCH    5 = HAIL
                        GRTST 24HR     0.0         6 = FREEZING RAIN OR DRIZZLE
                        GRTST DEPTH:   0           7 = DUSTSTORM OR SANDSTORM:
                                                       VSBY 1/2 MILE OR LESS
                                                   8 = SMOKE OR HAZE
[NO. OF DAYS WITH]      [WEATHER - DAYS WITH]      9 = BLOWING SNOW
                                                   X = TORNADO
MAX 32 OR BELOW:   0    0.01 INCH OR MORE:  11
MAX 90 OR ABOVE:   1    0.10 INCH OR MORE:   7
MIN 32 OR BELOW:   0    0.50 INCH OR MORE:   4
MIN  0 OR BELOW:   0    1.00 INCH OR MORE:   2

[HDD (BASE 65) ]
TOTAL THIS MO.    16    CLEAR  (SCALE 0-3)   2
DPTR FM NORMAL   -39    PTCLDY (SCALE 4-7)  11
TOTAL FM JUL 1  7207    CLOUDY (SCALE 8-10)  9
DPTR FM NORMAL  -121

[CDD (BASE 65) ]
TOTAL THIS MO.    82
DPTR FM NORMAL     9    [PRESSURE DATA]
TOTAL FM JAN 1   183    HIGHEST SLP M ON M
DPTR FM NORMAL    80    LOWEST  SLP 29.74 ON 22

[REMARKS]
