000
CXUS53 KMKX 180900
CF6MSN
PRELIMINARY LOCAL CLIMATOLOGICAL DATA (WS FORM: F-6)

                                          STATION:   MADISON WI
                                          MONTH:     DECEMBER
                                          YEAR:      2018
                                          LATITUDE:   43  7 N
                                          LONGITUDE:  89 20 W

  TEMPERATURE IN F:       :PCPN:    SNOW:  WIND      :SUNSHINE: SKY     :PK WND
================================================================================
1   2   3   4   5  6A  6B    7    8   9   10  11  12  13   14  15   16   17  18
                                     12Z  AVG MX 2MIN
DY MAX MIN AVG DEP HDD CDD  WTR  SNW DPTH SPD SPD DIR MIN PSBL S-S WX    SPD DR
================================================================================

 1  37  31  34   6  31   0 0.58    T    T 16.2 28  70   M    M  10 1      37  80
 2  35  31  33   5  32   0 0.06  0.5    T 12.7 23  20   M    M  10 1      33  20
 3  31  27  29   2  36   0 0.01  0.1    T  9.2 17  20   M    M  10 1      24  10
 4  28  23  26  -1  39   0    T    T    T  4.3 10 290   M    M  10        21 210
 5  32  22  27   0  38   0    T    T    0  6.5 13 220   M    M   8        23 220
 6  30  14  22  -4  43   0 0.00  0.0    0  9.2 18 330   M    M   5        26 350
 7  23  14  19  -7  46   0    T    T    0  5.1 13 310   M    M   8        18 310
 8  29  14  22  -3  43   0 0.00  0.0    0  2.9 13 170   M    M   5 1      16 170
 9  27  13  20  -5  45   0 0.00  0.0    0  2.4  9 330   M    M   5 18     13 330
10  36  13  25   1  40   0 0.00  0.0    0  4.6 16 240   M    M   1 18     29 240
11  33  17  25   1  40   0 0.00  0.0    0  3.9 12 130   M    M   6 18     15 110
12  35  27  31   7  34   0 0.04  0.4    0  5.8 15 120   M    M   8 18     23 260
13  39  19  29   5  36   0    T  0.0    M  3.1 10 170   M    M   8 18     13 160
14  43  21  32   9  33   0 0.00  0.0    0  2.3 12 350   M    M   5 128    15 350
15  48  18  33  10  32   0 0.00  0.0    0  1.5  7 340   M    M   1 1       9 340
16  47  19  33  10  32   0 0.00  0.0    0  3.3  9 290   M    M   3 1      15 310
17  40  21  31   9  34   0 0.00  0.0    0  5.4 14 330   M    M   1        24 320
================================================================================
SM  593  344       634   0  0.69     1.0  98.4          M      104
================================================================================
AV 34.9 20.2                               5.8 FASTST   M    M   6    MAX(MPH)
                                 MISC ---->  # 28  70               # 37   80
================================================================================
NOTES:
# LAST OF SEVERAL OCCURRENCES

COLUMN 17 PEAK WIND IN M.P.H.

PRELIMINARY LOCAL CLIMATOLOGICAL DATA (WS FORM: F-6) , PAGE 2

                                          STATION:  MADISON WI
                                          MONTH:    DECEMBER
                                          YEAR:     2018
                                          LATITUDE:   43  7 N
                                          LONGITUDE:  89 20 W

[TEMPERATURE DATA]      [PRECIPITATION DATA]       SYMBOLS USED IN COLUMN 16

AVERAGE MONTHLY: 27.6   TOTAL FOR MONTH:   0.69    1 = FOG OR MIST
DPTR FM NORMAL:   2.5   DPTR FM NORMAL:   -0.41    2 = FOG REDUCING VISIBILITY
HIGHEST:    48 ON 15    GRTST 24HR  0.58 ON  1- 1      TO 1/4 MILE OR LESS
LOWEST:     13 ON 10, 9                            3 = THUNDER
                        SNOW, ICE PELLETS, HAIL    4 = ICE PELLETS
                        TOTAL MONTH:   1.0 INCH    5 = HAIL
                        GRTST 24HR   0.5 ON  2- 2  6 = FREEZING RAIN OR DRIZZLE
                        GRTST DEPTH:   0           7 = DUSTSTORM OR SANDSTORM:
                                                       VSBY 1/2 MILE OR LESS
                                                   8 = SMOKE OR HAZE
[NO. OF DAYS WITH]      [WEATHER - DAYS WITH]      9 = BLOWING SNOW
                                                   X = TORNADO
MAX 32 OR BELOW:   7    0.01 INCH OR MORE:   4
MAX 90 OR ABOVE:   0    0.10 INCH OR MORE:   1
MIN 32 OR BELOW:  17    0.50 INCH OR MORE:   1
MIN  0 OR BELOW:   0    1.00 INCH OR MORE:   0

[HDD (BASE 65) ]
TOTAL THIS MO.   634    CLEAR  (SCALE 0-3)   3
DPTR FM NORMAL   -45    PTCLDY (SCALE 4-7)   7
TOTAL FM JUL 1  2316    CLOUDY (SCALE 8-10)  7
DPTR FM NORMAL    58

[CDD (BASE 65) ]
TOTAL THIS MO.     0
DPTR FM NORMAL     0    [PRESSURE DATA]
TOTAL FM JAN 1   796    HIGHEST SLP M ON M
DPTR FM NORMAL   228    LOWEST  SLP 29.33 ON  2

[REMARKS]
