000
CXUS55 KMSO 190900
CF6MSO
PRELIMINARY LOCAL CLIMATOLOGICAL DATA (WS FORM: F-6)

                                          STATION:   MISSOULA MT
                                          MONTH:     JANUARY
                                          YEAR:      2019
                                          LATITUDE:   46 55 N
                                          LONGITUDE: 114  5 W

  TEMPERATURE IN F:       :PCPN:    SNOW:  WIND      :SUNSHINE: SKY     :PK WND
================================================================================
1   2   3   4   5  6A  6B    7    8   9   10  11  12  13   14  15   16   17  18
                                     12Z  AVG MX 2MIN
DY MAX MIN AVG DEP HDD CDD  WTR  SNW DPTH SPD SPD DIR MIN PSBL S-S WX    SPD DR
================================================================================

 1  17   9  13 -11  52   0    T  0.1    4  3.3 17 150   M    M  10 8      21 150
 2  27  16  22  -2  43   0 0.00  0.0    4  1.5  7 240   M    M   8         8 240
 3  43  21  32   8  33   0 0.00  0.0    3  2.3 10 240   M    M   8        14 250
 4  45  16  31   7  34   0 0.00  0.0    3  3.7 16 280   M    M   5 12     19 240
 5  36  19  28   4  37   0 0.00  0.0    3  2.3  8 250   M    M   3 18     11 240
 6  37  28  33   9  32   0 0.08  0.7    3  4.3 18 180   M    M  10 126    23 180
 7  36  23  30   6  35   0 0.08  1.1    5  7.3 29 270   M    M   7 12     37 260
 8  27  12  20  -5  45   0 0.00  0.0    5  3.4 12 120   M    M   5        14 120
 9  32  23  28   3  37   0 0.00  0.0    4  1.9 10 270   M    M   7        11 270
10  37  22  30   5  35   0    T    T    4  2.2  8 260   M    M   8 1      10 260
11  35  14  25   0  40   0 0.00  0.0    4  1.5  7 300   M    M   5 128     8 320
12  25  13  19  -6  46   0 0.01    T    4  2.4  8 120   M    M   9 12      8 120
13  20  17  19  -6  46   0 0.01  0.1    4  3.2  9 140   M    M  10 128    10 130
14  18  11  15 -11  50   0 0.01  0.1    4  3.2  8 120   M    M  10 18      9 130
15  17  11  14 -12  51   0    T    T    4  2.8  8 120   M    M   8 18      9 270
16  22  14  18  -8  47   0 0.00  0.0    4  2.4  8 110   M    M   7 18      9 110
17  30  14  22  -4  43   0 0.21  2.9    4  1.9  8 330   M    M  10 128     9 340
18  38  23  31   5  34   0    T    T    7  1.7  8 170   M    M   7 128     9 160
================================================================================
SM  542  306       740   0  0.40     5.0  51.3          M      137
================================================================================
AV 30.1 17.0                               2.9 FASTST   M    M   8    MAX(MPH)
                                 MISC ---->  # 29 270               # 37  260
================================================================================
NOTES:
# LAST OF SEVERAL OCCURRENCES

COLUMN 17 PEAK WIND IN M.P.H.

PRELIMINARY LOCAL CLIMATOLOGICAL DATA (WS FORM: F-6) , PAGE 2

                                          STATION:  MISSOULA MT
                                          MONTH:    JANUARY
                                          YEAR:     2019
                                          LATITUDE:   46 55 N
                                          LONGITUDE: 114  5 W

[TEMPERATURE DATA]      [PRECIPITATION DATA]       SYMBOLS USED IN COLUMN 16

AVERAGE MONTHLY: 23.6   TOTAL FOR MONTH:   0.40    1 = FOG OR MIST
DPTR FM NORMAL:  -1.3   DPTR FM NORMAL:   -0.12    2 = FOG REDUCING VISIBILITY
HIGHEST:    45 ON  4    GRTST 24HR  0.21 ON 17-17      TO 1/4 MILE OR LESS
LOWEST:      9 ON  1                               3 = THUNDER
                        SNOW, ICE PELLETS, HAIL    4 = ICE PELLETS
                        TOTAL MONTH:   5.0 INCHES  5 = HAIL
                        GRTST 24HR   2.9 ON 17-17  6 = FREEZING RAIN OR DRIZZLE
                        GRTST DEPTH:   7 ON 18     7 = DUSTSTORM OR SANDSTORM:
                                                       VSBY 1/2 MILE OR LESS
                                                   8 = SMOKE OR HAZE
[NO. OF DAYS WITH]      [WEATHER - DAYS WITH]      9 = BLOWING SNOW
                                                   X = TORNADO
MAX 32 OR BELOW:  10    0.01 INCH OR MORE:   6
MAX 90 OR ABOVE:   0    0.10 INCH OR MORE:   1
MIN 32 OR BELOW:  18    0.50 INCH OR MORE:   0
MIN  0 OR BELOW:   0    1.00 INCH OR MORE:   0

[HDD (BASE 65) ]
TOTAL THIS MO.   740    CLEAR  (SCALE 0-3)   1
DPTR FM NORMAL    18    PTCLDY (SCALE 4-7)   9
TOTAL FM JUL 1  3896    CLOUDY (SCALE 8-10)  8
DPTR FM NORMAL     2

[CDD (BASE 65) ]
TOTAL THIS MO.     0
DPTR FM NORMAL     0    [PRESSURE DATA]
TOTAL FM JAN 1     0    HIGHEST SLP M ON M
DPTR FM NORMAL     0    LOWEST  SLP 29.52 ON  6

[REMARKS]
