000
CXUS55 KMSO 270900
CF6MSO
PRELIMINARY LOCAL CLIMATOLOGICAL DATA (WS FORM: F-6)

                                          STATION:   MISSOULA MT
                                          MONTH:     MAY
                                          YEAR:      2020
                                          LATITUDE:   46 55 N
                                          LONGITUDE: 114  5 W

  TEMPERATURE IN F:       :PCPN:    SNOW:  WIND      :SUNSHINE: SKY     :PK WND
================================================================================
1   2   3   4   5  6A  6B    7    8   9   10  11  12  13   14  15   16   17  18
                                     12Z  AVG MX 2MIN
DY MAX MIN AVG DEP HDD CDD  WTR  SNW DPTH SPD SPD DIR MIN PSBL S-S WX    SPD DR
================================================================================

 1  65  38  52   3  13   0 0.00  0.0    0  6.1 16 330   M    M   3        22 320
 2  73  31  52   2  13   0    T  0.0    0  4.1 32  60   M    M   2        42  50
 3  56  33  45  -5  20   0 0.02  0.0    0  9.7 30 280   M    M   7        34 280
 4  60  28  44  -6  21   0 0.00  0.0    0  5.3 21 270   M    M   2 18     26 270
 5  72  30  51   1  14   0 0.00  0.0    0  1.7  8 290   M    M   0        13 130
 6  64  41  53   2  12   0    T  0.0    0  8.2 31 260   M    M   5 8      42 270
 7  58  38  48  -3  17   0 0.00  0.0    0  4.8 12 300   M    M   7        18 340
 8  65  33  49  -2  16   0 0.00  0.0    0  7.6 18  10   M    M   5        26  10
 9  69  44  57   5   8   0 0.00  0.0    0 11.3 21  10   M    M   0        27  70
10  67  46  57   5   8   0 0.00  0.0    0 16.3 30  70   M    M   0        38  60
11  57  42  50  -2  15   0 0.05  0.0    0 15.3 28  90   M    M   8        34  90
12  54  40  47  -5  18   0 0.28  0.0    0  5.3 15 300   M    M  10 1      18 340
13  61  42  52  -1  13   0 0.03  0.0    0  7.0 20 350   M    M   8        26 340
14  66  37  52  -1  13   0    T  0.0    0  3.3 12 300   M    M   6        19 290
15  57  39  48  -5  17   0 0.69  0.0    0  3.9 13 360   M    M   8 1      16 350
16  65  36  51  -3  14   0 0.00  0.0    0  3.8 13 130   M    M   3        17 130
17  74  42  58   4   7   0    T  0.0    0  4.7 20 330   M    M   5        26 330
18  60  49  55   1  10   0 0.35  0.0    0  7.1 16 160   M    M   9 1      22 160
19  66  46  56   2   9   0 0.42  0.0    0  4.1 13 290   M    M   7 1      16 290
20  64  49  57   2   8   0 0.65    M    M  6.6 22 160   M    M   8 1      27 160
21  57  45  51  -4  14   0 0.00  0.0    0 13.8 28 290   M    M   9        35 290
22  59  40  50  -5  15   0 0.02  0.0    0  7.4 20 300   M    M   7        27 330
23  54  37  46 -10  19   0 0.02  0.0    0  2.4 14 290   M    M  10        16 290
24  67  36  52  -4  13   0 0.00  0.0    0  4.9 23  10   M    M   5 12     31  10
25  70  37  54  -2  11   0 0.01    M    M  3.1 18 260   M    M   4 1      23 260
26  73  50  62   6   3   0 0.01    M    M  5.7 20 240   M    M   6        25 250
================================================================================
SM 1653 1029       341   0  2.55  0.0    173.5          M      144
================================================================================
AV 63.6 39.6                               6.7 FASTST   M    M   6    MAX(MPH)
                                 MISC ---->    32  60               # 42  50
================================================================================
NOTES:
# LAST OF SEVERAL OCCURRENCES

COLUMN 17 PEAK WIND IN M.P.H.

PRELIMINARY LOCAL CLIMATOLOGICAL DATA (WS FORM: F-6) , PAGE 2

                                          STATION:   MISSOULA MT
                                          MONTH:     MAY
                                          YEAR:      2020
                                          LATITUDE:   46 55 N
                                          LONGITUDE: 114  5 W

[TEMPERATURE DATA]      [PRECIPITATION DATA]       SYMBOLS USED IN COLUMN 16

AVERAGE MONTHLY: 51.6   TOTAL FOR MONTH:   2.55    1 = FOG OR MIST
DPTR FM NORMAL:  -1.3   DPTR FM NORMAL:    0.97    2 = FOG REDUCING VISIBILITY
HIGHEST:    74 ON 17    GRTST 24HR  1.07 ON 19-20      TO 1/4 MILE OR LESS
LOWEST:     28 ON  4                               3 = THUNDER
                        SNOW, ICE PELLETS, HAIL    4 = ICE PELLETS
                        TOTAL MONTH:   0.0 INCH    5 = HAIL
                        GRTST 24HR  0.0            6 = FREEZING RAIN OR DRIZZLE
                        GRTST DEPTH:  0            7 = DUSTSTORM OR SANDSTORM:
                                                       VSBY 1/2 MILE OR LESS
                                                   8 = SMOKE OR HAZE
[NO. OF DAYS WITH]      [WEATHER - DAYS WITH]      9 = BLOWING SNOW
                                                   X = TORNADO
MAX 32 OR BELOW:   0    0.01 INCH OR MORE:  12
MAX 90 OR ABOVE:   0    0.10 INCH OR MORE:   5
MIN 32 OR BELOW:   3    0.50 INCH OR MORE:   2
MIN  0 OR BELOW:   0    1.00 INCH OR MORE:   0

[HDD (BASE 65) ]
TOTAL THIS MO.   341    CLEAR  (SCALE 0-3)   5
DPTR FM NORMAL    24    PTCLDY (SCALE 4-7)  15
TOTAL FM JUL 1  6997    CLOUDY (SCALE 8-10)  6
DPTR FM NORMAL   -83

[CDD (BASE 65) ]
TOTAL THIS MO.     0
DPTR FM NORMAL     0    [PRESSURE DATA]
TOTAL FM JAN 1     0    HIGHEST SLP M ON M
DPTR FM NORMAL     0    LOWEST  SLP 29.61 ON 17

[REMARKS]
