708
CXUS55 KMSO 180900
CF6MSO
PRELIMINARY LOCAL CLIMATOLOGICAL DATA (WS FORM: F-6)

                                          STATION:   MISSOULA MT
                                          MONTH:     OCTOBER
                                          YEAR:      2019
                                          LATITUDE:   46 55 N
                                          LONGITUDE: 114  5 W

  TEMPERATURE IN F:       :PCPN:    SNOW:  WIND      :SUNSHINE: SKY     :PK WND
================================================================================
1   2   3   4   5  6A  6B    7    8   9   10  11  12  13   14  15   16   17  18
                                     12Z  AVG MX 2MIN
DY MAX MIN AVG DEP HDD CDD  WTR  SNW DPTH SPD SPD DIR MIN PSBL S-S WX    SPD DR
================================================================================

 1  50  26  38 -13  27   0 0.00  0.0    0  4.2 14  10   M    M   3        18 360
 2  52  27  40 -11  25   0 0.00  0.0    0  1.7  7 350   M    M   3 1      10 170
 3  58  27  43  -7  22   0 0.00  0.0    0  2.6 10 300   M    M   2        12 300
 4  56  35  46  -4  19   0    T  0.0    0  6.3 22 310   M    M   8        26 290
 5  53  40  47  -2  18   0 0.03  0.0    0  3.8 22 340   M    M   9        28 300
 6  60  29  45  -4  20   0 0.00  0.0    0  2.3 10 340   M    M   1        14  30
 7  64  31  48  -1  17   0 0.00  0.0    0  2.9 13 260   M    M   2        14 260
 8  59  34  47  -1  18   0 0.02    T    T  9.9 29 290   M    M   9        36  70
 9  35  27  31 -17  34   0    T    T    0  8.6 29  80   M    M  10        40  70
10  42  18  30 -17  35   0 0.00  0.0    0  4.2 16 340   M    M   3        20 340
11  50  20  35 -12  30   0 0.00  0.0    0  1.7 10 130   M    M   0        12 120
12  56  20  38  -8  27   0 0.00  0.0    0  0.8  7 340   M    M   0         8 100
13  55  26  41  -5  24   0    T  0.0    0  3.0 17 340   M    M   3 8      21 340
14  56  32  44  -2  21   0 0.00  0.0    0  6.4 17 270   M    M   6        22 290
15  54  25  40  -5  25   0 0.00  0.0    0  1.0  7 290   M    M   1         9 290
16  70  37  54   9  11   0 0.00  0.0    0  2.2 10 260   M    M   2        12 260
17  53  33  43  -2  22   0    T  0.0    0  5.8 18 260   M    M   5 8      22 270
================================================================================
SM  923  487       395   0  0.05    T     67.4          M       67
================================================================================
AV 54.3 28.7                               4.0 FASTST   M    M   4    MAX(MPH)
                                 MISC ---->  # 29 290               # 40   70
================================================================================
NOTES:
# LAST OF SEVERAL OCCURRENCES

COLUMN 17 PEAK WIND IN M.P.H.

PRELIMINARY LOCAL CLIMATOLOGICAL DATA (WS FORM: F-6) , PAGE 2

                                          STATION:  MISSOULA MT
                                          MONTH:    OCTOBER
                                          YEAR:     2019
                                          LATITUDE:   46 55 N
                                          LONGITUDE: 114  5 W

[TEMPERATURE DATA]      [PRECIPITATION DATA]       SYMBOLS USED IN COLUMN 16

AVERAGE MONTHLY: 41.5   TOTAL FOR MONTH:   0.05    1 = FOG OR MIST
DPTR FM NORMAL:  -6.3   DPTR FM NORMAL:   -0.43    2 = FOG REDUCING VISIBILITY
HIGHEST:    70 ON 16    GRTST 24HR  0.03 ON  5- 5      TO 1/4 MILE OR LESS
LOWEST:     18 ON 10                               3 = THUNDER
                        SNOW, ICE PELLETS, HAIL    4 = ICE PELLETS
                        TOTAL MONTH:    T          5 = HAIL
                        GRTST 24HR    T  ON  9- 9  6 = FREEZING RAIN OR DRIZZLE
                        GRTST DEPTH:   T           7 = DUSTSTORM OR SANDSTORM:
                                                       VSBY 1/2 MILE OR LESS
                                                   8 = SMOKE OR HAZE
[NO. OF DAYS WITH]      [WEATHER - DAYS WITH]      9 = BLOWING SNOW
                                                   X = TORNADO
MAX 32 OR BELOW:   0    0.01 INCH OR MORE:   2
MAX 90 OR ABOVE:   0    0.10 INCH OR MORE:   0
MIN 32 OR BELOW:  12    0.50 INCH OR MORE:   0
MIN  0 OR BELOW:   0    1.00 INCH OR MORE:   0

[HDD (BASE 65) ]
TOTAL THIS MO.   395    CLEAR  (SCALE 0-3)  10
DPTR FM NORMAL   103    PTCLDY (SCALE 4-7)   3
TOTAL FM JUL 1   677    CLOUDY (SCALE 8-10)  4
DPTR FM NORMAL    60

[CDD (BASE 65) ]
TOTAL THIS MO.     0
DPTR FM NORMAL     0    [PRESSURE DATA]
TOTAL FM JAN 1   308    HIGHEST SLP M ON M
DPTR FM NORMAL   -24    LOWEST  SLP 29.59 ON 17

[REMARKS]
