312
CXUS52 KKEY 240545
CF6MTH
PRELIMINARY LOCAL CLIMATOLOGICAL DATA (WS FORM: F-6)

                                          STATION:   MARATHON
                                          MONTH:     APRIL
                                          YEAR:      2018
                                          LATITUDE:   24 43 N
                                          LONGITUDE:  81  5 W

  TEMPERATURE IN F:       :PCPN:    SNOW:  WIND      :SUNSHINE: SKY     :PK WND
================================================================================
1   2   3   4   5  6A  6B    7    8   9   10  11  12  13   14  15   16   17  18
                                     12Z  AVG MX 2MIN
DY MAX MIN AVG DEP HDD CDD  WTR  SNW DPTH SPD SPD DIR MIN PSBL S-S WX    SPD DR
================================================================================

 1  85  74  80   4   0  15    T  0.0    0  8.5 13  90   M    M   3        18 100
 2  85  74  80   4   0  15    T  0.0    0  8.4 14  90   M    M   2        18 100
 3  86  75  81   5   0  16 0.00  0.0    0  9.4 14  70   M    M   1        18 110
 4  87  75  81   5   0  16 0.00  0.0    0  6.2 12 120   M    M   2        16 120
 5  85  70  78   2   0  13    T  0.0    0  6.5 13  40   M    M   1        17  30
 6  86  75  81   5   0  16 0.00  0.0    0  8.4 16  50   M    M   1        21  50
 7  88  76  82   5   0  17 0.00  0.0    0  7.0 14 180   M    M   0        21 170
 8  90  76  83   6   0  18 0.00  0.0    0  4.9 14 200   M    M   0 8      19 200
 9  89  79  84   7   0  19 0.00  0.0    0  5.9 12 200   M    M   1        16 200
10  90  78  84   7   0  19 0.00  0.0    0  8.4 22  40   M    M   1        29  40
11  86  76  81   4   0  16 0.00  0.0    0 10.8 22  50   M    M   2        27  50
12  86  73  80   3   0  15 0.00  0.0    0 12.2 18  70   M    M   2        24  80
13  86  76  81   4   0  16 0.00  0.0    0 10.7 15  80   M    M   1        20  80
14  88  76  82   5   0  17 0.00  0.0    0  9.7 18 130   M    M   0        26 130
15  87  72  80   3   0  15 2.50  0.0    0 12.1 26 270   M    M   4 123    34 270
16  79  70  75  -2   0  10 0.00  0.0    0 14.5 20 320   M    M   4        28 320
17  79  67  73  -5   0   8 0.00  0.0    0 10.4 16  40   M    M   0        24 320
18  83  67  75  -3   0  10 0.00  0.0    0  7.6 14  90   M    M   2        18 130
19  85  71  78   0   0  13 0.00  0.0    0  4.8 13 120   M    M   2        17 120
20  84  69  77  -1   0  12 0.00  0.0    0  4.4 10 360   M    M   0        13 350
21  87  73  80   2   0  15 0.00  0.0    0  8.3 15  80   M    M   1        20  80
22  87  77  82   4   0  17 0.00  0.0    0  9.2 15 120   M    M   1        22 130
23  89  78  84   6   0  19 0.00  0.0    0  7.3 13 160   M    M   0        18 170
================================================================================
SM 1977 1697         0 347  2.50     0.0 195.6          M       31
================================================================================
AV 86.0 73.8                               8.5 FASTST   M    M   1    MAX(MPH)
                                 MISC ---->  # 26 270               # 34  270
================================================================================
NOTES:
# LAST OF SEVERAL OCCURRENCES

COLUMN 17 PEAK WIND IN M.P.H.

PRELIMINARY LOCAL CLIMATOLOGICAL DATA (WS FORM: F-6) , PAGE 2

                                          STATION:  MARATHON
                                          MONTH:    APRIL
                                          YEAR:     2018
                                          LATITUDE:   24 43 N
                                          LONGITUDE:  81  5 W

[TEMPERATURE DATA]      [PRECIPITATION DATA]       SYMBOLS USED IN COLUMN 16

AVERAGE MONTHLY: 79.9   TOTAL FOR MONTH:   2.50    1 = FOG OR MIST
DPTR FM NORMAL:   2.8   DPTR FM NORMAL:    0.69    2 = FOG REDUCING VISIBILITY
HIGHEST:    90 ON 10, 8 GRTST 24HR  2.50 ON 15-15      TO 1/4 MILE OR LESS
LOWEST:     67 ON 18,17                            3 = THUNDER
                        SNOW, ICE PELLETS, HAIL    4 = ICE PELLETS
                        TOTAL MONTH:   0.0 INCH    5 = HAIL
                        GRTST 24HR     0.0         6 = FREEZING RAIN OR DRIZZLE
                        GRTST DEPTH:   0           7 = DUSTSTORM OR SANDSTORM:
                                                       VSBY 1/2 MILE OR LESS
                                                   8 = SMOKE OR HAZE
[NO. OF DAYS WITH]      [WEATHER - DAYS WITH]      9 = BLOWING SNOW
                                                   X = TORNADO
MAX 32 OR BELOW:   0    0.01 INCH OR MORE:   1
MAX 90 OR ABOVE:   2    0.10 INCH OR MORE:   1
MIN 32 OR BELOW:   0    0.50 INCH OR MORE:   1
MIN  0 OR BELOW:   0    1.00 INCH OR MORE:   1

[HDD (BASE 65) ]
TOTAL THIS MO.     0    CLEAR  (SCALE 0-3)  21
DPTR FM NORMAL     0    PTCLDY (SCALE 4-7)   2
TOTAL FM JUL 1    62    CLOUDY (SCALE 8-10)  0
DPTR FM NORMAL   -19

[CDD (BASE 65) ]
TOTAL THIS MO.   347
DPTR FM NORMAL    71    [PRESSURE DATA]
TOTAL FM JAN 1  1102    HIGHEST SLP M ON M
DPTR FM NORMAL   161    LOWEST  SLP 29.85 ON  7

[REMARKS]
