603
CXUS52 KKEY 200545
CF6MTH
PRELIMINARY LOCAL CLIMATOLOGICAL DATA (WS FORM: F-6)

                                          STATION:   MARATHON
                                          MONTH:     JULY
                                          YEAR:      2018
                                          LATITUDE:   24 43 N
                                          LONGITUDE:  81  5 W

  TEMPERATURE IN F:       :PCPN:    SNOW:  WIND      :SUNSHINE: SKY     :PK WND
================================================================================
1   2   3   4   5  6A  6B    7    8   9   10  11  12  13   14  15   16   17  18
                                     12Z  AVG MX 2MIN
DY MAX MIN AVG DEP HDD CDD  WTR  SNW DPTH SPD SPD DIR MIN PSBL S-S WX    SPD DR
================================================================================

 1  94  83  89   4   0  24 0.00  0.0    0  5.5 10 140   M    M   1        16 130
 2  93  74  84  -1   0  19 0.67  0.0    0  6.0 16 360   M    M   1 3      22  10
 3  92  76  84  -1   0  19 0.68  0.0    0  6.5 23  20   M    M   3 13     31  10
 4  91  78  85   0   0  20    T  0.0    0  5.8 10  20   M    M   1 38     16 150
 5  92  82  87   2   0  22    T  0.0    0  8.0 20 110   M    M   2 3      29 100
 6  91  83  87   2   0  22 0.00  0.0    0  7.2 13  80   M    M   2        18 130
 7  92  82  87   2   0  22 0.00  0.0    0  6.2 13  80   M    M   1        17 130
 8  93  82  88   3   0  23    T  0.0    0  9.2 18  40   M    M   1 3      24  50
 9  93  82  88   3   0  23 0.00  0.0    0  7.5 14  70   M    M   0 3      17  80
10  92  78  85   0   0  20 0.00  0.0    0  3.8 13  60   M    M   3 38     16  60
11  93  79  86   1   0  21 0.00  0.0    0  4.4 15 120   M    M   1 3      22 140
12  93  82  88   3   0  23 0.00  0.0    0  4.6 12 160   M    M   0        16 160
13  92  81  87   2   0  22 0.00  0.0    0  3.3 12  30   M    M   2 3      18 120
14  91  81  86   1   0  21 0.02  0.0    0  6.2 14  70   M    M   2        17  10
15  91  80  86   1   0  21 0.00  0.0    0  3.4  8 180   M    M   3        11 160
16  94  78  86   1   0  21 0.00  0.0    0  3.7  8 160   M    M   0        12 160
17  94  83  89   4   0  24 0.00  0.0    0  4.6  9 160   M    M   1        13 140
18  94  84  89   4   0  24 0.00  0.0    0  4.5  8 160   M    M   1        12 150
19  96  83  90   5   0  25 0.00  0.0    0  4.2  9 300   M    M   2        13 270
================================================================================
SM 1761 1531         0 416  1.37     0.0 104.6          M       27
================================================================================
AV 92.7 80.6                               5.5 FASTST   M    M   1    MAX(MPH)
                                 MISC ---->  # 23  20               # 31   10
================================================================================
NOTES:
# LAST OF SEVERAL OCCURRENCES

COLUMN 17 PEAK WIND IN M.P.H.

PRELIMINARY LOCAL CLIMATOLOGICAL DATA (WS FORM: F-6) , PAGE 2

                                          STATION:  MARATHON
                                          MONTH:    JULY
                                          YEAR:     2018
                                          LATITUDE:   24 43 N
                                          LONGITUDE:  81  5 W

[TEMPERATURE DATA]      [PRECIPITATION DATA]       SYMBOLS USED IN COLUMN 16

AVERAGE MONTHLY: 86.6   TOTAL FOR MONTH:   1.37    1 = FOG OR MIST
DPTR FM NORMAL:   1.6   DPTR FM NORMAL:   -1.11    2 = FOG REDUCING VISIBILITY
HIGHEST:    96 ON 19    GRTST 24HR  0.68 ON  3- 3      TO 1/4 MILE OR LESS
LOWEST:     74 ON  2                               3 = THUNDER
                        SNOW, ICE PELLETS, HAIL    4 = ICE PELLETS
                        TOTAL MONTH:   0.0 INCH    5 = HAIL
                        GRTST 24HR     0.0         6 = FREEZING RAIN OR DRIZZLE
                        GRTST DEPTH:   0           7 = DUSTSTORM OR SANDSTORM:
                                                       VSBY 1/2 MILE OR LESS
                                                   8 = SMOKE OR HAZE
[NO. OF DAYS WITH]      [WEATHER - DAYS WITH]      9 = BLOWING SNOW
                                                   X = TORNADO
MAX 32 OR BELOW:   0    0.01 INCH OR MORE:   3
MAX 90 OR ABOVE:  19    0.10 INCH OR MORE:   2
MIN 32 OR BELOW:   0    0.50 INCH OR MORE:   2
MIN  0 OR BELOW:   0    1.00 INCH OR MORE:   0

[HDD (BASE 65) ]
TOTAL THIS MO.     0    CLEAR  (SCALE 0-3)  19
DPTR FM NORMAL     0    PTCLDY (SCALE 4-7)   0
TOTAL FM JUL 1     0    CLOUDY (SCALE 8-10)  0
DPTR FM NORMAL     0

[CDD (BASE 65) ]
TOTAL THIS MO.   416
DPTR FM NORMAL    36    [PRESSURE DATA]
TOTAL FM JAN 1  2719    HIGHEST SLP M ON M
DPTR FM NORMAL   202    LOWEST  SLP 29.94 ON  3

[REMARKS]
