000
CXUS52 KKEY 180545
CF6MTH
PRELIMINARY LOCAL CLIMATOLOGICAL DATA (WS FORM: F-6)

                                          STATION:   MARATHON
                                          MONTH:     FEBRUARY
                                          YEAR:      2019
                                          LATITUDE:   24 43 N
                                          LONGITUDE:  81  5 W

  TEMPERATURE IN F:       :PCPN:    SNOW:  WIND      :SUNSHINE: SKY     :PK WND
================================================================================
1   2   3   4   5  6A  6B    7    8   9   10  11  12  13   14  15   16   17  18
                                     12Z  AVG MX 2MIN
DY MAX MIN AVG DEP HDD CDD  WTR  SNW DPTH SPD SPD DIR MIN PSBL S-S WX    SPD DR
================================================================================

 1  84  69  77   6   0  12 0.00  0.0    0  7.2 13  90   M    M   1        18 100
 2  85  73  79   8   0  14 0.00  0.0    0  5.8 10  90   M    M   1        15  90
 3  81  71  76   5   0  11 0.00  0.0    0  4.6  8 330   M    M   0        11 330
 4  79  68  74   3   0   9 0.00  0.0    0  6.1 12  30   M    M   4 1      15  30
 5  81  70  76   5   0  11 0.00  0.0    0  5.6  9  90   M    M   3        14  40
 6  83  70  77   6   0  12 0.00  0.0    0  9.2 15  80   M    M   1        21  80
 7  84  73  79   8   0  14 0.00  0.0    0  9.0 14  70   M    M   1        19 120
 8  84  74  79   8   0  14 0.00  0.0    0  9.7 15  70   M    M   1        20  70
 9  83  72  78   7   0  13 0.02  0.0    0 13.4 22  50   M    M   5        27  60
10  84  76  80   9   0  15    T  0.0    0 12.5 20  80   M    M   5        27  90
11  86  77  82  11   0  17    T  0.0    0  9.9 15 120   M    M   3        24 110
12  86  79  83  11   0  18 0.00  0.0    0  9.2 16 130   M    M   2        23 130
13  80  67  74   2   0   9 2.45  0.0    0 11.0 23 350   M    M   7 138    30 360
14  80  64  72   0   0   7 0.00  0.0    0 12.5 21  20   M    M   2        27  30
15  83  69  76   4   0  11 0.00  0.0    0  5.3 12  30   M    M   0        14  40
16  87  68  78   6   0  13 0.00  0.0    0  4.4 12 180   M    M   3        19 190
17  87  78  83  11   0  18 0.00  0.0    0  9.2 14 130   M    M   2 8      20 160
================================================================================
SM 1417 1218         0 218  2.47     0.0 144.6          M       41
================================================================================
AV 83.4 71.7                               8.5 FASTST   M    M   2    MAX(MPH)
                                 MISC ---->  # 23 350               # 30  360
================================================================================
NOTES:
# LAST OF SEVERAL OCCURRENCES

COLUMN 17 PEAK WIND IN M.P.H.

PRELIMINARY LOCAL CLIMATOLOGICAL DATA (WS FORM: F-6) , PAGE 2

                                          STATION:  MARATHON
                                          MONTH:    FEBRUARY
                                          YEAR:     2019
                                          LATITUDE:   24 43 N
                                          LONGITUDE:  81  5 W

[TEMPERATURE DATA]      [PRECIPITATION DATA]       SYMBOLS USED IN COLUMN 16

AVERAGE MONTHLY: 77.5   TOTAL FOR MONTH:   2.47    1 = FOG OR MIST
DPTR FM NORMAL:   6.1   DPTR FM NORMAL:    1.14    2 = FOG REDUCING VISIBILITY
HIGHEST:    87 ON 17,16 GRTST 24HR  2.45 ON 13-13      TO 1/4 MILE OR LESS
LOWEST:     64 ON 14                               3 = THUNDER
                        SNOW, ICE PELLETS, HAIL    4 = ICE PELLETS
                        TOTAL MONTH:   0.0 INCH    5 = HAIL
                        GRTST 24HR     0.0         6 = FREEZING RAIN OR DRIZZLE
                        GRTST DEPTH:   0           7 = DUSTSTORM OR SANDSTORM:
                                                       VSBY 1/2 MILE OR LESS
                                                   8 = SMOKE OR HAZE
[NO. OF DAYS WITH]      [WEATHER - DAYS WITH]      9 = BLOWING SNOW
                                                   X = TORNADO
MAX 32 OR BELOW:   0    0.01 INCH OR MORE:   2
MAX 90 OR ABOVE:   0    0.10 INCH OR MORE:   1
MIN 32 OR BELOW:   0    0.50 INCH OR MORE:   1
MIN  0 OR BELOW:   0    1.00 INCH OR MORE:   1

[HDD (BASE 65) ]
TOTAL THIS MO.     0    CLEAR  (SCALE 0-3)  12
DPTR FM NORMAL   -13    PTCLDY (SCALE 4-7)   5
TOTAL FM JUL 1    18    CLOUDY (SCALE 8-10)  0
DPTR FM NORMAL   -54

[CDD (BASE 65) ]
TOTAL THIS MO.   218
DPTR FM NORMAL   104    [PRESSURE DATA]
TOTAL FM JAN 1   457    HIGHEST SLP M ON M
DPTR FM NORMAL   162    LOWEST  SLP 29.89 ON 16

[REMARKS]
