193
CXUS51 KBTV 180700
CF6MVL
PRELIMINARY LOCAL CLIMATOLOGICAL DATA (WS FORM: F-6)

                                          STATION:   MORRISVILLE VT
                                          MONTH:     OCTOBER
                                          YEAR:      2018
                                          LATITUDE:   44 31 N
                                          LONGITUDE:  72 37 W

  TEMPERATURE IN F:       :PCPN:    SNOW:  WIND      :SUNSHINE: SKY     :PK WND
================================================================================
1   2   3   4   5  6A  6B    7    8   9   10  11  12  13   14  15   16   17  18
                                     12Z  AVG MX 2MIN
DY MAX MIN AVG DEP HDD CDD  WTR  SNW DPTH SPD SPD DIR MIN PSBL S-S WX    SPD DR
================================================================================

 1  53  47  50  -1  15   0 0.36    M    0  1.8  8  20   M    M  10 1      10  10
 2  52  47  50  -1  15   0 1.15    M    0  2.9  9 360   M    M   9 1      14 190
 3  59  51  55   5  10   0 0.03  0.0    0  4.0 12  30   M    M  10 1      13  10
 4  71  47  59   9   6   0 0.10    M    0  6.7 16 340   M    M   3 1      23 350
 5  56  32  44  -6  21   0 0.00  0.0    0  3.5  8 350   M    M   2         M  M
 6  61  32  47  -2  18   0 0.05    M    0  3.1 12  10   M    M   8 1      15 360
 7  57  47  52   3  13   0 0.13    M    0  5.3 15  30   M    M  10 1      18  20
 8  54  46  50   2  15   0 0.00  0.0    0  2.9 14 200   M    M  10 1      17 200
 9  81  53  67  19   0   2 0.00  0.0    0  4.9 16 220   M    M   2 1      23 200
10  80  59  70  22   0   5 0.00  0.0    0  4.6 15 210   M    M   2 1      21 200
11  70  57  64  17   1   0 1.10  0.0    0  3.1 16 350   M    M   8 1      22 350
12  58  44  51   4  14   0 0.02    M    0  5.8 17 350   M    M   9 1      23 340
13  49  33  41  -5  24   0 0.01    M    0  4.6 10 310   M    M   8        17 320
14  54  32  43  -3  22   0 0.00  0.0    0  2.3 13 230   M    M   5        21 220
15  57  30  44  -2  21   0 0.16    M    0  4.5 18 250   M    M   8 1      30 270
16  48  31  40  -6  25   0 0.02    M    0  5.9 12 320   M    M   5        22  99
17  49  30  40  -5  25   0 0.13    M    0  5.9 18 310   M    M  10 1      29 310
================================================================================
SM 1009  718       245   7  3.26     0.0  71.8          M      119
================================================================================
AV 59.4 42.2                               4.2 FASTST   M    M   7    MAX(MPH)
                                 MISC ---->  # 18 250               # 30  270
================================================================================
NOTES:
# LAST OF SEVERAL OCCURRENCES

COLUMN 17 PEAK WIND IN M.P.H.

PRELIMINARY LOCAL CLIMATOLOGICAL DATA (WS FORM: F-6) , PAGE 2

                                          STATION:  MORRISVILLE VT
                                          MONTH:    OCTOBER
                                          YEAR:     2018
                                          LATITUDE:   44 31 N
                                          LONGITUDE:  72 37 W

[TEMPERATURE DATA]      [PRECIPITATION DATA]       SYMBOLS USED IN COLUMN 16

AVERAGE MONTHLY: 50.8   TOTAL FOR MONTH:   3.26    1 = FOG OR MIST
DPTR FM NORMAL:   2.7   DPTR FM NORMAL:    1.48    2 = FOG REDUCING VISIBILITY
HIGHEST:    81 ON  9    GRTST 24HR  1.15 ON  2- 2      TO 1/4 MILE OR LESS
LOWEST:     30 ON 17,15                            3 = THUNDER
                        SNOW, ICE PELLETS, HAIL    4 = ICE PELLETS
                        TOTAL MONTH:   0.0 INCH    5 = HAIL
                        GRTST 24HR     0.0         6 = FREEZING RAIN OR DRIZZLE
                        GRTST DEPTH:   0           7 = DUSTSTORM OR SANDSTORM:
                                                       VSBY 1/2 MILE OR LESS
                                                   8 = SMOKE OR HAZE
[NO. OF DAYS WITH]      [WEATHER - DAYS WITH]      9 = BLOWING SNOW
                                                   X = TORNADO
MAX 32 OR BELOW:   0    0.01 INCH OR MORE:  12
MAX 90 OR ABOVE:   0    0.10 INCH OR MORE:   7
MIN 32 OR BELOW:   6    0.50 INCH OR MORE:   2
MIN  0 OR BELOW:   0    1.00 INCH OR MORE:   2

[HDD (BASE 65) ]
TOTAL THIS MO.   245    CLEAR  (SCALE 0-3)   4
DPTR FM NORMAL   -43    PTCLDY (SCALE 4-7)   4
TOTAL FM JUL 1   476    CLOUDY (SCALE 8-10)  9
DPTR FM NORMAL  -144

[CDD (BASE 65) ]
TOTAL THIS MO.     7
DPTR FM NORMAL     7    [PRESSURE DATA]
TOTAL FM JAN 1   426    HIGHEST SLP M ON M
DPTR FM NORMAL   161    LOWEST  SLP 29.55 ON 11

[REMARKS]
