082
CXUS51 KBTV 220700
CF6MVL
PRELIMINARY LOCAL CLIMATOLOGICAL DATA (WS FORM: F-6)

                                          STATION:   MORRISVILLE VT
                                          MONTH:     OCTOBER
                                          YEAR:      2019
                                          LATITUDE:   44 31 N
                                          LONGITUDE:  72 37 W

  TEMPERATURE IN F:       :PCPN:    SNOW:  WIND      :SUNSHINE: SKY     :PK WND
================================================================================
1   2   3   4   5  6A  6B    7    8   9   10  11  12  13   14  15   16   17  18
                                     12Z  AVG MX 2MIN
DY MAX MIN AVG DEP HDD CDD  WTR  SNW DPTH SPD SPD DIR MIN PSBL S-S WX    SPD DR
================================================================================

 1  71  51  61  10   4   0 2.20    M    M  4.2 14 190   M    M  10 13     18 210
 2  69  36  53   2  12   0 0.04    M    M  6.9 17  10   M    M   8 1      21 340
 3  52  32  42  -8  23   0 0.12    M    M  1.5 10 190   M    M   5 1      15 160
 4  48  31  40 -10  25   0 0.05    M    M  5.6 17 350   M    M   8 1      25 330
 5  56  27  42  -8  23   0 0.00    M    M  1.6  9  30   M    M   0 12     12  30
 6  63  28  46  -3  19   0 0.03    M    M  1.4 12 210   M    M   9 1      18 210
 7  62  51  57   8   8   0 1.35    M    M  3.7 12 350   M    M   8 1      21 350
 8  62  35  49   1  16   0 0.00    M    M  3.0 15  10   M    M   2 12     19  20
 9  64  33  49   1  16   0 0.00    M    M  0.8  8  70   M    M   4 12     10  10
10  66  35  51   3  14   0 0.00    M    M  1.9 12  60   M    M   1 12     16  30
11  68  33  51   4  14   0 0.00    M    M  3.2 15  60   M    M   1 1      23  60
12  67  38  53   6  12   0 0.00    M    M  1.5  8  10   M    M   6        11 150
13  63  33  48   2  17   0 0.00    M    M  2.4 12 360   M    M   3        18 340
14  68  31  50   4  15   0 0.01    M    M  4.2 18 180   M    M   4        28 170
15  57  30  44  -2  21   0 0.00    M    M  1.7 14 210   M    M   1        19 230
16  59  29  44  -2  21   0 0.21    M    M  6.4 21 160   M    M   3        30 170
17  48  41  45   0  20   0 0.93    M    M 12.3 28  10   M    M  10 1      37  10
18  47  42  45   0  20   0 0.04    M    M  7.1 15 310   M    M  10        25 300
19  50  28  39  -5  26   0 0.00    M    M  6.1 18  20   M    M   3        25  10
20  51  27  39  -5  26   0 0.00    M    M  1.9  8 210   M    M   5 12     10 140
21  65  31  48   4  17   0 0.00    M    M  0.8  7  60   M    M   4 12      9 360
================================================================================
SM 1256  722       369   0  4.98    M     78.2          M      105
================================================================================
AV 59.8 34.4                               3.7 FASTST   M    M   5    MAX(MPH)
                                 MISC ---->    28  10                 37  10
================================================================================
NOTES:
# LAST OF SEVERAL OCCURRENCES

COLUMN 17 PEAK WIND IN M.P.H.

PRELIMINARY LOCAL CLIMATOLOGICAL DATA (WS FORM: F-6) , PAGE 2

                                          STATION:   MORRISVILLE VT
                                          MONTH:     OCTOBER
                                          YEAR:      2019
                                          LATITUDE:   44 31 N
                                          LONGITUDE:  72 37 W

[TEMPERATURE DATA]      [PRECIPITATION DATA]       SYMBOLS USED IN COLUMN 16

AVERAGE MONTHLY: 47.1   TOTAL FOR MONTH:   4.98    1 = FOG OR MIST
DPTR FM NORMAL:  -0.2   DPTR FM NORMAL:    2.85    2 = FOG REDUCING VISIBILITY
HIGHEST:    71 ON  1    GRTST 24HR  2.21 ON  1- 2      TO 1/4 MILE OR LESS
LOWEST:     27 ON 20, 5                             3 = THUNDER
                        SNOW, ICE PELLETS, HAIL    4 = ICE PELLETS
                        TOTAL MONTH:  M            5 = HAIL
                        GRTST 24HR    M  ON   M    6 = FREEZING RAIN OR DRIZZLE
                        GRTST DEPTH:  M  ON   M    7 = DUSTSTORM OR SANDSTORM:
                                                       VSBY 1/2 MILE OR LESS
                                                   8 = SMOKE OR HAZE
[NO. OF DAYS WITH]      [WEATHER - DAYS WITH]      9 = BLOWING SNOW
                                                   X = TORNADO
MAX 32 OR BELOW:   0    0.01 INCH OR MORE:  10
MAX 90 OR ABOVE:   0    0.10 INCH OR MORE:   5
MIN 32 OR BELOW:  10    0.50 INCH OR MORE:   3
MIN  0 OR BELOW:   0    1.00 INCH OR MORE:   2

[HDD (BASE 65) ]
TOTAL THIS MO.   369    CLEAR  (SCALE 0-3)   8
DPTR FM NORMAL    -1    PTCLDY (SCALE 4-7)   9
TOTAL FM JUL 1   659    CLOUDY (SCALE 8-10)  4
DPTR FM NORMAL   -43

[CDD (BASE 65) ]
TOTAL THIS MO.     0
DPTR FM NORMAL     0    [PRESSURE DATA]
TOTAL FM JAN 1   254    HIGHEST SLP M ON M
DPTR FM NORMAL   -11    LOWEST  SLP 28.95 ON 17

[REMARKS]
