000
CXUS51 KBTV 170700
CF6MVL
PRELIMINARY LOCAL CLIMATOLOGICAL DATA (WS FORM: F-6)

                                          STATION:   MORRISVILLE VT
                                          MONTH:     JULY
                                          YEAR:      2018
                                          LATITUDE:   44 31 N
                                          LONGITUDE:  72 37 W

  TEMPERATURE IN F:       :PCPN:    SNOW:  WIND      :SUNSHINE: SKY     :PK WND
================================================================================
1   2   3   4   5  6A  6B    7    8   9   10  11  12  13   14  15   16   17  18
                                     12Z  AVG MX 2MIN
DY MAX MIN AVG DEP HDD CDD  WTR  SNW DPTH SPD SPD DIR MIN PSBL S-S WX    SPD DR
================================================================================

 1  92  68  80  14   0  15 0.06  0.0    0  2.7 26  50   M    M   3 1      33  50
 2  92  72  82  15   0  17 0.00  0.0    0  6.4 16 160   M    M   2 1      23 200
 3  88  61  75   8   0  10    T  0.0    0  3.3 14  10   M    M   4 1      18  10
 4  92  56  74   7   0   9 0.00  0.0    0  2.3 10 210   M    M   0 1      14 200
 5  92  60  76   9   0  11 0.00  0.0    0  5.8 15 200   M    M   0 1      21 180
 6  82  46  64  -3   1   0 0.32    M    0  7.9 24 340   M    M   5 13     37 320
 7  76  42  59  -9   6   0 0.00  0.0    0  3.5 13 350   M    M   1        20  10
 8  82  45  64  -4   1   0 0.00  0.0    0  2.3 13 210   M    M   1 1      22 210
 9  88  49  69   1   0   4 0.00  0.0    0  3.6 14 210   M    M   0        18 210
10  86  55  71   3   0   6 0.27  0.0    0  4.4 16 340   M    M   2 13     23 330
11  76  48  62  -6   3   0 0.00  0.0    0  3.1 14  10   M    M   2 12     20  10
12  81  43  62  -6   3   0 0.00  0.0    0  3.0 12 340   M    M   3 1      16 340
13  85  47  66  -2   0   1 0.00  0.0    0  1.8  8 210   M    M   0 1      12  50
14  76  60  68   0   0   3 0.04  0.0    0  3.3  8 190   M    M   5 1       M  M
15  87  57  72   4   0   7 0.00  0.0    0  3.2 14 360   M    M   4 1      18  10
16  91  51  71   3   0   6 0.00  0.0    0  2.0 12 150   M    M   1 12     14 150
================================================================================
SM 1366  860        14  89  0.69     0.0  58.6          M       33
================================================================================
AV 85.4 53.8                               3.7 FASTST   M    M   2    MAX(MPH)
                                 MISC ---->  # 26  50               # 37  320
================================================================================
NOTES:
# LAST OF SEVERAL OCCURRENCES

COLUMN 17 PEAK WIND IN M.P.H.

PRELIMINARY LOCAL CLIMATOLOGICAL DATA (WS FORM: F-6) , PAGE 2

                                          STATION:  MORRISVILLE VT
                                          MONTH:    JULY
                                          YEAR:     2018
                                          LATITUDE:   44 31 N
                                          LONGITUDE:  72 37 W

[TEMPERATURE DATA]      [PRECIPITATION DATA]       SYMBOLS USED IN COLUMN 16

AVERAGE MONTHLY: 69.6   TOTAL FOR MONTH:   0.69    1 = FOG OR MIST
DPTR FM NORMAL:   2.0   DPTR FM NORMAL:   -1.57    2 = FOG REDUCING VISIBILITY
HIGHEST:    92 ON  5, 4 GRTST 24HR  0.32 ON  6- 6      TO 1/4 MILE OR LESS
LOWEST:     42 ON  7                               3 = THUNDER
                        SNOW, ICE PELLETS, HAIL    4 = ICE PELLETS
                        TOTAL MONTH:   0.0 INCH    5 = HAIL
                        GRTST 24HR     0.0         6 = FREEZING RAIN OR DRIZZLE
                        GRTST DEPTH:   0           7 = DUSTSTORM OR SANDSTORM:
                                                       VSBY 1/2 MILE OR LESS
                                                   8 = SMOKE OR HAZE
[NO. OF DAYS WITH]      [WEATHER - DAYS WITH]      9 = BLOWING SNOW
                                                   X = TORNADO
MAX 32 OR BELOW:   0    0.01 INCH OR MORE:   4
MAX 90 OR ABOVE:   5    0.10 INCH OR MORE:   2
MIN 32 OR BELOW:   0    0.50 INCH OR MORE:   0
MIN  0 OR BELOW:   0    1.00 INCH OR MORE:   0

[HDD (BASE 65) ]
TOTAL THIS MO.    14    CLEAR  (SCALE 0-3)  11
DPTR FM NORMAL    -3    PTCLDY (SCALE 4-7)   5
TOTAL FM JUL 1    14    CLOUDY (SCALE 8-10)  0
DPTR FM NORMAL    -3

[CDD (BASE 65) ]
TOTAL THIS MO.    89
DPTR FM NORMAL    32    [PRESSURE DATA]
TOTAL FM JAN 1   131    HIGHEST SLP M ON M
DPTR FM NORMAL    18    LOWEST  SLP 29.89 ON 10

[REMARKS]
