000
CXUS56 KOTX 180900
CF6MWH
PRELIMINARY LOCAL CLIMATOLOGICAL DATA (WS FORM: F-6)

                                          STATION:   MOSES LAKE WA AIRPORT
                                          MONTH:     OCTOBER
                                          YEAR:      2019
                                          LATITUDE:   47 12 N
                                          LONGITUDE: 119 19 W

  TEMPERATURE IN F:       :PCPN:    SNOW:  WIND      :SUNSHINE: SKY     :PK WND
================================================================================
1   2   3   4   5  6A  6B    7    8   9   10  11  12  13   14  15   16   17  18
                                     12Z  AVG MX 2MIN
DY MAX MIN AVG DEP HDD CDD  WTR  SNW DPTH SPD SPD DIR MIN PSBL S-S WX    SPD DR
================================================================================

 1  58  28  43 -13  22   0 0.00    M    M  3.7  8 350   M    M   5 8      10 350
 2  61  28  45 -10  20   0 0.00    M    M  4.3 10 210   M    M   1 8      15 120
 3  63  44  54  -1  11   0    T    M    M  4.7 13 150   M    M   6        18 150
 4  67  41  54   0  11   0 0.01    M    M  6.9 20 230   M    M   5        25 250
 5  70  41  56   2   9   0 0.00    M    M  5.7 15 320   M    M   1        18 320
 6  66  30  48  -5  17   0 0.00    M    M  3.5 12 210   M    M   0        15 210
 7  72  37  55   2  10   0    T    M    M  8.7 28 250   M    M   1        36 260
 8  64  42  53   1  12   0 0.03    M    M 16.6 33 260   M    M   4        43 250
 9  54  27  41 -11  24   0 0.00    M    M 12.5 29 360   M    M   3        36 360
10  53  20  37 -15  28   0 0.00    M    M  4.7  9 350   M    M   0        11 150
11  61  26  44  -7  21   0 0.00    M    M  6.7 12  50   M    M   0        15  50
12  59  27  43  -8  22   0 0.00    M    M  3.5  9  30   M    M   2        10  80
13  59  35  47  -3  18   0    T    M    M  3.6 10 150   M    M   5 8      13 150
14  63  30  47  -3  18   0 0.00    M    M  3.1  6  10   0    0   0         M  M
15  58  35  47  -3  18   0 0.00    M    M  4.9 12  10   M    M   2        13 230
16  61  47  54   5  11   0 0.06    M    M  5.6 13 120   M    M   6        14 120
17  63  45  54   5  11   0 0.01    M    M 10.9 20 210   M    M   3        25 230
================================================================================
SM 1052  583       283   0  0.11    M    109.6            0     44
================================================================================
AV 61.9 34.3                               6.4 FASTST    0   0   3    MAX(MPH)
                                 MISC ---->  # 33 260               # 43  250
================================================================================
NOTES:
# LAST OF SEVERAL OCCURRENCES

COLUMN 17 PEAK WIND IN M.P.H.

PRELIMINARY LOCAL CLIMATOLOGICAL DATA (WS FORM: F-6) , PAGE 2

                                          STATION:  MOSES LAKE WA AIRPORT
                                          MONTH:    OCTOBER
                                          YEAR:     2019
                                          LATITUDE:   47 12 N
                                          LONGITUDE: 119 19 W

[TEMPERATURE DATA]      [PRECIPITATION DATA]       SYMBOLS USED IN COLUMN 16

AVERAGE MONTHLY: 48.1   TOTAL FOR MONTH:   0.11    1 = FOG OR MIST
DPTR FM NORMAL:  -4.0   DPTR FM NORMAL:   -0.20    2 = FOG REDUCING VISIBILITY
HIGHEST:    72 ON  7    GRTST 24HR  0.06 ON 16-16      TO 1/4 MILE OR LESS
LOWEST:     20 ON 10                               3 = THUNDER
                        SNOW, ICE PELLETS, HAIL    4 = ICE PELLETS
                        TOTAL MONTH:    M          5 = HAIL
                        GRTST 24HR    M  ON   M    6 = FREEZING RAIN OR DRIZZLE
                        GRTST DEPTH:  M  ON   M    7 = DUSTSTORM OR SANDSTORM:
                                                       VSBY 1/2 MILE OR LESS
                                                   8 = SMOKE OR HAZE
[NO. OF DAYS WITH]      [WEATHER - DAYS WITH]      9 = BLOWING SNOW
                                                   X = TORNADO
MAX 32 OR BELOW:   0    0.01 INCH OR MORE:   4
MAX 90 OR ABOVE:   0    0.10 INCH OR MORE:   0
MIN 32 OR BELOW:   8    0.50 INCH OR MORE:   0
MIN  0 OR BELOW:   0    1.00 INCH OR MORE:   0

[HDD (BASE 65) ]
TOTAL THIS MO.   283    CLEAR  (SCALE 0-3)   9
DPTR FM NORMAL    65    PTCLDY (SCALE 4-7)   8
TOTAL FM JUL 1   397    CLOUDY (SCALE 8-10)  0
DPTR FM NORMAL    29

[CDD (BASE 65) ]
TOTAL THIS MO.     0
DPTR FM NORMAL     0    [PRESSURE DATA]
TOTAL FM JAN 1   874    HIGHEST SLP  0.00 ON 14
DPTR FM NORMAL   260    LOWEST  SLP  0.00 ON 14

[REMARKS]
