000
CXUS56 KOTX 160900
CF6MWH
PRELIMINARY LOCAL CLIMATOLOGICAL DATA (WS FORM: F-6)

                                          STATION:   MOSES LAKE WA AIRPORT
                                          MONTH:     DECEMBER
                                          YEAR:      2018
                                          LATITUDE:   47 12 N
                                          LONGITUDE: 119 19 W

  TEMPERATURE IN F:       :PCPN:    SNOW:  WIND      :SUNSHINE: SKY     :PK WND
================================================================================
1   2   3   4   5  6A  6B    7    8   9   10  11  12  13   14  15   16   17  18
                                     12Z  AVG MX 2MIN
DY MAX MIN AVG DEP HDD CDD  WTR  SNW DPTH SPD SPD DIR MIN PSBL S-S WX    SPD DR
================================================================================

 1  40  33  37   5  28   0 0.14    M    M  2.5  8 300   M    M  10 1      10 300
 2  41  28  35   4  30   0 0.00    M    M  1.2  7  10   M    M   9 12      9  30
 3  41  23  32   1  33   0 0.00    M    M  4.6 10  30   M    M   6 1      12  20
 4  32  20  26  -5  39   0 0.00    M    M  6.9 12  30   M    M   7 12     15  20
 5  36  24  30   0  35   0 0.00    M    M  8.4 16  10   M    M  10        20 360
 6  27  18  23  -7  42   0 0.00    M    M  5.2 10  40   M    M   6 12     12  40
 7  26  18  22  -8  43   0 0.00    M    M  3.5 10 100   M    M  10 1      12 100
 8  29  26  28  -2  37   0    T    M    M  1.3  7 350   M    M  10 1       9 340
 9  36  28  32   3  33   0 0.07    M    M  3.4  9  10   M    M  10 1      10 360
10  31  28  30   1  35   0    T    M    M  5.0  8 110   M    M  10 12     11 180
11  43  28  36   7  29   0 0.00    M    M  4.3 24 230   M    M   8 12     31 230
12  45  35  40  11  25   0 0.00    M    M 10.4 28 270   M    M   3        34 260
13  51  34  43  15  22   0 0.07    M    M 10.7 22 180   M    M   4        27 180
14  44  32  38  10  27   0 0.00    M    M  5.3 18 200   M    M   2        24 200
15  46  35  41  13  24   0    T    M    M  8.7 20 210   M    M   3        27 240
================================================================================
SM  568  410       482   0  0.28    M     81.4          M      108
================================================================================
AV 37.9 27.3                               5.4 FASTST   M    M   7    MAX(MPH)
                                 MISC ---->  # 28 270               # 34  260
================================================================================
NOTES:
# LAST OF SEVERAL OCCURRENCES

COLUMN 17 PEAK WIND IN M.P.H.

PRELIMINARY LOCAL CLIMATOLOGICAL DATA (WS FORM: F-6) , PAGE 2

                                          STATION:  MOSES LAKE WA AIRPORT
                                          MONTH:    DECEMBER
                                          YEAR:     2018
                                          LATITUDE:   47 12 N
                                          LONGITUDE: 119 19 W

[TEMPERATURE DATA]      [PRECIPITATION DATA]       SYMBOLS USED IN COLUMN 16

AVERAGE MONTHLY: 32.6   TOTAL FOR MONTH:   0.28    1 = FOG OR MIST
DPTR FM NORMAL:   2.9   DPTR FM NORMAL:   -0.28    2 = FOG REDUCING VISIBILITY
HIGHEST:    51 ON 13    GRTST 24HR  0.14 ON  1- 1      TO 1/4 MILE OR LESS
LOWEST:     18 ON  7, 6                            3 = THUNDER
                        SNOW, ICE PELLETS, HAIL    4 = ICE PELLETS
                        TOTAL MONTH:    M          5 = HAIL
                        GRTST 24HR    M  ON   M    6 = FREEZING RAIN OR DRIZZLE
                        GRTST DEPTH:  M  ON   M    7 = DUSTSTORM OR SANDSTORM:
                                                       VSBY 1/2 MILE OR LESS
                                                   8 = SMOKE OR HAZE
[NO. OF DAYS WITH]      [WEATHER - DAYS WITH]      9 = BLOWING SNOW
                                                   X = TORNADO
MAX 32 OR BELOW:   5    0.01 INCH OR MORE:   3
MAX 90 OR ABOVE:   0    0.10 INCH OR MORE:   1
MIN 32 OR BELOW:  11    0.50 INCH OR MORE:   0
MIN  0 OR BELOW:   0    1.00 INCH OR MORE:   0

[HDD (BASE 65) ]
TOTAL THIS MO.   482    CLEAR  (SCALE 0-3)   2
DPTR FM NORMAL   -47    PTCLDY (SCALE 4-7)   6
TOTAL FM JUL 1  1919    CLOUDY (SCALE 8-10)  7
DPTR FM NORMAL   -71

[CDD (BASE 65) ]
TOTAL THIS MO.     0
DPTR FM NORMAL     0    [PRESSURE DATA]
TOTAL FM JAN 1   730    HIGHEST SLP M ON M
DPTR FM NORMAL   115    LOWEST  SLP 29.73 ON 11

[REMARKS]
