000
CXUS56 KOTX 270900
CF6MWH
PRELIMINARY LOCAL CLIMATOLOGICAL DATA (WS FORM: F-6)

                                          STATION:   MOSES LAKE WA AIRPORT
                                          MONTH:     MAY
                                          YEAR:      2020
                                          LATITUDE:   47 12 N
                                          LONGITUDE: 119 19 W

  TEMPERATURE IN F:       :PCPN:    SNOW:  WIND      :SUNSHINE: SKY     :PK WND
================================================================================
1   2   3   4   5  6A  6B    7    8   9   10  11  12  13   14  15   16   17  18
                                     12Z  AVG MX 2MIN
DY MAX MIN AVG DEP HDD CDD  WTR  SNW DPTH SPD SPD DIR MIN PSBL S-S WX    SPD DR
================================================================================

 1  70  37  54   0  11   0 0.00    M    M  5.5 13 140   M    M   1        17 200
 2  78  45  62   7   3   0 0.16    M    M 10.5 33 260   M    M   6 8      42 260
 3  66  44  55   0  10   0 0.00    M    M 13.1 24 260   M    M   1        29 260
 4  68  34  51  -4  14   0 0.00    M    M  5.2 13 170   M    M   1 8      17 190
 5  80  43  62   6   3   0 0.00    M    M  6.7 17  50   M    M   2        20  70
 6  67  45  56   0   9   0 0.42    M    M 15.3 31 290   M    M   5 1      40 300
 7  71  40  56   0   9   0 0.00    M    M  5.3 12 330   M    M   0        18 330
 8  77  41  59   2   6   0 0.00    M    M  7.8 17  70   M    M   0        22  80
 9  83  50  67  10   0   2 0.00    M    M 10.1 15  60   M    M   0        21  60
10  83  57  70  13   0   5 0.00    M    M 14.4 23  50   M    M   0        29  50
11  77  57  67   9   0   2 0.00    M    M 16.1 30  50   M    M   2        36  50
12  74  57  66   8   0   1 0.00    M    M  9.5 24 220   M    M   5        33 240
13  74  51  63   5   2   0 0.00    M    M  9.9 20 220   M    M   4        26 240
14  67  51  59   0   6   0    T    M    M  7.6 17 150   M    M   6        29 170
15  73  52  63   4   2   0    T    M    M  5.7 16 150   M    M   4        21 140
16  76  47  62   3   3   0 0.02    M    M  4.8 14 250   M    M   5        16 260
17  67  50  59  -1   6   0 0.02    M    M  5.1 15 160   M    M   6 1      20 180
18  74  44  59  -1   6   0 0.19    M    M  6.6 22 340   M    M   6 38     26 330
19  70  51  61   1   4   0 0.04    M    M  4.3 12 260   M    M   7 1      13 260
20  72  57  65   5   0   0 0.00    M    M 11.2 22 330   M    M   5        27 330
21  70  49  60  -1   5   0 0.00    M    M 12.5 25 250   M    M   2        33 220
22  70  44  57  -4   8   0 0.00    M    M  8.2 20 300   M    M   6        26 210
23  72  46  59  -2   6   0 0.00    M    M  6.0 14 170   M    M   0        21 140
24  79  43  61   0   4   0 0.00    M    M  5.5 14 200   M    M   1        17 240
25  75  52  64   2   1   0 0.00    M    M  6.6 20 170   M    M   5        25 200
26   M   M   M   M   M   M    M    M    M   M   M   M   M    M   M         M  M
================================================================================
SM 1833 1187       118  10  0.85    M    213.5          M       80
================================================================================
AV 73.3 47.5                               8.5 FASTST   M    M   3    MAX(MPH)
                                 MISC ---->  # 33 260               # 42  260
================================================================================
NOTES:
# LAST OF SEVERAL OCCURRENCES

COLUMN 17 PEAK WIND IN M.P.H.

PRELIMINARY LOCAL CLIMATOLOGICAL DATA (WS FORM: F-6) , PAGE 2

                                          STATION:  MOSES LAKE WA AIRPORT
                                          MONTH:    MAY
                                          YEAR:     2020
                                          LATITUDE:   47 12 N
                                          LONGITUDE: 119 19 W

[TEMPERATURE DATA]      [PRECIPITATION DATA]       SYMBOLS USED IN COLUMN 16

AVERAGE MONTHLY: 60.4   TOTAL FOR MONTH:   0.85    1 = FOG OR MIST
DPTR FM NORMAL:   2.1   DPTR FM NORMAL:    0.35    2 = FOG REDUCING VISIBILITY
HIGHEST:    83 ON 10, 9 GRTST 24HR  0.42 ON  6- 6      TO 1/4 MILE OR LESS
LOWEST:     34 ON  4                               3 = THUNDER
                        SNOW, ICE PELLETS, HAIL    4 = ICE PELLETS
                        TOTAL MONTH:    M          5 = HAIL
                        GRTST 24HR    M  ON   M    6 = FREEZING RAIN OR DRIZZLE
                        GRTST DEPTH:  M  ON   M    7 = DUSTSTORM OR SANDSTORM:
                                                       VSBY 1/2 MILE OR LESS
                                                   8 = SMOKE OR HAZE
[NO. OF DAYS WITH]      [WEATHER - DAYS WITH]      9 = BLOWING SNOW
                                                   X = TORNADO
MAX 32 OR BELOW:   0    0.01 INCH OR MORE:   6
MAX 90 OR ABOVE:   0    0.10 INCH OR MORE:   3
MIN 32 OR BELOW:   0    0.50 INCH OR MORE:   0
MIN  0 OR BELOW:   0    1.00 INCH OR MORE:   0

[HDD (BASE 65) ]
TOTAL THIS MO.   118    CLEAR  (SCALE 0-3)  12
DPTR FM NORMAL   -73    PTCLDY (SCALE 4-7)  13
TOTAL FM JUL 1  5164    CLOUDY (SCALE 8-10)  0
DPTR FM NORMAL  -644

[CDD (BASE 65) ]
TOTAL THIS MO.    10
DPTR FM NORMAL    -6    [PRESSURE DATA]
TOTAL FM JAN 1    10    HIGHEST SLP M ON M
DPTR FM NORMAL    -7    LOWEST  SLP 29.54 ON 17

[REMARKS]
