000
CXUS55 KPSR 201005
CF6NYL
PRELIMINARY LOCAL CLIMATOLOGICAL DATA (WS FORM: F-6)

                                          STATION:   YUMA AZ
                                          MONTH:     AUGUST
                                          YEAR:      2018
                                          LATITUDE:   32 39 N
                                          LONGITUDE: 114 37 W

  TEMPERATURE IN F:       :PCPN:    SNOW:  WIND      :SUNSHINE: SKY     :PK WND
================================================================================
1   2   3   4   5  6A  6B    7    8   9   10  11  12  13   14  15   16   17  18
                                     12Z  AVG MX 2MIN
DY MAX MIN AVG DEP HDD CDD  WTR  SNW DPTH SPD SPD DIR MIN PSBL S-S WX    SPD DR
================================================================================

 1 110  87  99   4   0  34 0.00  0.0    0  9.0 17 150   M    M   2        20 150
 2 111  89 100   5   0  35 0.00  0.0    0  9.5 17 180   M    M   2        25 260
 3 112  89 101   6   0  36 0.00  0.0    0  6.3 15 260   M    M   1 8      19 270
 4 113  90 102   7   0  37 0.00  0.0    0  8.4 20 160   M    M   0        22 160
 5 112  87 100   5   0  35 0.00  0.0    0  5.1 14 170   M    M   0        16 170
 6 113  86 100   5   0  35 0.00  0.0    0  9.5 18 150   M    M   0        21 150
 7 109  88  99   4   0  34 0.00  0.0    0 16.8 32 160   M    M   1 78     40 170
 8 105  86  96   1   0  31 0.02  0.0    0 14.8 36 160   M    M   4 38     43 160
 9 104  84  94  -1   0  29 0.00  0.0    0 11.7 22 150   M    M   4 3      27 180
10 105  84  95   0   0  30 0.00  0.0    M  7.3 21 200   M    M   2 3      24 210
11 105  87  96   2   0  31 0.00  0.0    0  7.2 24 210   M    M   0 38     31 200
12 106  84  95   1   0  30 0.00  0.0    0 11.5 20 160   M    M   0 8      26 210
13 103  86  95   1   0  30 0.00  0.0    0 10.1 23  90   M    M   2 38     28  80
14 105  83  94   0   0  29 0.00  0.0    0 10.9 20 200   M    M   0        23 220
15 100  86  93  -1   0  28 0.00  0.0    0 10.3 23 170   M    M   1 38     27 170
16 101  84  93  -1   0  28 0.00  0.0    0 10.0 29  90   M    M   2 38     34  90
17 104  85  95   1   0  30 0.00  0.0    0  6.1 13 210   M    M   2        16 210
18 107  85  96   2   0  31 0.00  0.0    0  6.5 15 190   M    M   0        18 190
19 110  86  98   4   0  33 0.00  0.0    0 10.4 20 150   M    M   0        23 150
================================================================================
SM 2035 1636         0 606  0.02     0.0 181.4          M       23
================================================================================
AV107.1 86.1                               9.5 FASTST   M    M   1    MAX(MPH)
                                 MISC ---->  # 36 160               # 43  160
================================================================================
NOTES:
# LAST OF SEVERAL OCCURRENCES

COLUMN 17 PEAK WIND IN M.P.H.

PRELIMINARY LOCAL CLIMATOLOGICAL DATA (WS FORM: F-6) , PAGE 2

                                          STATION:  YUMA AZ
                                          MONTH:    AUGUST
                                          YEAR:     2018
                                          LATITUDE:   32 39 N
                                          LONGITUDE: 114 37 W

[TEMPERATURE DATA]      [PRECIPITATION DATA]       SYMBOLS USED IN COLUMN 16

AVERAGE MONTHLY: 96.6   TOTAL FOR MONTH:   0.02    1 = FOG OR MIST
DPTR FM NORMAL:   2.1   DPTR FM NORMAL:   -0.27    2 = FOG REDUCING VISIBILITY
HIGHEST:   113 ON  6, 4 GRTST 24HR  0.02 ON  8- 8      TO 1/4 MILE OR LESS
LOWEST:     83 ON 14                               3 = THUNDER
                        SNOW, ICE PELLETS, HAIL    4 = ICE PELLETS
                        TOTAL MONTH:   0.0 INCH    5 = HAIL
                        GRTST 24HR     0.0         6 = FREEZING RAIN OR DRIZZLE
                        GRTST DEPTH:   0           7 = DUSTSTORM OR SANDSTORM:
                                                       VSBY 1/2 MILE OR LESS
                                                   8 = SMOKE OR HAZE
[NO. OF DAYS WITH]      [WEATHER - DAYS WITH]      9 = BLOWING SNOW
                                                   X = TORNADO
MAX 32 OR BELOW:   0    0.01 INCH OR MORE:   1
MAX 90 OR ABOVE:  19    0.10 INCH OR MORE:   0
MIN 32 OR BELOW:   0    0.50 INCH OR MORE:   0
MIN  0 OR BELOW:   0    1.00 INCH OR MORE:   0

[HDD (BASE 65) ]
TOTAL THIS MO.     0    CLEAR  (SCALE 0-3)  17
DPTR FM NORMAL     0    PTCLDY (SCALE 4-7)   2
TOTAL FM JUL 1     0    CLOUDY (SCALE 8-10)  0
DPTR FM NORMAL     0

[CDD (BASE 65) ]
TOTAL THIS MO.   606
DPTR FM NORMAL    43    [PRESSURE DATA]
TOTAL FM JAN 1  3252    HIGHEST SLP M ON M
DPTR FM NORMAL   143    LOWEST  SLP 29.58 ON  6

[REMARKS]
