000
CXUS53 KOAX 241000
CF6OAX
PRELIMINARY LOCAL CLIMATOLOGICAL DATA (WS FORM: F-6)

                                          STATION:   VALLEY  NWS  NE
                                          MONTH:     APRIL
                                          YEAR:      2018
                                          LATITUDE:   41 19 N
                                          LONGITUDE:  96 22 W

  TEMPERATURE IN F:       :PCPN:    SNOW:  WIND      :SUNSHINE: SKY     :PK WND
================================================================================
1   2   3   4   5  6A  6B    7    8   9   10  11  12  13   14  15   16   17  18
                                     12Z  AVG MX 2MIN
DY MAX MIN AVG DEP HDD CDD  WTR  SNW DPTH SPD SPD DIR MIN PSBL S-S WX    SPD DR
================================================================================

 1  35  23  29 -16  36   0    T    T    0   M   M   M   M    M   M        22  M
 2  33  22  28 -18  37   0    T  0.0    0   M   M   M   M    M   M        30  M
 3  37  17  27 -19  38   0    T    T    0   M   M   M   M    M   M 16     40  M
 4  42  14  28 -18  37   0 0.00  0.0    0   M   M   M   M    M   M        26  M
 5  58  30  44  -3  21   0 0.00  0.0    0   M   M   M   M    M   M        23  M
 6  38  19  29 -18  36   0 0.07  0.5    T   M   M   M   M    M   M        35  M
 7  40  14  27 -20  38   0 0.00  0.0    T   M   M   M   M    M   M        22  M
 8  37  33  35 -13  30   0    T    T    0   M   M   M   M    M   M        36  M
 9  38  31  35 -13  30   0    T    T    0   M   M   M   M    M   M 1      18  M
10  64  27  46  -3  19   0 0.00  0.0    0   M   M   M   M    M   M        23  M
11  74  41  58   9   7   0    T  0.0    0   M   M   M   M    M   M 8      18  M
12  69  41  55   6  10   0 0.00  0.0    0   M   M   M   M    M   M 1      29  M
13  71  45  58   8   7   0 0.00  0.0    0   M   M   M   M    M   M 8      32  M
14  45  25  35 -15  30   0 0.22  0.7    0   M   M   M   M    M   M 14     39  M
15  31  23  27 -23  38   0 0.02  0.2    1   M   M   M   M    M   M        36  M
16  48  24  36 -15  29   0 0.00  0.0    T   M   M   M   M    M   M        24  M
17  58  29  44  -7  21   0 0.00  0.0    0   M   M   M   M    M   M        30  M
18  41  32  37 -15  28   0 0.10  0.1    T   M   M   M   M    M   M 1      30  M
19  57  30  44  -8  21   0 0.00  0.0    0   M   M   M   M    M   M        15  M
20  61  37  49  -3  16   0 0.00  0.0    0   M   M   M   M    M   M        26  M
21  53  45  49  -4  16   0    T  0.0    0   M   M   M   M    M   M        15  M
22  69  38  54   1  11   0 0.00  0.0    0   M   M   M   M    M   M        24  M
23  73  37  55   2  10   0 0.00  0.0    0   M   M   M   M    M   M        18  M
================================================================================
SM 1172  677       566   0  0.41     1.5     M          M        M
================================================================================
AV 51.0 29.4                                 M FASTST   M    M   7    MAX(MPH)
                                 MISC ---->     M   M                 40    M
================================================================================
NOTES:
# LAST OF SEVERAL OCCURRENCES

COLUMN 17 PEAK WIND IN M.P.H.

PRELIMINARY LOCAL CLIMATOLOGICAL DATA (WS FORM: F-6) , PAGE 2

                                          STATION:  VALLEY  NWS  NE
                                          MONTH:    APRIL
                                          YEAR:     2018
                                          LATITUDE:   41 19 N
                                          LONGITUDE:  96 22 W

[TEMPERATURE DATA]      [PRECIPITATION DATA]       SYMBOLS USED IN COLUMN 16

AVERAGE MONTHLY: 40.2   TOTAL FOR MONTH:   0.41    1 = FOG OR MIST
DPTR FM NORMAL:  -9.1   DPTR FM NORMAL:   -1.76    2 = FOG REDUCING VISIBILITY
HIGHEST:    74 ON 11    GRTST 24HR  0.22 ON 14-14      TO 1/4 MILE OR LESS
LOWEST:     14 ON  7, 4                            3 = THUNDER
                        SNOW, ICE PELLETS, HAIL    4 = ICE PELLETS
                        TOTAL MONTH:   1.5 INCHES  5 = HAIL
                        GRTST 24HR   0.7 ON 14-14  6 = FREEZING RAIN OR DRIZZLE
                        GRTST DEPTH:   1 ON 15     7 = DUSTSTORM OR SANDSTORM:
                                                       VSBY 1/2 MILE OR LESS
                                                   8 = SMOKE OR HAZE
[NO. OF DAYS WITH]      [WEATHER - DAYS WITH]      9 = BLOWING SNOW
                                                   X = TORNADO
MAX 32 OR BELOW:   1    0.01 INCH OR MORE:   4
MAX 90 OR ABOVE:   0    0.10 INCH OR MORE:   2
MIN 32 OR BELOW:  15    0.50 INCH OR MORE:   0
MIN  0 OR BELOW:   0    1.00 INCH OR MORE:   0

[HDD (BASE 65) ]
TOTAL THIS MO.   566    CLEAR  (SCALE 0-3)   0
DPTR FM NORMAL   200    PTCLDY (SCALE 4-7)   0
TOTAL FM JUL 1  6010    CLOUDY (SCALE 8-10)  0
DPTR FM NORMAL   -15

[CDD (BASE 65) ]
TOTAL THIS MO.     0
DPTR FM NORMAL     0    [PRESSURE DATA]
TOTAL FM JAN 1     0    HIGHEST SLP M ON M
DPTR FM NORMAL     0    LOWEST  SLP M ON M

[REMARKS]
