000
CXUS53 KOAX 231000
CF6OAX
PRELIMINARY LOCAL CLIMATOLOGICAL DATA (WS FORM: F-6)

                                          STATION:   VALLEY NWS NE
                                          MONTH:     OCTOBER
                                          YEAR:      2019
                                          LATITUDE:   41 19 N
                                          LONGITUDE:  96 22 W

  TEMPERATURE IN F:       :PCPN:    SNOW:  WIND      :SUNSHINE: SKY     :PK WND
================================================================================
1   2   3   4   5  6A  6B    7    8   9   10  11  12  13   14  15   16   17  18
                                     12Z  AVG MX 2MIN
DY MAX MIN AVG DEP HDD CDD  WTR  SNW DPTH SPD SPD DIR MIN PSBL S-S WX    SPD DR
================================================================================

 1  71  53  62   2   3   0 1.82  0.0    0   M   M   M   M    M   M 3      18  M
 2  55  48  52  -7  13   0 0.20  0.0    0   M   M   M   M    M   M        22  M
 3  59  44  52  -7  13   0 0.00  0.0    0   M   M   M   M    M   M        23  M
 4  56  42  49  -9  16   0 0.16  0.0    0   M   M   M   M    M   M 3      29  M
 5  67  48  58   0   7   0 1.16  0.0    0   M   M   M   M    M   M 3      32  M
 6  68  45  57   0   8   0 0.00  0.0    0   M   M   M   M    M   M        17  M
 7  73  41  57   0   8   0 0.00  0.0    0   M   M   M   M    M   M 1      20  M
 8  73  51  62   6   3   0 0.00  0.0    0   M   M   M   M    M   M        28  M
 9  68  56  62   6   3   0 0.09  0.0    0   M   M   M   M    M   M 3      31  M
10  59  37  48  -8  17   0 1.73  0.0    0   M   M   M   M    M   M 13     32  M
11  41  32  37 -18  28   0    T    T    0   M   M   M   M    M   M        33  M
12  58  29  44 -11  21   0 0.00  0.0    0   M   M   M   M    M   M        32  M
13  60  33  47  -7  18   0 0.00  0.0    0   M   M   M   M    M   M        26  M
14  69  33  51  -3  14   0 0.00  0.0    0   M   M   M   M    M   M        21  M
15  57  44  51  -3  14   0 0.00  0.0    0   M   M   M   M    M   M        40  M
16  54  42  48  -5  17   0 0.00  0.0    0   M   M   M   M    M   M        26  M
17  67  41  54   1  11   0 0.00  0.0    0   M   M   M   M    M   M        16  M
18  78  53  66  14   0   1 0.00  0.0    0   M   M   M   M    M   M        37  M
19  68  49  59   7   6   0 0.08  0.0    0   M   M   M   M    M   M        15  M
20  63  47  55   4  10   0 0.05  0.0    0   M   M   M   M    M   M        30  M
21  52  42  47  -4  18   0 0.12  0.0    0   M   M   M   M    M   M        43  M
22  59  39  49  -2  16   0 0.00  0.0    0   M   M   M   M    M   M        37  M
================================================================================
SM 1375  949       264   1  5.41    T        M          M        M
================================================================================
AV 62.5 43.1                                 M FASTST   M    M   5    MAX(MPH)
                                 MISC ---->     M   M                 43    M
================================================================================
NOTES:
# LAST OF SEVERAL OCCURRENCES

COLUMN 17 PEAK WIND IN M.P.H.

PRELIMINARY LOCAL CLIMATOLOGICAL DATA (WS FORM: F-6) , PAGE 2

                                          STATION:  VALLEY NWS NE
                                          MONTH:    OCTOBER
                                          YEAR:     2019
                                          LATITUDE:   41 19 N
                                          LONGITUDE:  96 22 W

[TEMPERATURE DATA]      [PRECIPITATION DATA]       SYMBOLS USED IN COLUMN 16

AVERAGE MONTHLY: 52.8   TOTAL FOR MONTH:   5.41    1 = FOG OR MIST
DPTR FM NORMAL:  -2.2   DPTR FM NORMAL:    3.69    2 = FOG REDUCING VISIBILITY
HIGHEST:    78 ON 18    GRTST 24HR  1.82 ON  1- 1      TO 1/4 MILE OR LESS
LOWEST:     29 ON 12                               3 = THUNDER
                        SNOW, ICE PELLETS, HAIL    4 = ICE PELLETS
                        TOTAL MONTH:    T          5 = HAIL
                        GRTST 24HR    T  ON 11-11  6 = FREEZING RAIN OR DRIZZLE
                        GRTST DEPTH:   0           7 = DUSTSTORM OR SANDSTORM:
                                                       VSBY 1/2 MILE OR LESS
                                                   8 = SMOKE OR HAZE
[NO. OF DAYS WITH]      [WEATHER - DAYS WITH]      9 = BLOWING SNOW
                                                   X = TORNADO
MAX 32 OR BELOW:   0    0.01 INCH OR MORE:   9
MAX 90 OR ABOVE:   0    0.10 INCH OR MORE:   6
MIN 32 OR BELOW:   2    0.50 INCH OR MORE:   3
MIN  0 OR BELOW:   0    1.00 INCH OR MORE:   3

[HDD (BASE 65) ]
TOTAL THIS MO.   264    CLEAR  (SCALE 0-3)   0
DPTR FM NORMAL    30    PTCLDY (SCALE 4-7)   0
TOTAL FM JUL 1   270    CLOUDY (SCALE 8-10)  0
DPTR FM NORMAL   -60

[CDD (BASE 65) ]
TOTAL THIS MO.     1
DPTR FM NORMAL   -12    [PRESSURE DATA]
TOTAL FM JAN 1  1287    HIGHEST SLP M ON M
DPTR FM NORMAL   215    LOWEST  SLP M ON M

[REMARKS]
