000
CXUS54 KMAF 231100
CF6ODO
PRELIMINARY LOCAL CLIMATOLOGICAL DATA (WS FORM: F-6)

                                          STATION:   Odessa Schleymeyer
                                          MONTH:     JANUARY
                                          YEAR:      2019
                                          LATITUDE:   31 55 N
                                          LONGITUDE: 102 23 W

  TEMPERATURE IN F:       :PCPN:    SNOW:  WIND      :SUNSHINE: SKY     :PK WND
================================================================================
1   2   3   4   5  6A  6B    7    8   9   10  11  12  13   14  15   16   17  18
                                     12Z  AVG MX 2MIN
DY MAX MIN AVG DEP HDD CDD  WTR  SNW DPTH SPD SPD DIR MIN PSBL S-S WX    SPD DR
================================================================================

 1  37  24  31 -13  34   0 0.00  0.0    0 13.8 25  70   M    M   9 8      31  60
 2  30  25  28 -16  37   0    T  0.0    0  6.9 13  80   M    M  10 1      17  80
 3  54  25  40  -4  25   0 0.00  0.0    0 10.6 21 290   M    M   2 18     26 290
 4  63  27  45   1  20   0 0.00  0.0    0  7.7 17 240   M    M   0        21 220
 5  69  29  49   5  16   0 0.00  0.0    0  7.9 22 200   M    M   0        30 190
 6  72  45  59  15   6   0    T  0.0    0  9.9 21 190   M    M   3        24 190
 7  69  39  54   9  11   0 0.00  0.0    0 10.1 21 250   M    M   0        26 270
 8  59  40  50   5  15   0 0.00  0.0    0 10.5 18  50   M    M   0        29  60
 9  50  39  45   0  20   0 0.00  0.0    0  8.0 14 120   M    M   7        17 120
10  63  44  54   9  11   0 0.00  0.0    0 11.3 18 180   M    M   3        23 180
11  64  45  55  10  10   0 0.06    M    0 12.7 30 330   M    M   5 1      39 310
12  56  34  45   0  20   0 0.00  0.0    0 10.9 22 360   M    M   0        28  10
13  49  28  39  -6  26   0 0.00  0.0    0 10.1 15  80   M    M   3 18     19 110
14  44  31  38  -7  27   0 0.00  0.0    0  6.1 13 200   M    M  10 128    15 200
15  57  41  49   4  16   0 0.00  0.0    0  6.9 14 210   M    M   6 18     17 210
16  72  39  56  11   9   0 0.00  0.0    0 10.3 23 260   M    M   0 1      29 280
17  70  38  54   9  11   0 0.00  0.0    0  8.2 14 210   M    M   0        18 270
18  71  45  58  13   7   0    T    M    0 19.1 38 260   M    M   2 8      49 260
19  59  32  46   1  19   0 0.00  0.0    0 11.2 32 360   M    M   0        41 360
20  66  32  49   4  16   0 0.00  0.0    0 11.5 21 190   M    M   0        25 190
21  73  38  56  11   9   0 0.00  0.0    0 15.0 24 180   M    M   0        32 170
22  62  32  47   1  18   0 0.00  0.0    0 13.1 29  10   M    M   1 8      38  10
================================================================================
SM 1309  772       383   0  0.06     0.0 231.8          M       61
================================================================================
AV 59.5 35.1                              10.5 FASTST   M    M   3    MAX(MPH)
                                 MISC ---->  # 38 260               # 49  260
================================================================================
NOTES:
# LAST OF SEVERAL OCCURRENCES

COLUMN 17 PEAK WIND IN M.P.H.

PRELIMINARY LOCAL CLIMATOLOGICAL DATA (WS FORM: F-6) , PAGE 2

                                          STATION:  Odessa Schleymeyer
                                          MONTH:    JANUARY
                                          YEAR:     2019
                                          LATITUDE:   31 55 N
                                          LONGITUDE: 102 23 W

[TEMPERATURE DATA]      [PRECIPITATION DATA]       SYMBOLS USED IN COLUMN 16

AVERAGE MONTHLY: 47.3   TOTAL FOR MONTH:   0.06    1 = FOG OR MIST
DPTR FM NORMAL:   2.5   DPTR FM NORMAL:   -0.29    2 = FOG REDUCING VISIBILITY
HIGHEST:    73 ON 21    GRTST 24HR  0.06 ON 11-11      TO 1/4 MILE OR LESS
LOWEST:     24 ON  1                               3 = THUNDER
                        SNOW, ICE PELLETS, HAIL    4 = ICE PELLETS
                        TOTAL MONTH:   0.0 INCH    5 = HAIL
                        GRTST 24HR     0.0         6 = FREEZING RAIN OR DRIZZLE
                        GRTST DEPTH:   0           7 = DUSTSTORM OR SANDSTORM:
                                                       VSBY 1/2 MILE OR LESS
                                                   8 = SMOKE OR HAZE
[NO. OF DAYS WITH]      [WEATHER - DAYS WITH]      9 = BLOWING SNOW
                                                   X = TORNADO
MAX 32 OR BELOW:   1    0.01 INCH OR MORE:   1
MAX 90 OR ABOVE:   0    0.10 INCH OR MORE:   0
MIN 32 OR BELOW:  10    0.50 INCH OR MORE:   0
MIN  0 OR BELOW:   0    1.00 INCH OR MORE:   0

[HDD (BASE 65) ]
TOTAL THIS MO.   383    CLEAR  (SCALE 0-3)  16
DPTR FM NORMAL   -61    PTCLDY (SCALE 4-7)   3
TOTAL FM JUL 1  1579    CLOUDY (SCALE 8-10)  3
DPTR FM NORMAL    80

[CDD (BASE 65) ]
TOTAL THIS MO.     0
DPTR FM NORMAL     0    [PRESSURE DATA]
TOTAL FM JAN 1     0    HIGHEST SLP M ON M
DPTR FM NORMAL     0    LOWEST  SLP 29.55 ON 22

[REMARKS]
