000
CXUS54 KMAF 191110
CF6ODO
PRELIMINARY LOCAL CLIMATOLOGICAL DATA (WS FORM: F-6)

                                          STATION:   ODESSA SCHLEYMEYER
                                          MONTH:     OCTOBER
                                          YEAR:      2019
                                          LATITUDE:   31 55 N
                                          LONGITUDE: 102 23 W

  TEMPERATURE IN F:       :PCPN:    SNOW:  WIND      :SUNSHINE: SKY     :PK WND
================================================================================
1   2   3   4   5  6A  6B    7    8   9   10  11  12  13   14  15   16   17  18
                                     12Z  AVG MX 2MIN
DY MAX MIN AVG DEP HDD CDD  WTR  SNW DPTH SPD SPD DIR MIN PSBL S-S WX    SPD DR
================================================================================

 1  90  74  82  12   0  17 0.00    M    M 18.9 30 170   M    M   5        38 170
 2  88  73  81  11   0  16 0.00    M    M 11.0 21 210   M    M   5        25 210
 3  89  69  79   9   0  14 0.00    M    M 11.3 21  50   M    M   2        27  50
 4  86  59  73   3   0   8 0.00    M    M 10.2 20 190   M    M   2        26 160
 5  92  66  79  10   0  14 0.00    M    M  8.2 15 340   M    M   1        22 300
 6  93  61  77   8   0  12 0.00    M    M 10.0 32  50   M    M   0        42  50
 7  74  55  65  -3   0   0 0.00    M    M 12.0 26  50   M    M   4        32  50
 8  86  53  70   2   0   5 0.00    M    M 13.2 21 180   M    M   0        26 180
 9  93  68  81  13   0  16    T    M    M 15.0 24 180   M    M   2        35 230
10  92  53  73   6   0   8 0.00    M    M 14.2 29  50   M    M   0        36  60
11  60  38  49 -18  16   0 0.00    M    M 14.4 30  50   M    M   0        38  40
12  68  38  53 -14  12   0 0.00    M    M  9.4 16 170   M    M   3        23 170
13  87  48  68   2   0   3 0.00    M    M  8.7 18 190   M    M   0        23 200
14  79  63  71   5   0   6    T    M    M 10.4 18 210   M    M   2        24 210
15  87  61  74   8   0   9    T    M    M  8.6 23  40   M    M   1        29  40
16  71  45  58  -7   7   0 0.00    M    M  7.7 21  60   M    M   0        26  50
17  81  47  64  -1   1   0 0.00  0.0    0  8.4 20 180   M    M   0        26 180
18  89  55  72   7   0   7    T  0.0    0 12.1 24 280   M    M   1        31 280
================================================================================
SM 1505 1026        36 135     T  0.0    203.7          M       28
================================================================================
AV 83.6 57.0                              11.3 FASTST   M    M   2    MAX(MPH)
                                 MISC ---->    32  50                 42  50
================================================================================
NOTES:
# LAST OF SEVERAL OCCURRENCES

COLUMN 17 PEAK WIND IN M.P.H.

PRELIMINARY LOCAL CLIMATOLOGICAL DATA (WS FORM: F-6) , PAGE 2

                                          STATION:   ODESSA SCHLEYMEYER
                                          MONTH:     OCTOBER
                                          YEAR:      2019
                                          LATITUDE:   31 55 N
                                          LONGITUDE: 102 23 W

[TEMPERATURE DATA]      [PRECIPITATION DATA]       SYMBOLS USED IN COLUMN 16

AVERAGE MONTHLY: 70.3   TOTAL FOR MONTH:      T    1 = FOG OR MIST
DPTR FM NORMAL:   2.8   DPTR FM NORMAL:   -1.10    2 = FOG REDUCING VISIBILITY
HIGHEST:    93 ON  9, 6  GRTST 24HR     T ON 30- 1      TO 1/4 MILE OR LESS
LOWEST:     38 ON 12,11                             3 = THUNDER
                        SNOW, ICE PELLETS, HAIL    4 = ICE PELLETS
                        TOTAL MONTH:   0.0 INCH    5 = HAIL
                        GRTST 24HR  0.0            6 = FREEZING RAIN OR DRIZZLE
                        GRTST DEPTH:  0            7 = DUSTSTORM OR SANDSTORM:
                                                       VSBY 1/2 MILE OR LESS
                                                   8 = SMOKE OR HAZE
[NO. OF DAYS WITH]      [WEATHER - DAYS WITH]      9 = BLOWING SNOW
                                                   X = TORNADO
MAX 32 OR BELOW:   0    0.01 INCH OR MORE:   0
MAX 90 OR ABOVE:   5    0.10 INCH OR MORE:   0
MIN 32 OR BELOW:   0    0.50 INCH OR MORE:   0
MIN  0 OR BELOW:   0    1.00 INCH OR MORE:   0

[HDD (BASE 65) ]
TOTAL THIS MO.    36    CLEAR  (SCALE 0-3)  15
DPTR FM NORMAL     3    PTCLDY (SCALE 4-7)   3
TOTAL FM JUL 1    36    CLOUDY (SCALE 8-10)  0
DPTR FM NORMAL    -2

[CDD (BASE 65) ]
TOTAL THIS MO.   135
DPTR FM NORMAL    55    [PRESSURE DATA]
TOTAL FM JAN 1  2710    HIGHEST SLP M ON M
DPTR FM NORMAL   282    LOWEST  SLP 29.57 ON 18

[REMARKS]
