000
CXUS53 KGID 200730
CF6ODX
PRELIMINARY LOCAL CLIMATOLOGICAL DATA (WS FORM: F-6)

                                          STATION:   ORD NE
                                          MONTH:     JANUARY
                                          YEAR:      2019
                                          LATITUDE:   41 37 N
                                          LONGITUDE:  98 57 W

  TEMPERATURE IN F:       :PCPN:    SNOW:  WIND      :SUNSHINE: SKY     :PK WND
================================================================================
1   2   3   4   5  6A  6B    7    8   9   10  11  12  13   14  15   16   17  18
                                     12Z  AVG MX 2MIN
DY MAX MIN AVG DEP HDD CDD  WTR  SNW DPTH SPD SPD DIR MIN PSBL S-S WX    SPD DR
================================================================================

 1  13   2   8 -16  57   0 0.00    M    M 10.3 25 340   M    M   7        34 320
 2  38   4  21  -3  44   0 0.00    M    M  7.4 20 220   M    M   1        25 210
 3  45  18  32   8  33   0 0.00    M    M  4.1 10 220   M    M   0         M  M
 4  49  20  35  11  30   0 0.00    M    M  4.7 10 260   M    M   0        12 270
 5  51  23  37  13  28   0 0.00    M    M  3.0 12 330   M    M   0        13 330
 6  41  31  36  12  29   0 0.00    M    M  4.4 12 120   M    M   3 1      16 130
 7  47  36  42  18  23   0 0.00    M    M 13.0 37 320   M    M   1        51 320
 8  43  28  36  12  29   0 0.00    M    M 14.2 30 310   M    M   0        46 300
 9  35  17  26   2  39   0 0.00    M    M  5.6 13 300   M    M   0        20 290
10  43  21  32   8  33   0 0.00    M    M  5.8 17 180   M    M   0        21 190
11  39  23  31   7  34   0 0.00    M    M  6.3 15  10   M    M   3        20 360
12  30  20  25   1  40   0    T    M    M 12.6 21 350   M    M   8 1      26 340
13  33  22  28   4  37   0 0.00    M    M  8.1 17 220   M    M  10 1      21 240
14  48  25  37  13  28   0 0.00    M    M  6.5 16 250   M    M   5 12     20 250
15  51  21  36  11  29   0 0.00    M    M  5.8 17  40   M    M   5 128    21  40
16  28  24  26   1  39   0 0.02    M    M  6.7 13  10   M    M  10 12     16 360
17  31  27  29   4  36   0    T    M    M  4.5 13 110   M    M  10 1      17 120
18  30  10  20  -5  45   0    T    M    M 14.3 25 350   M    M  10 126    32  20
19  22   6  14 -11  51   0    T    M    M  8.3 23 350   M    M   6 18     29 340
================================================================================
SM  717  378       684   0  0.02    M    145.6          M       79
================================================================================
AV 37.7 19.9                               7.7 FASTST   M    M   4    MAX(MPH)
                                 MISC ---->  # 37 320               # 51  320
================================================================================
NOTES:
# LAST OF SEVERAL OCCURRENCES

COLUMN 17 PEAK WIND IN M.P.H.

PRELIMINARY LOCAL CLIMATOLOGICAL DATA (WS FORM: F-6) , PAGE 2

                                          STATION:  ORD NE
                                          MONTH:    JANUARY
                                          YEAR:     2019
                                          LATITUDE:   41 37 N
                                          LONGITUDE:  98 57 W

[TEMPERATURE DATA]      [PRECIPITATION DATA]       SYMBOLS USED IN COLUMN 16

AVERAGE MONTHLY: 28.8   TOTAL FOR MONTH:   0.02    1 = FOG OR MIST
DPTR FM NORMAL:   4.6   DPTR FM NORMAL:   -0.18    2 = FOG REDUCING VISIBILITY
HIGHEST:    51 ON 15, 5 GRTST 24HR  0.02 ON 16-16      TO 1/4 MILE OR LESS
LOWEST:      2 ON  1                               3 = THUNDER
                        SNOW, ICE PELLETS, HAIL    4 = ICE PELLETS
                        TOTAL MONTH:    M          5 = HAIL
                        GRTST 24HR    M  ON   M    6 = FREEZING RAIN OR DRIZZLE
                        GRTST DEPTH:  M  ON   M    7 = DUSTSTORM OR SANDSTORM:
                                                       VSBY 1/2 MILE OR LESS
                                                   8 = SMOKE OR HAZE
[NO. OF DAYS WITH]      [WEATHER - DAYS WITH]      9 = BLOWING SNOW
                                                   X = TORNADO
MAX 32 OR BELOW:   6    0.01 INCH OR MORE:   1
MAX 90 OR ABOVE:   0    0.10 INCH OR MORE:   0
MIN 32 OR BELOW:  18    0.50 INCH OR MORE:   0
MIN  0 OR BELOW:   0    1.00 INCH OR MORE:   0

[HDD (BASE 65) ]
TOTAL THIS MO.   684    CLEAR  (SCALE 0-3)   9
DPTR FM NORMAL   -89    PTCLDY (SCALE 4-7)   5
TOTAL FM JUL 1  3532    CLOUDY (SCALE 8-10)  5
DPTR FM NORMAL    35

[CDD (BASE 65) ]
TOTAL THIS MO.     0
DPTR FM NORMAL     0    [PRESSURE DATA]
TOTAL FM JAN 1     0    HIGHEST SLP M ON M
DPTR FM NORMAL     0    LOWEST  SLP 29.58 ON  7

[REMARKS]
