000
CXUS55 KCAE 201400
CF6OGB
PRELIMINARY LOCAL CLIMATOLOGICAL DATA (WS FORM: F-6)

                                          STATION:   ORANGEBURG AIRPORT SC
                                          MONTH:     JUNE
                                          YEAR:      2018
                                          LATITUDE:   33 27 N
                                          LONGITUDE:  80 51 W

  TEMPERATURE IN F:       :PCPN:    SNOW:  WIND      :SUNSHINE: SKY     :PK WND
================================================================================
1   2   3   4   5  6A  6B    7    8   9   10  11  12  13   14  15   16   17  18
                                     12Z  AVG MX 2MIN
DY MAX MIN AVG DEP HDD CDD  WTR  SNW DPTH SPD SPD DIR MIN PSBL S-S WX    SPD DR
================================================================================

 1  92  69  81   5   0  16 0.14    M    M  6.1 22 310   M    M   1 13     31 310
 2  91  69  80   4   0  15 0.00    M    M  8.1 21 220   M    M   1        25 230
 3  92  70  81   5   0  16    T    M    M  4.8 14 250   M    M   3 12     17 240
 4  89  68  79   3   0  14    T    M    M  5.9 15  20   M    M   0        20  10
 5  86  64  75  -1   0  10 0.00    M    M  3.4 13  70   M    M   0        19  80
 6  89  64  77   0   0  12 0.00    M    M  3.1  9 230   M    M   0 1      14 200
 7  92  67  80   3   0  15 0.00    M    M  3.5 12 140   M    M   1 1      14 130
 8  91  67  79   2   0  14 0.00    M    M  3.9 15 160   M    M   1        20 140
 9  92  70  81   4   0  16 0.00    M    M  4.6 17 130   M    M   2        26 150
10  91  68  80   3   0  15    T    M    M  3.2 24 320   M    M   2 13     33 330
11  93  70  82   4   0  17 0.68    M    M  6.5 17 330   M    M   2 13     26 340
12  76  70  73  -5   0   8 0.02    M    M  6.4 13  30   M    M  10 1      17  30
13  87  71  79   1   0  14 0.00    M    M  4.6 12 220   M    M   6        13 230
14  92  69  81   3   0  16 0.46    M    M  5.0 35  10   M    M   1 13     49 350
15  93  70  82   4   0  17 0.06    M    M  4.2 16  70   M    M   2 3      26  80
16  91  69  80   2   0  15 0.00    M    M  3.1 16 190   M    M   1        20 190
17  92  73  83   4   0  18 0.00    M    M  4.5 16 200   M    M   3 1      19 200
18  93  71  82   3   0  17 0.00    M    M  5.1 12 230   M    M   0 12     14 210
19  96  72  84   5   0  19 0.00    M    M  5.1 12 230   M    M   0 1      14 190
================================================================================
SM 1718 1311         0 284  1.36    M     91.1          M       36
================================================================================
AV 90.4 69.0                               4.8 FASTST   M    M   2    MAX(MPH)
                                 MISC ---->  # 35  10               # 49  350
================================================================================
NOTES:
# LAST OF SEVERAL OCCURRENCES

COLUMN 17 PEAK WIND IN M.P.H.

PRELIMINARY LOCAL CLIMATOLOGICAL DATA (WS FORM: F-6) , PAGE 2

                                          STATION:  ORANGEBURG AIRPORT SC
                                          MONTH:    JUNE
                                          YEAR:     2018
                                          LATITUDE:   33 27 N
                                          LONGITUDE:  80 51 W

[TEMPERATURE DATA]      [PRECIPITATION DATA]       SYMBOLS USED IN COLUMN 16

AVERAGE MONTHLY: 79.7   TOTAL FOR MONTH:   1.36    1 = FOG OR MIST
DPTR FM NORMAL:   2.3   DPTR FM NORMAL:   -1.84    2 = FOG REDUCING VISIBILITY
HIGHEST:    96 ON 19    GRTST 24HR  0.68 ON 11-11      TO 1/4 MILE OR LESS
LOWEST:     64 ON  6, 5                            3 = THUNDER
                        SNOW, ICE PELLETS, HAIL    4 = ICE PELLETS
                        TOTAL MONTH:    M          5 = HAIL
                        GRTST 24HR    M  ON   M    6 = FREEZING RAIN OR DRIZZLE
                        GRTST DEPTH:  M  ON   M    7 = DUSTSTORM OR SANDSTORM:
                                                       VSBY 1/2 MILE OR LESS
                                                   8 = SMOKE OR HAZE
[NO. OF DAYS WITH]      [WEATHER - DAYS WITH]      9 = BLOWING SNOW
                                                   X = TORNADO
MAX 32 OR BELOW:   0    0.01 INCH OR MORE:   5
MAX 90 OR ABOVE:  14    0.10 INCH OR MORE:   3
MIN 32 OR BELOW:   0    0.50 INCH OR MORE:   1
MIN  0 OR BELOW:   0    1.00 INCH OR MORE:   0

[HDD (BASE 65) ]
TOTAL THIS MO.     0    CLEAR  (SCALE 0-3)  16
DPTR FM NORMAL     0    PTCLDY (SCALE 4-7)   2
TOTAL FM JUL 1  2192    CLOUDY (SCALE 8-10)  1
DPTR FM NORMAL  -140

[CDD (BASE 65) ]
TOTAL THIS MO.   284
DPTR FM NORMAL    49    [PRESSURE DATA]
TOTAL FM JAN 1   685    HIGHEST SLP M ON M
DPTR FM NORMAL   147    LOWEST  SLP 29.75 ON  2

[REMARKS]
