000
CXUS55 KCAE 281400
CF6OGB
PRELIMINARY LOCAL CLIMATOLOGICAL DATA (WS FORM: F-6)

                                          STATION:   ORANGEBURG AIRPORT SC
                                          MONTH:     FEBRUARY
                                          YEAR:      2020
                                          LATITUDE:   33 27 N
                                          LONGITUDE:  80 51 W

  TEMPERATURE IN F:       :PCPN:    SNOW:  WIND      :SUNSHINE: SKY     :PK WND
================================================================================
1   2   3   4   5  6A  6B    7    8   9   10  11  12  13   14  15   16   17  18
                                     12Z  AVG MX 2MIN
DY MAX MIN AVG DEP HDD CDD  WTR  SNW DPTH SPD SPD DIR MIN PSBL S-S WX    SPD DR
================================================================================

 1  52  41  47   0  18   0 0.01    M    M  6.2 13 290   M    M   9 1      18 260
 2  64  36  50   3  15   0 0.00    M    M  9.6 23 260   M    M   0        29 260
 3  76  42  59  11   6   0 0.00    M    M  6.8 15 230   M    M   0 8      19 230
 4  72  46  59  11   6   0 0.00    M    M  8.2 20 230   M    M   0        23 230
 5  74  56  65  17   0   0 0.10    M    M  9.0 17 210   M    M   5 1      23 220
 6  78  61  70  22   0   5 2.15  0.0    0 10.9 26 210   M    M   5 13     36 200
 7  62  38  50   2  15   0    T    M    M 17.6 41 230   M    M   2        52 260
 8  51  34  43  -5  22   0    T    M    M  3.4  8  50   M    M   5        11 330
 9  56  31  44  -4  21   0 0.00    M    M  3.4  8 120   M    M   3 12     12  80
10  73  38  56   7   9   0 0.00    M    M  4.3 13 180   M    M   3        21 180
11  77  62  70  21   0   5 0.19    M    M 11.7 28 220   M    M   6 1      36 220
12  74  61  68  19   0   3    T    M    M  6.2 14 170   M    M   7 1      17 160
13  79  58  69  20   0   4 0.37    M    M 12.0 33 300   M    M   6 1      46 310
14  60  43  52   3  13   0 0.00    M    M  6.6 14  20   M    M   0        18  20
15  55  36  46  -4  19   0 0.00    M    M  6.7 14  50   M    M   0        20  50
16  52  43  48  -2  17   0 0.58    M    M  4.1 10  20   M    M   9 1      13  30
17  61  48  55   5  10   0 0.00    M    M  3.7  9  30   M    M  10 1      12  20
18  63  51  57   7   8   0 0.82    M    M  2.5 12 290   M    M   9 1      14 300
19  63  48  56   6   9   0 0.46    M    M  7.3 20  50   M    M  10 1      27  50
20  48  37  43  -7  22   0 0.73    M    M 12.5 23  20   M    M  10 1      30  20
21  45  29  37 -14  28   0 0.00    M    M 10.9 22  20   M    M   5        29  10
22  53  25  39 -12  26   0 0.00    M    M  1.8  8  40   M    M   0        11  30
23  62  30  46  -5  19   0 0.00    M    M  1.4 10 220   M    M   2 12     11 220
24   M   M   M   M   M   M    M    M    M   M   M   M   M    M   M         M  M
25  69   M   M   M   M   M    M    M    M   M   M   M   M    M   M 1       M  M
26  65  49  57   5   8   0 0.01    M    M  7.3 24 280   M    M   8 12     35 300
27  54  39  47  -5  18   0 0.00    M    M 10.1 20 290   M    M   0        27 280
================================================================================
SM 1638 1082       309  17  5.42     0.0 184.2          M      114
================================================================================
AV 63.0 43.3                               7.4 FASTST   M    M   5    MAX(MPH)
                                 MISC ---->  # 41 230               # 52  260
================================================================================
NOTES:
# LAST OF SEVERAL OCCURRENCES

COLUMN 17 PEAK WIND IN M.P.H.

PRELIMINARY LOCAL CLIMATOLOGICAL DATA (WS FORM: F-6) , PAGE 2

                                          STATION:  ORANGEBURG AIRPORT SC
                                          MONTH:    FEBRUARY
                                          YEAR:     2020
                                          LATITUDE:   33 27 N
                                          LONGITUDE:  80 51 W

[TEMPERATURE DATA]      [PRECIPITATION DATA]       SYMBOLS USED IN COLUMN 16

AVERAGE MONTHLY: 53.1   TOTAL FOR MONTH:   5.42    1 = FOG OR MIST
DPTR FM NORMAL:   3.7   DPTR FM NORMAL:    1.98    2 = FOG REDUCING VISIBILITY
HIGHEST:    79 ON 13    GRTST 24HR  2.15 ON  6- 6      TO 1/4 MILE OR LESS
LOWEST:     25 ON 22                               3 = THUNDER
                        SNOW, ICE PELLETS, HAIL    4 = ICE PELLETS
                        TOTAL MONTH:   0.0 INCH    5 = HAIL
                        GRTST 24HR     0.0         6 = FREEZING RAIN OR DRIZZLE
                        GRTST DEPTH:   0           7 = DUSTSTORM OR SANDSTORM:
                                                       VSBY 1/2 MILE OR LESS
                                                   8 = SMOKE OR HAZE
[NO. OF DAYS WITH]      [WEATHER - DAYS WITH]      9 = BLOWING SNOW
                                                   X = TORNADO
MAX 32 OR BELOW:   0    0.01 INCH OR MORE:  10
MAX 90 OR ABOVE:   0    0.10 INCH OR MORE:   8
MIN 32 OR BELOW:   4    0.50 INCH OR MORE:   4
MIN  0 OR BELOW:   0    1.00 INCH OR MORE:   1

[HDD (BASE 65) ]
TOTAL THIS MO.   309    CLEAR  (SCALE 0-3)  11
DPTR FM NORMAL  -113    PTCLDY (SCALE 4-7)   7
TOTAL FM JUL 1  1500    CLOUDY (SCALE 8-10)  7
DPTR FM NORMAL  -419

[CDD (BASE 65) ]
TOTAL THIS MO.    17
DPTR FM NORMAL    17    [PRESSURE DATA]
TOTAL FM JAN 1    35    HIGHEST SLP M ON M
DPTR FM NORMAL    34    LOWEST  SLP 29.30 ON  7

[REMARKS]
