835
CXUS55 KCAE 241400
CF6OGB
PRELIMINARY LOCAL CLIMATOLOGICAL DATA (WS FORM: F-6)

                                          STATION:   ORANGEBURG AIRPORT SC
                                          MONTH:     SEPTEMBER
                                          YEAR:      2018
                                          LATITUDE:   33 27 N
                                          LONGITUDE:  80 51 W

  TEMPERATURE IN F:       :PCPN:    SNOW:  WIND      :SUNSHINE: SKY     :PK WND
================================================================================
1   2   3   4   5  6A  6B    7    8   9   10  11  12  13   14  15   16   17  18
                                     12Z  AVG MX 2MIN
DY MAX MIN AVG DEP HDD CDD  WTR  SNW DPTH SPD SPD DIR MIN PSBL S-S WX    SPD DR
================================================================================

 1  95  70  83   5   0  18 0.94    M    M  3.3 21  80   M    M   1 13     28  60
 2  93  73  83   5   0  18 0.15    M    M  3.9 26 190   M    M   2 13     34 190
 3  90  72  81   3   0  16 0.01    M    M  4.3 15 140   M    M   2 3      19 140
 4  91  74  83   5   0  18 0.00    M    M  4.4 13  30   M    M   2 12     17  30
 5  93  74  84   6   0  19 0.04    M    M  4.0 15 140   M    M   2        21 140
 6  93  74  84   7   0  19 0.00    M    M  4.7 12 180   M    M   2        15 180
 7  92  72  82   5   0  17 0.00    M    M  3.2 12  80   M    M   1        16  50
 8  91  69  80   3   0  15 0.04    M    M  3.1 17 140   M    M   1        22 140
 9  90  71  81   4   0  16 0.00    M    M  3.6 16 190   M    M   2 13     20 180
10  91  73  82   6   0  17 0.76    M    M  3.2 10 320   M    M   3 13     16 300
11  91  72  82   6   0  17    T    M    M  2.7 12 150   M    M   1 3      16 160
12  90  73  82   6   0  17    T    M    M  3.8 13  30   M    M   3        17  30
13  87  75  81   5   0  16 0.01    M    M  8.4 18  10   M    M   4        24 360
14  85  75  80   4   0  15    T    M    M 14.4 26 330   M    M   5        40 320
15  76  73  75   0   0  10 1.00    M    M 12.9 23 320   M    M  10 1      34 330
16  78  72  75   0   0  10 0.20    M    M  8.4 20 170   M    M  10 1      25 170
17  92  74  83   8   0  18 0.44    M    M  8.5 18 210   M    M   6 13     24 210
18  92  71  82   8   0  17 0.14    M    M  3.7 17 220   M    M   2 13     22 220
19  91  70  81   7   0  16 0.00    M    M  3.8 14 360   M    M   0 1      18  20
20  90  67  79   5   0  14 0.00    M    M  2.1 10 150   M    M   0        14  80
21  90  70  80   6   0  15 0.00    M    M  4.1 10 140   M    M   1 1      16 140
22  88  66  77   4   0  12 0.00    M    M  1.9  8 140   M    M   1        12 140
23  88  65  77   4   0  12 0.00    M    M  2.0 15 170   M    M   2        18 170
================================================================================
SM 2057 1645         0 362  3.73    M    114.4          M       63
================================================================================
AV 89.4 71.5                               5.0 FASTST   M    M   3    MAX(MPH)
                                 MISC ---->  # 26 190               # 40  320
================================================================================
NOTES:
# LAST OF SEVERAL OCCURRENCES

COLUMN 17 PEAK WIND IN M.P.H.

PRELIMINARY LOCAL CLIMATOLOGICAL DATA (WS FORM: F-6) , PAGE 2

                                          STATION:  ORANGEBURG AIRPORT SC
                                          MONTH:    SEPTEMBER
                                          YEAR:     2018
                                          LATITUDE:   33 27 N
                                          LONGITUDE:  80 51 W

[TEMPERATURE DATA]      [PRECIPITATION DATA]       SYMBOLS USED IN COLUMN 16

AVERAGE MONTHLY: 80.5   TOTAL FOR MONTH:   3.73    1 = FOG OR MIST
DPTR FM NORMAL:   4.6   DPTR FM NORMAL:    0.86    2 = FOG REDUCING VISIBILITY
HIGHEST:    95 ON  1    GRTST 24HR  1.00 ON 15-15      TO 1/4 MILE OR LESS
LOWEST:     65 ON 23                               3 = THUNDER
                        SNOW, ICE PELLETS, HAIL    4 = ICE PELLETS
                        TOTAL MONTH:    M          5 = HAIL
                        GRTST 24HR    M  ON   M    6 = FREEZING RAIN OR DRIZZLE
                        GRTST DEPTH:  M  ON   M    7 = DUSTSTORM OR SANDSTORM:
                                                       VSBY 1/2 MILE OR LESS
                                                   8 = SMOKE OR HAZE
[NO. OF DAYS WITH]      [WEATHER - DAYS WITH]      9 = BLOWING SNOW
                                                   X = TORNADO
MAX 32 OR BELOW:   0    0.01 INCH OR MORE:  11
MAX 90 OR ABOVE:  17    0.10 INCH OR MORE:   7
MIN 32 OR BELOW:   0    0.50 INCH OR MORE:   3
MIN  0 OR BELOW:   0    1.00 INCH OR MORE:   1

[HDD (BASE 65) ]
TOTAL THIS MO.     0    CLEAR  (SCALE 0-3)  16
DPTR FM NORMAL     0    PTCLDY (SCALE 4-7)   5
TOTAL FM JUL 1     0    CLOUDY (SCALE 8-10)  2
DPTR FM NORMAL     0

[CDD (BASE 65) ]
TOTAL THIS MO.   362
DPTR FM NORMAL   111    [PRESSURE DATA]
TOTAL FM JAN 1  2229    HIGHEST SLP M ON M
DPTR FM NORMAL   285    LOWEST  SLP 29.56 ON M

[REMARKS]
