000
CXUS55 KTWC 210855
CF6OLS
PRELIMINARY LOCAL CLIMATOLOGICAL DATA (WS FORM: F-6)

                                          STATION:   NOGALES AZ AIRPORT
                                          MONTH:     SEPTEMBER
                                          YEAR:      2018
                                          LATITUDE:   31 25 N
                                          LONGITUDE: 110 51 W

  TEMPERATURE IN F:       :PCPN:    SNOW:  WIND      :SUNSHINE: SKY     :PK WND
================================================================================
1   2   3   4   5  6A  6B    7    8   9   10  11  12  13   14  15   16   17  18
                                     12Z  AVG MX 2MIN
DY MAX MIN AVG DEP HDD CDD  WTR  SNW DPTH SPD SPD DIR MIN PSBL S-S WX    SPD DR
================================================================================

 1  90  67  79   2   0  14 0.00  0.0    0  7.4 17 200   M    M   M        21 190
 2  89  67  78   1   0  13    T  0.0    0  8.3 21  30   M    M   M 3      29  30
 3  87  60  74  -3   0   9 0.05  0.0    M  4.9 17  20   M    M   M 3      23  30
 4  87  61  74  -3   0   9 0.07  0.0    M  3.8 21  30   M    M   M 3      28  20
 5  88  61  75  -2   0  10 0.00  0.0    M  3.4 15 220   M    M   M 3      18 230
 6  94  58  76  -1   0  11 0.00  0.0    M  5.6 18  20   M    M   M        24  10
 7  94  63  79   2   0  14 0.00  0.0    M  4.7 16  50   M    M   M        23  40
 8  96  63  80   3   0  15 0.00  0.0    M  5.5 21  60   M    M   M        27  60
 9  96  62  79   2   0  14 0.00  0.0    M  4.6 18 320   M    M   M        27 320
10  96  62  79   3   0  14 0.00  0.0    M  4.9 15 260   M    M   M        20 270
11  97  63  80   4   0  15 0.00  0.0    M  4.7 15 250   M    M   M        19 260
12  97  62  80   4   0  15 0.00  0.0    M  4.7 16 190   M    M   M        22 200
13  98  63  81   5   0  16 0.00  0.0    M  4.4 12 270   M    M   M        17 290
14 101  62  82   6   0  17 0.00  0.0    M  3.0 14 170   M    M   M        17 190
15  98  64  81   5   0  16 0.00  0.0    M  6.6 21 190   M    M   M        27 170
16  97  65  81   6   0  16    T  0.0    M  3.9 20 150   M    M   M 3      25  40
17  97  62  80   5   0  15    T  0.0    M  4.8 17 360   M    M   M 3      25  10
18  95  67  81   6   0  16 0.41  0.0    M  4.3 28 220   M    M   M 3      35 210
19  78  66  72  -2   0   7 0.63  0.0    M  4.2 17 360   M    M   M 13     23 340
20  85  64  75   1   0  10 0.00  0.0    M  4.0 14 320   M    M   M 2      19 320
================================================================================
SM 1860 1262         0 266  1.16     0.0  97.7          M        M
================================================================================
AV 93.0 63.1                               4.9 FASTST   M    M   0    MAX(MPH)
                                 MISC ---->  # 28 220               # 35  210
================================================================================
NOTES:
# LAST OF SEVERAL OCCURRENCES

COLUMN 17 PEAK WIND IN M.P.H.

PRELIMINARY LOCAL CLIMATOLOGICAL DATA (WS FORM: F-6) , PAGE 2

                                          STATION:  NOGALES AZ AIRPORT
                                          MONTH:    SEPTEMBER
                                          YEAR:     2018
                                          LATITUDE:   31 25 N
                                          LONGITUDE: 110 51 W

[TEMPERATURE DATA]      [PRECIPITATION DATA]       SYMBOLS USED IN COLUMN 16

AVERAGE MONTHLY: 78.1   TOTAL FOR MONTH:   1.16    1 = FOG OR MIST
DPTR FM NORMAL:   2.0   DPTR FM NORMAL:    0.06    2 = FOG REDUCING VISIBILITY
HIGHEST:   101 ON 14    GRTST 24HR  0.63 ON 19-19      TO 1/4 MILE OR LESS
LOWEST:     58 ON  6                               3 = THUNDER
                        SNOW, ICE PELLETS, HAIL    4 = ICE PELLETS
                        TOTAL MONTH:   0.0 INCH    5 = HAIL
                        GRTST 24HR     0.0         6 = FREEZING RAIN OR DRIZZLE
                        GRTST DEPTH:   0           7 = DUSTSTORM OR SANDSTORM:
                                                       VSBY 1/2 MILE OR LESS
                                                   8 = SMOKE OR HAZE
[NO. OF DAYS WITH]      [WEATHER - DAYS WITH]      9 = BLOWING SNOW
                                                   X = TORNADO
MAX 32 OR BELOW:   0    0.01 INCH OR MORE:   4
MAX 90 OR ABOVE:  14    0.10 INCH OR MORE:   2
MIN 32 OR BELOW:   0    0.50 INCH OR MORE:   1
MIN  0 OR BELOW:   0    1.00 INCH OR MORE:   0

[HDD (BASE 65) ]
TOTAL THIS MO.     0    CLEAR  (SCALE 0-3)   0
DPTR FM NORMAL     0    PTCLDY (SCALE 4-7)   0
TOTAL FM JUL 1     0    CLOUDY (SCALE 8-10)  0
DPTR FM NORMAL     0

[CDD (BASE 65) ]
TOTAL THIS MO.   266
DPTR FM NORMAL    44    [PRESSURE DATA]
TOTAL FM JAN 1  2013    HIGHEST SLP M ON M
DPTR FM NORMAL   333    LOWEST  SLP 29.64 ON M

[REMARKS]
