000
CXUS55 KTWC 260855
CF6OLS
PRELIMINARY LOCAL CLIMATOLOGICAL DATA (WS FORM: F-6)

                                          STATION:   NOGALES AZ AIRPORT
                                          MONTH:     MAY
                                          YEAR:      2020
                                          LATITUDE:   31 25 N
                                          LONGITUDE: 110 51 W

  TEMPERATURE IN F:       :PCPN:    SNOW:  WIND      :SUNSHINE: SKY     :PK WND
================================================================================
1   2   3   4   5  6A  6B    7    8   9   10  11  12  13   14  15   16   17  18
                                     12Z  AVG MX 2MIN
DY MAX MIN AVG DEP HDD CDD  WTR  SNW DPTH SPD SPD DIR MIN PSBL S-S WX    SPD DR
================================================================================

 1  93  54  74   8   0   9 0.00    M    M  7.6 23 210   M    M   0        30 200
 2  92  57  75   9   0  10 0.00    M    M  7.5 22 220   M    M   0        27 220
 3  91  53  72   6   0   7 0.00    M    M  6.7 18 240   M    M   0        26 190
 4  94  49  72   5   0   7 0.00    M    M  3.9 15 240   M    M   0        22 240
 5  96  50  73   6   0   8 0.00    M    M  4.1 17 250   M    M   0        20 250
 6 100  52  76   9   0  11 0.00    M    M  5.0 18 220   M    M   0        26 220
 7  98  54  76   8   0  11 0.00    M    M  5.7 20 240   M    M   0        26 240
 8  89  58  74   6   0   9 0.01    M    M  6.2 32 150   M    M   3        41 140
 9  89  56  73   5   0   8    T    M    M  4.7 21 130   M    M   2 3      26 140
10  92  64  78  10   0  13 0.00    M    M  6.1 17 200   M    M   1        23 190
11  90  56  73   4   0   8 0.00    M    M  7.8 22 200   M    M   0        29 220
12  87  53  70   1   0   5 0.00    M    M  5.8 18 240   M    M   0        25 220
13  86  50  68  -1   0   3 0.00    M    M  6.6 18 220   M    M   0        26 200
14  84  49  67  -3   0   2 0.00    M    M  5.5 16 240   M    M   0        22 250
15  87  50  69  -1   0   4 0.00    M    M  4.3 16 240   M    M   0        23 230
16  91  52  72   2   0   7 0.00    M    M  4.5 16 260   M    M   0        21 260
17  93  53  73   3   0   8 0.00    M    M  7.0 23 200   M    M   0        30 210
18  92  52  72   1   0   7 0.00  0.0    0  8.3 24 220   M    M   M        32 210
19  87  53  70  -1   0   5 0.00  0.0    0 10.4 25 220   M    M   M        31 210
20  84  48  66  -5   0   1 0.00  0.0    0  4.9 20 230   M    M   M        31 220
21  87  45  66  -6   0   1 0.00  0.0    0  5.0 15 280   M    M   M        20 280
22  88  47  68  -4   0   3 0.00  0.0    0  6.5 20 200   M    M   M        25 190
23  87  51  69  -3   0   4 0.00  0.0    0  9.6 23 190   M    M   M        31 220
24  86  48  67  -5   0   2 0.00  0.0    0  5.5 18 230   M    M   M        24 240
25  89  50  70  -3   0   5 0.00    M    M  5.2 15 290   M    M   0        23 260
================================================================================
SM 2252 1304         0 158  0.01  0.0    154.4          M        6
================================================================================
AV 90.1 52.2                               6.2 FASTST   M    M   0    MAX(MPH)
                                 MISC ---->    32 150                 41 140
================================================================================
NOTES:
# LAST OF SEVERAL OCCURRENCES

COLUMN 17 PEAK WIND IN M.P.H.

PRELIMINARY LOCAL CLIMATOLOGICAL DATA (WS FORM: F-6) , PAGE 2

                                          STATION:   NOGALES AZ AIRPORT
                                          MONTH:     MAY
                                          YEAR:      2020
                                          LATITUDE:   31 25 N
                                          LONGITUDE: 110 51 W

[TEMPERATURE DATA]      [PRECIPITATION DATA]       SYMBOLS USED IN COLUMN 16

AVERAGE MONTHLY: 71.1   TOTAL FOR MONTH:   0.01    1 = FOG OR MIST
DPTR FM NORMAL:   1.8   DPTR FM NORMAL:   -0.18    2 = FOG REDUCING VISIBILITY
HIGHEST:   100 ON  6    GRTST 24HR  0.01 ON  8- 8      TO 1/4 MILE OR LESS
LOWEST:     45 ON 21                               3 = THUNDER
                        SNOW, ICE PELLETS, HAIL    4 = ICE PELLETS
                        TOTAL MONTH:   0.0 INCH    5 = HAIL
                        GRTST 24HR  0.0            6 = FREEZING RAIN OR DRIZZLE
                        GRTST DEPTH:  0            7 = DUSTSTORM OR SANDSTORM:
                                                       VSBY 1/2 MILE OR LESS
                                                   8 = SMOKE OR HAZE
[NO. OF DAYS WITH]      [WEATHER - DAYS WITH]      9 = BLOWING SNOW
                                                   X = TORNADO
MAX 32 OR BELOW:   0    0.01 INCH OR MORE:   1
MAX 90 OR ABOVE:  12    0.10 INCH OR MORE:   0
MIN 32 OR BELOW:   0    0.50 INCH OR MORE:   0
MIN  0 OR BELOW:   0    1.00 INCH OR MORE:   0

[HDD (BASE 65) ]
TOTAL THIS MO.     0    CLEAR  (SCALE 0-3)  18
DPTR FM NORMAL   -15    PTCLDY (SCALE 4-7)   0
TOTAL FM JUL 1  1923    CLOUDY (SCALE 8-10)  7
DPTR FM NORMAL  -220

[CDD (BASE 65) ]
TOTAL THIS MO.   158
DPTR FM NORMAL    33    [PRESSURE DATA]
TOTAL FM JAN 1   219    HIGHEST SLP M ON M
DPTR FM NORMAL    60    LOWEST  SLP 29.70 ON 23

[REMARKS]
