000
CXUS55 KTWC 190855
CF6OLS
PRELIMINARY LOCAL CLIMATOLOGICAL DATA (WS FORM: F-6)

                                          STATION:   NOGALES AZ AIRPORT
                                          MONTH:     JUNE
                                          YEAR:      2018
                                          LATITUDE:   31 25 N
                                          LONGITUDE: 110 51 W

  TEMPERATURE IN F:       :PCPN:    SNOW:  WIND      :SUNSHINE: SKY     :PK WND
================================================================================
1   2   3   4   5  6A  6B    7    8   9   10  11  12  13   14  15   16   17  18
                                     12Z  AVG MX 2MIN
DY MAX MIN AVG DEP HDD CDD  WTR  SNW DPTH SPD SPD DIR MIN PSBL S-S WX    SPD DR
================================================================================

 1  98  54  76   1   0  11 0.00  0.0    0  7.1 24 210   M    M   0        30 250
 2 100  57  79   4   0  14 0.00  0.0    0  8.6 24 180   M    M   0        34 220
 3 104  54  79   4   0  14 0.00  0.0    0  5.6 22 190   M    M   0        30 250
 4  99  58  79   3   0  14 0.00  0.0    0  5.8 20 210   M    M   0        25 220
 5  98  65  82   6   0  17 0.00  0.0    0  6.9 22 220   M    M   0        26 220
 6 100  64  82   6   0  17 0.00  0.0    0  8.1 22 240   M    M   0        30 230
 7 100  62  81   5   0  16 0.00  0.0    0  7.1 20 250   M    M   0        27 260
 8 102  65  84   7   0  19    T  0.0    0  6.8 17 180   M    M   0        23 230
 9  99  66  83   6   0  18 0.01  0.0    0  6.8 20 130   M    M   0 3      26 130
10  99  60  80   3   0  15 0.00  0.0    0  7.9 23 210   M    M   0        34 210
11 101  56  79   1   0  14 0.00  0.0    0  4.8 13 280   M    M   0        20 280
12 101  61  81   3   0  16 0.00  0.0    0  4.4 14 290   M    M   0        19 290
13 101  64  83   5   0  18 0.00  0.0    0  2.4 14 290   M    M   0        17 280
14 101  68  85   7   0  20    T  0.0    0  7.5 31 110   M    M   1 3      43 120
15  81  65  73  -6   0   8 0.29  0.0    0  5.0 17 140   M    M   7 1      22 170
16  83  60  72  -7   0   7 0.46  0.0    0  9.0 24 190   M    M   6 13     31 180
17  88  57  73  -6   0   8 0.00  0.0    0  7.8 20 200   M    M   0        28 200
18  94  59  77  -2   0  12 0.00  0.0    0  5.6 18 170   M    M   0        24 220
================================================================================
SM 1749 1095         0 258  0.76     0.0 117.2          M       14
================================================================================
AV 97.2 60.8                               6.5 FASTST   M    M   1    MAX(MPH)
                                 MISC ---->  # 31 110               # 43  120
================================================================================
NOTES:
# LAST OF SEVERAL OCCURRENCES

COLUMN 17 PEAK WIND IN M.P.H.

PRELIMINARY LOCAL CLIMATOLOGICAL DATA (WS FORM: F-6) , PAGE 2

                                          STATION:  NOGALES AZ AIRPORT
                                          MONTH:    JUNE
                                          YEAR:     2018
                                          LATITUDE:   31 25 N
                                          LONGITUDE: 110 51 W

[TEMPERATURE DATA]      [PRECIPITATION DATA]       SYMBOLS USED IN COLUMN 16

AVERAGE MONTHLY: 79.0   TOTAL FOR MONTH:   0.76    1 = FOG OR MIST
DPTR FM NORMAL:   1.9   DPTR FM NORMAL:    0.59    2 = FOG REDUCING VISIBILITY
HIGHEST:   104 ON  3    GRTST 24HR  0.46 ON 16-16      TO 1/4 MILE OR LESS
LOWEST:     54 ON  3, 1                            3 = THUNDER
                        SNOW, ICE PELLETS, HAIL    4 = ICE PELLETS
                        TOTAL MONTH:   0.0 INCH    5 = HAIL
                        GRTST 24HR     0.0         6 = FREEZING RAIN OR DRIZZLE
                        GRTST DEPTH:   0           7 = DUSTSTORM OR SANDSTORM:
                                                       VSBY 1/2 MILE OR LESS
                                                   8 = SMOKE OR HAZE
[NO. OF DAYS WITH]      [WEATHER - DAYS WITH]      9 = BLOWING SNOW
                                                   X = TORNADO
MAX 32 OR BELOW:   0    0.01 INCH OR MORE:   3
MAX 90 OR ABOVE:  15    0.10 INCH OR MORE:   2
MIN 32 OR BELOW:   0    0.50 INCH OR MORE:   0
MIN  0 OR BELOW:   0    1.00 INCH OR MORE:   0

[HDD (BASE 65) ]
TOTAL THIS MO.     0    CLEAR  (SCALE 0-3)  16
DPTR FM NORMAL     0    PTCLDY (SCALE 4-7)   2
TOTAL FM JUL 1  1308    CLOUDY (SCALE 8-10)  0
DPTR FM NORMAL  -838

[CDD (BASE 65) ]
TOTAL THIS MO.   258
DPTR FM NORMAL    39    [PRESSURE DATA]
TOTAL FM JAN 1   583    HIGHEST SLP M ON M
DPTR FM NORMAL   152    LOWEST  SLP 29.59 ON 14

[REMARKS]
