000
CXUS53 KOAX 181200
CF6OMA
PRELIMINARY LOCAL CLIMATOLOGICAL DATA (WS FORM: F-6)

                                          STATION:   OMAHA NE
                                          MONTH:     FEBRUARY
                                          YEAR:      2018
                                          LATITUDE:   41 17 N
                                          LONGITUDE:  95 54 W

  TEMPERATURE IN F:       :PCPN:    SNOW:  WIND      :SUNSHINE: SKY     :PK WND
================================================================================
1   2   3   4   5  6A  6B    7    8   9   10  11  12  13   14  15   16   17  18
                                     12Z  AVG MX 2MIN
DY MAX MIN AVG DEP HDD CDD  WTR  SNW DPTH SPD SPD DIR MIN PSBL S-S WX    SPD DR
================================================================================

 1  33   8  21  -4  44   0    T    T    0 15.1 29 340   M    M   3        38 340
 2  34   7  21  -4  44   0    T    T    0 11.9 23 180   M    M   7        31 170
 3  50  23  37  12  28   0 0.00  0.0    0 15.8 30 340   M    M   9        39 350
 4  23   4  14 -11  51   0    T    T    0 17.3 33 350   M    M   5        46 340
 5  18   4  11 -14  54   0 0.22  2.5    3 10.5 26 160   M    M   7 128    32 160
 6  11  -4   4 -22  61   0 0.05  0.6    3  4.7 15 350   M    M   7 18     19 350
 7  19   3  11 -15  54   0 0.00  0.0    3  7.7 15 350   M    M   6        20 330
 8  27  11  19  -7  46   0 0.00  0.0    3  7.3 16  10   M    M   9 18     23  10
 9  21   7  14 -12  51   0 0.08  2.4    5 15.9 24  10   M    M  10 1248   32  30
10  10   5   8 -18  57   0 0.04  0.5    5 10.1 18 350   M    M  10 1      23 350
11  23   0  12 -15  53   0 0.01    T    5  5.1 12 310   M    M   3 18     15 250
12  19  -3   8 -19  57   0 0.00  0.0    4  9.0 18 100   M    M   5        27 100
13  41  19  30   3  35   0 0.00  0.0    4 11.9 22 160   M    M   5 1      28 170
14  46  25  36   8  29   0 0.00  0.0    2  8.8 17 180   M    M   5 18     22 200
15  45  24  35   7  30   0 0.00  0.0    0 13.6 33 340   M    M  10 1      48 340
16  31  11  21  -7  44   0 0.00  0.0    0 12.6 30 340   M    M   4        40 340
17  48  26  37   8  28   0    T    T    0 10.7 21 310   M    M   5        27 310
================================================================================
SM  499  170       766   0  0.40     6.0 188.0          M      110
================================================================================
AV 29.4 10.0                              11.1 FASTST   M    M   6    MAX(MPH)
                                 MISC ---->  # 33 350               # 48  340
================================================================================
NOTES:
# LAST OF SEVERAL OCCURRENCES

COLUMN 17 PEAK WIND IN M.P.H.

PRELIMINARY LOCAL CLIMATOLOGICAL DATA (WS FORM: F-6) , PAGE 2

                                          STATION:  OMAHA NE
                                          MONTH:    FEBRUARY
                                          YEAR:     2018
                                          LATITUDE:   41 17 N
                                          LONGITUDE:  95 54 W

[TEMPERATURE DATA]      [PRECIPITATION DATA]       SYMBOLS USED IN COLUMN 16

AVERAGE MONTHLY: 19.7   TOTAL FOR MONTH:   0.40    1 = FOG OR MIST
DPTR FM NORMAL:  -6.7   DPTR FM NORMAL:   -0.07    2 = FOG REDUCING VISIBILITY
HIGHEST:    50 ON  3    GRTST 24HR  0.22 ON  5- 5      TO 1/4 MILE OR LESS
LOWEST:     -4 ON  6                               3 = THUNDER
                        SNOW, ICE PELLETS, HAIL    4 = ICE PELLETS
                        TOTAL MONTH:   6.0 INCHES  5 = HAIL
                        GRTST 24HR   2.5 ON  5- 5  6 = FREEZING RAIN OR DRIZZLE
                        GRTST DEPTH:   5 ON 11,10  7 = DUSTSTORM OR SANDSTORM:
                                                       VSBY 1/2 MILE OR LESS
                                                   8 = SMOKE OR HAZE
[NO. OF DAYS WITH]      [WEATHER - DAYS WITH]      9 = BLOWING SNOW
                                                   X = TORNADO
MAX 32 OR BELOW:  10    0.01 INCH OR MORE:   5
MAX 90 OR ABOVE:   0    0.10 INCH OR MORE:   1
MIN 32 OR BELOW:  17    0.50 INCH OR MORE:   0
MIN  0 OR BELOW:   3    1.00 INCH OR MORE:   0

[HDD (BASE 65) ]
TOTAL THIS MO.   766    CLEAR  (SCALE 0-3)   2
DPTR FM NORMAL   110    PTCLDY (SCALE 4-7)  10
TOTAL FM JUL 1  4272    CLOUDY (SCALE 8-10)  5
DPTR FM NORMAL  -149

[CDD (BASE 65) ]
TOTAL THIS MO.     0
DPTR FM NORMAL     0    [PRESSURE DATA]
TOTAL FM JAN 1     0    HIGHEST SLP M ON M
DPTR FM NORMAL     0    LOWEST  SLP 29.66 ON  3

[REMARKS]
