000
CXUS53 KOAX 231000
CF6OMA
PRELIMINARY LOCAL CLIMATOLOGICAL DATA (WS FORM: F-6)

                                          STATION:   OMAHA NE
                                          MONTH:     SEPTEMBER
                                          YEAR:      2018
                                          LATITUDE:   41 17 N
                                          LONGITUDE:  95 54 W

  TEMPERATURE IN F:       :PCPN:    SNOW:  WIND      :SUNSHINE: SKY     :PK WND
================================================================================
1   2   3   4   5  6A  6B    7    8   9   10  11  12  13   14  15   16   17  18
                                     12Z  AVG MX 2MIN
DY MAX MIN AVG DEP HDD CDD  WTR  SNW DPTH SPD SPD DIR MIN PSBL S-S WX    SPD DR
================================================================================

 1  89  70  80   9   0  15 0.24  0.0    0  8.7 36 160   M    M   8 3      50 150
 2  82  69  76   5   0  11 0.35  0.0    0  7.2 17 120   M    M   9 13     22 170
 3  81  71  76   5   0  11 0.25  0.0    0  6.1 13 150   M    M   8 13     16 140
 4  80  72  76   6   0  11 0.67  0.0    0  9.1 20 180   M    M   9 13     30 170
 5  79  64  72   2   0   7 0.06  0.0    0 10.7 20  30   M    M   7 1      27  20
 6  79  60  70   0   0   5 0.00  0.0    0  8.2 17  50   M    M   6        23  50
 7  71  62  67  -2   0   2 0.05  0.0    0  7.6 17  60   M    M  10 18     24  60
 8  78  58  68  -1   0   3 0.00  0.0    0  6.2 13  80   M    M   5        19  70
 9  77  52  65  -4   0   0 0.00  0.0    0  5.4 13 160   M    M   3        17 190
10  81  59  70   2   0   5 0.00  0.0    0  8.6 17 160   M    M   1        22 160
11  84  62  73   5   0   8 0.00  0.0    0 14.2 26 170   M    M   1        35 170
12  84  63  74   7   0   9 0.00  0.0    0 13.3 25 160   M    M   2        35 150
13  83  66  75   8   0  10    T  0.0    0 15.5 28 170   M    M   5        35 160
14  92  71  82  15   0  17 0.00  0.0    0 12.4 21 170   M    M   1        29 160
15  92  71  82  16   0  17 0.00  0.0    0  8.2 17 160   M    M   2        23 160
16  90  68  79  13   0  14 0.00  0.0    0  9.2 20 170   M    M   2        28 160
17  93  70  82  17   0  17 0.00  0.0    0  9.1 15 190   M    M   1        18 160
18  88  67  78  13   0  13 0.09  0.0    0  9.6 38  80   M    M   6 3      52  80
19  91  67  79  15   0  14 0.00  0.0    0 10.6 18 110   M    M   6 18     23 110
20  95  64  80  16   0  15 0.91  0.0    0 15.1 35 280   M    M   5 138    48 280
21  65  50  58  -6   7   0 0.00  0.0    0 11.5 25 350   M    M   7        34 330
22  71  47  59  -4   6   0 0.00  0.0    0  7.2 15 150   M    M   0        20 160
================================================================================
SM 1825 1403        13 204  2.62     0.0 213.7          M      104
================================================================================
AV 83.0 63.8                               9.7 FASTST   M    M   5    MAX(MPH)
                                 MISC ---->  # 38  80               # 52   80
================================================================================
NOTES:
# LAST OF SEVERAL OCCURRENCES

COLUMN 17 PEAK WIND IN M.P.H.

PRELIMINARY LOCAL CLIMATOLOGICAL DATA (WS FORM: F-6) , PAGE 2

                                          STATION:  OMAHA NE
                                          MONTH:    SEPTEMBER
                                          YEAR:     2018
                                          LATITUDE:   41 17 N
                                          LONGITUDE:  95 54 W

[TEMPERATURE DATA]      [PRECIPITATION DATA]       SYMBOLS USED IN COLUMN 16

AVERAGE MONTHLY: 73.4   TOTAL FOR MONTH:   2.62    1 = FOG OR MIST
DPTR FM NORMAL:   5.9   DPTR FM NORMAL:    0.59    2 = FOG REDUCING VISIBILITY
HIGHEST:    95 ON 20    GRTST 24HR  0.91 ON 20-20      TO 1/4 MILE OR LESS
LOWEST:     47 ON 22                               3 = THUNDER
                        SNOW, ICE PELLETS, HAIL    4 = ICE PELLETS
                        TOTAL MONTH:   0.0 INCH    5 = HAIL
                        GRTST 24HR     0.0         6 = FREEZING RAIN OR DRIZZLE
                        GRTST DEPTH:   0           7 = DUSTSTORM OR SANDSTORM:
                                                       VSBY 1/2 MILE OR LESS
                                                   8 = SMOKE OR HAZE
[NO. OF DAYS WITH]      [WEATHER - DAYS WITH]      9 = BLOWING SNOW
                                                   X = TORNADO
MAX 32 OR BELOW:   0    0.01 INCH OR MORE:   8
MAX 90 OR ABOVE:   6    0.10 INCH OR MORE:   5
MIN 32 OR BELOW:   0    0.50 INCH OR MORE:   2
MIN  0 OR BELOW:   0    1.00 INCH OR MORE:   0

[HDD (BASE 65) ]
TOTAL THIS MO.    13    CLEAR  (SCALE 0-3)   8
DPTR FM NORMAL   -35    PTCLDY (SCALE 4-7)  11
TOTAL FM JUL 1    13    CLOUDY (SCALE 8-10)  3
DPTR FM NORMAL   -43

[CDD (BASE 65) ]
TOTAL THIS MO.   204
DPTR FM NORMAL   102    [PRESSURE DATA]
TOTAL FM JAN 1  1554    HIGHEST SLP M ON M
DPTR FM NORMAL   472    LOWEST  SLP 29.54 ON 20

[REMARKS]
