000
CXUS56 KOTX 290900
CF6OMK
PRELIMINARY LOCAL CLIMATOLOGICAL DATA (WS FORM: F-6)

                                          STATION:   OMAK WA AIRPORT
                                          MONTH:     MAY
                                          YEAR:      2020
                                          LATITUDE:   48 27 N
                                          LONGITUDE: 119 31 W

  TEMPERATURE IN F:       :PCPN:    SNOW:  WIND      :SUNSHINE: SKY     :PK WND
================================================================================
1   2   3   4   5  6A  6B    7    8   9   10  11  12  13   14  15   16   17  18
                                     12Z  AVG MX 2MIN
DY MAX MIN AVG DEP HDD CDD  WTR  SNW DPTH SPD SPD DIR MIN PSBL S-S WX    SPD DR
================================================================================

 1  69  40  55   1  10   0 0.00    M    M  8.2 22 160   M    M   2        27 160
 2  73  39  56   2   9   0 0.12    M    M  5.4 18 190   M    M   6 3      24 180
 3  62  36  49  -5  16   0 0.00    M    M  7.2 21 360   M    M   3        23 360
 4  67  32  50  -4  15   0 0.00    M    M  5.5 16 150   M    M   0        24 210
 5  75  45  60   5   5   0 0.00    M    M  5.2 13 320   M    M   4        17 290
 6  65  39  52  -3  13   0 0.34    M    M  7.2 16 300   M    M   5 1      21 300
 7  71  34  53  -2  12   0 0.00    M    M  6.8 17  10   M    M   1        29  20
 8  75  41  58   2   7   0 0.00    M    M  7.2 18  10   M    M   0        27 350
 9  80  43  62   6   3   0 0.00    M    M  6.1 16  20   0    0   0        33 340
10  82  46  64   8   1   0 0.00    M    M  5.4 13 180   M    M   1        16 190
11  76  52  64   7   1   0 0.00    M    M  9.2 17 350   M    M   2        23 360
12  67  51  59   2   6   0 0.35    M    M  6.0 20  10   M    M   9 1      26 350
13  70  48  59   2   6   0 0.02    M    M  5.2 25 170   M    M   8        32 170
14  61  42  52  -6  13   0 0.05    M    M  6.7 17 210   M    M   4        22 210
15  71  47  59   1   6   0 0.00    M    M  4.3 14 190   M    M   6        17 190
16  66  45  56  -2   9   0    T    M    M  5.0 12 360   M    M   7        14 310
17  68  52  60   1   5   0 0.14    M    M  7.8 18  10   M    M   9        22  10
18  74  47  61   2   4   0 0.15    M    M  7.9 18 340   M    M   4        27  20
19  73  47  60   1   5   0    T    M    M  6.8 17 130   M    M   4        23 140
20  78  50  64   4   1   0 0.00    M    M 10.5 25 300   M    M   1        30 290
21  69  42  56  -4   9   0    T    M    M  6.5 25 310   M    M   6        32 310
22  67  47  57  -3   8   0    T    M    M  6.2 23 350   M    M   7        27  10
23  75  43  59  -1   6   0 0.00    M    M  5.2 13 170   M    M   4        20 190
24  79  46  63   2   2   0 0.00    M    M  7.7 16 140   M    M   3        22 150
25  68  51  60  -1   5   0 0.01    M    M  6.0 17  10   M    M   7        20  10
26  81  46  64   3   1   0 0.00    M    M  7.2 18 360   M    M   1        24 350
27  80  49  65   4   0   0 0.00    M    M  8.1 16  20   M    M   0        22  10
28  84  51  68   6   0   3 0.00    M    M  5.7 13 360   M    M   0        16  10
================================================================================
SM 2026 1251       178   3  1.18    M    186.2            0    104
================================================================================
AV 72.4 44.7                               6.7 FASTST    0   0   4    MAX(MPH)
                                 MISC ---->  # 25 170               # 33  340
================================================================================
NOTES:
# LAST OF SEVERAL OCCURRENCES

COLUMN 17 PEAK WIND IN M.P.H.

PRELIMINARY LOCAL CLIMATOLOGICAL DATA (WS FORM: F-6) , PAGE 2

                                          STATION:  OMAK WA AIRPORT
                                          MONTH:    MAY
                                          YEAR:     2020
                                          LATITUDE:   48 27 N
                                          LONGITUDE: 119 31 W

[TEMPERATURE DATA]      [PRECIPITATION DATA]       SYMBOLS USED IN COLUMN 16

AVERAGE MONTHLY: 58.5   TOTAL FOR MONTH:   1.18    1 = FOG OR MIST
DPTR FM NORMAL:   0.8   DPTR FM NORMAL:    0.09    2 = FOG REDUCING VISIBILITY
HIGHEST:    84 ON 28    GRTST 24HR  0.35 ON 12-12      TO 1/4 MILE OR LESS
LOWEST:     32 ON  4                               3 = THUNDER
                        SNOW, ICE PELLETS, HAIL    4 = ICE PELLETS
                        TOTAL MONTH:    M          5 = HAIL
                        GRTST 24HR    M  ON   M    6 = FREEZING RAIN OR DRIZZLE
                        GRTST DEPTH:  M  ON   M    7 = DUSTSTORM OR SANDSTORM:
                                                       VSBY 1/2 MILE OR LESS
                                                   8 = SMOKE OR HAZE
[NO. OF DAYS WITH]      [WEATHER - DAYS WITH]      9 = BLOWING SNOW
                                                   X = TORNADO
MAX 32 OR BELOW:   0    0.01 INCH OR MORE:   8
MAX 90 OR ABOVE:   0    0.10 INCH OR MORE:   5
MIN 32 OR BELOW:   1    0.50 INCH OR MORE:   0
MIN  0 OR BELOW:   0    1.00 INCH OR MORE:   0

[HDD (BASE 65) ]
TOTAL THIS MO.   178    CLEAR  (SCALE 0-3)  12
DPTR FM NORMAL   -43    PTCLDY (SCALE 4-7)  14
TOTAL FM JUL 1  5892    CLOUDY (SCALE 8-10)  2
DPTR FM NORMAL  -368

[CDD (BASE 65) ]
TOTAL THIS MO.     3
DPTR FM NORMAL   -15    [PRESSURE DATA]
TOTAL FM JAN 1     3    HIGHEST SLP  0.00 ON  9
DPTR FM NORMAL   -16    LOWEST  SLP 29.54 ON 17

[REMARKS]
