000
CXUS56 KOTX 170900
CF6OMK
PRELIMINARY LOCAL CLIMATOLOGICAL DATA (WS FORM: F-6)

                                          STATION:   OMAK WA AIRPORT
                                          MONTH:     JULY
                                          YEAR:      2018
                                          LATITUDE:   48 27 N
                                          LONGITUDE: 119 31 W

  TEMPERATURE IN F:       :PCPN:    SNOW:  WIND      :SUNSHINE: SKY     :PK WND
================================================================================
1   2   3   4   5  6A  6B    7    8   9   10  11  12  13   14  15   16   17  18
                                     12Z  AVG MX 2MIN
DY MAX MIN AVG DEP HDD CDD  WTR  SNW DPTH SPD SPD DIR MIN PSBL S-S WX    SPD DR
================================================================================

 1  83  47  65  -4   0   0 0.00    M    M  8.5 22 290   M    M   1        29 290
 2  72  47  60  -9   5   0    T    M    M 10.0 23 360   M    M   3        29  30
 3  76  52  64  -6   1   0    T    M    M  6.4 16  10   M    M   6        21 360
 4  85  48  67  -3   0   2 0.00    M    M  6.6 14 300   M    M   1        23 320
 5  95  60  78   8   0  13 0.00    M    M  8.5 20  10   M    M   0        24 360
 6  91  60  76   6   0  11 0.00    M    M  9.7 32 170   M    M   1        41 170
 7  84  53  69  -2   0   4 0.00    M    M  6.1 16  10   M    M   0        20 360
 8  88  57  73   2   0   8 0.00    M    M  7.5 16 360   M    M   0        21  10
 9  96  58  77   6   0  12 0.00    M    M  8.2 18  10   M    M   0        24 200
10  82  59  71  -1   0   6    T    M    M 12.3 24 350   M    M   5 3      32  10
11  90  54  72   0   0   7 0.00    M    M 10.6 17  10   M    M   1        22  30
12  96  62  79   7   0  14 0.00    M    M  8.9 15 210   M    M   0        18 200
13 101  56  79   7   0  14 0.00    M    M  9.2 23 300   M    M   0        29 290
14  91  66  79   6   0  14 0.00    M    M 15.3 28  10   M    M   0        36  40
15  96  59  78   5   0  13 0.00    M    M  8.9 18 360   M    M   0        23 340
16 101  58  80   7   0  15 0.00    M    M  7.1 13 300   M    M   0        17 220
================================================================================
SM 1427  896         6 133    T     M    143.8          M       18
================================================================================
AV 89.2 56.0                               9.0 FASTST   M    M   1    MAX(MPH)
                                 MISC ---->  # 32 170               # 41  170
================================================================================
NOTES:
# LAST OF SEVERAL OCCURRENCES

COLUMN 17 PEAK WIND IN M.P.H.

PRELIMINARY LOCAL CLIMATOLOGICAL DATA (WS FORM: F-6) , PAGE 2

                                          STATION:  OMAK WA AIRPORT
                                          MONTH:    JULY
                                          YEAR:     2018
                                          LATITUDE:   48 27 N
                                          LONGITUDE: 119 31 W

[TEMPERATURE DATA]      [PRECIPITATION DATA]       SYMBOLS USED IN COLUMN 16

AVERAGE MONTHLY: 72.6   TOTAL FOR MONTH:      T    1 = FOG OR MIST
DPTR FM NORMAL:   1.5   DPTR FM NORMAL:   -0.47    2 = FOG REDUCING VISIBILITY
HIGHEST:   101 ON 16,13 GRTST 24HR    T  ON 10-10      TO 1/4 MILE OR LESS
LOWEST:     47 ON  2, 1                            3 = THUNDER
                        SNOW, ICE PELLETS, HAIL    4 = ICE PELLETS
                        TOTAL MONTH:    M          5 = HAIL
                        GRTST 24HR    M  ON   M    6 = FREEZING RAIN OR DRIZZLE
                        GRTST DEPTH:  M  ON   M    7 = DUSTSTORM OR SANDSTORM:
                                                       VSBY 1/2 MILE OR LESS
                                                   8 = SMOKE OR HAZE
[NO. OF DAYS WITH]      [WEATHER - DAYS WITH]      9 = BLOWING SNOW
                                                   X = TORNADO
MAX 32 OR BELOW:   0    0.01 INCH OR MORE:   0
MAX 90 OR ABOVE:   9    0.10 INCH OR MORE:   0
MIN 32 OR BELOW:   0    0.50 INCH OR MORE:   0
MIN  0 OR BELOW:   0    1.00 INCH OR MORE:   0

[HDD (BASE 65) ]
TOTAL THIS MO.     6    CLEAR  (SCALE 0-3)  14
DPTR FM NORMAL    -5    PTCLDY (SCALE 4-7)   2
TOTAL FM JUL 1     6    CLOUDY (SCALE 8-10)  0
DPTR FM NORMAL    -5

[CDD (BASE 65) ]
TOTAL THIS MO.   133
DPTR FM NORMAL    25    [PRESSURE DATA]
TOTAL FM JAN 1   239    HIGHEST SLP M ON M
DPTR FM NORMAL    24    LOWEST  SLP 29.83 ON M

[REMARKS]
