000
CXUS56 KOTX 230900
CF6OMK
PRELIMINARY LOCAL CLIMATOLOGICAL DATA (WS FORM: F-6)

                                          STATION:   OMAK WA AIRPORT
                                          MONTH:     JANUARY
                                          YEAR:      2019
                                          LATITUDE:   48 27 N
                                          LONGITUDE: 119 31 W

  TEMPERATURE IN F:       :PCPN:    SNOW:  WIND      :SUNSHINE: SKY     :PK WND
================================================================================
1   2   3   4   5  6A  6B    7    8   9   10  11  12  13   14  15   16   17  18
                                     12Z  AVG MX 2MIN
DY MAX MIN AVG DEP HDD CDD  WTR  SNW DPTH SPD SPD DIR MIN PSBL S-S WX    SPD DR
================================================================================

 1  34  18  26   2  39   0 0.00    M    M  3.3 12 190   M    M   7        14 200
 2  35  24  30   6  35   0 0.00    M    M  8.0 17 220   M    M   9        22 210
 3  36  31  34   9  31   0 0.00    M    M  6.9 16 220   M    M  10        20 230
 4  45  28  37  12  28   0 0.00    M    M  7.0 18 200   M    M   2        21 210
 5  42  28  35  10  30   0    T    M    M  2.6  9 280   M    M   6 1      11 280
 6  45  27  36  11  29   0    T    M    M  9.0 22 150   M    M   3 1      26 150
 7  43  22  33   8  32   0 0.00    M    M  5.8 16 200   M    M   1        21 200
 8  33  24  29   4  36   0 0.07    M    M  7.3 15 350   M    M   6 1      24 270
 9  34  29  32   6  33   0 0.26    M    M  1.4 17 320   M    M  10 16     20 330
10  37  33  35   9  30   0 0.00    M    M  3.1 10 180   M    M  10 12     14 180
11  40  26  33   7  32   0 0.00    M    M  0.9  5 280   M    M   7 12      7 120
12  32  27  30   4  35   0 0.00    M    M  0.9  6 130   M    M  10 12      7 120
13  31  27  29   3  36   0 0.00    M    M  0.5  6 340   M    M  10 12      7 330
14  28  24  26   0  39   0 0.00    M    M  2.5  9 300   M    M  10 1      12 340
15  27  24  26  -1  39   0 0.00    M    M  3.8 10  10   M    M  10        12  10
16  33  26  30   3  35   0 0.00    M    M  3.7 16 360   M    M  10        21 340
17  35  31  33   6  32   0 0.10    M    M  7.0 17 360   M    M  10 1      21 360
18  39  35  37  10  28   0 0.10    M    M  5.2 14 190   M    M  10 1      18 190
19  41  34  38  11  27   0 0.06    M    M  6.2 13 170   M    M  10 1      14 180
20  38  29  34   6  31   0 0.00    M    M  8.2 18 360   M    M   5        29 340
21  43  25  34   6  31   0 0.00    M    M  5.8 16  70   M    M   0        24 150
22  36  27  32   4  33   0 0.35    M    M  4.9 14 220   M    M   6 1      17 210
================================================================================
SM  807  599       721   0  0.94    M    104.0          M      162
================================================================================
AV 36.7 27.2                               4.7 FASTST   M    M   7    MAX(MPH)
                                 MISC ---->  # 22 150               # 29  340
================================================================================
NOTES:
# LAST OF SEVERAL OCCURRENCES

COLUMN 17 PEAK WIND IN M.P.H.

PRELIMINARY LOCAL CLIMATOLOGICAL DATA (WS FORM: F-6) , PAGE 2

                                          STATION:  OMAK WA AIRPORT
                                          MONTH:    JANUARY
                                          YEAR:     2019
                                          LATITUDE:   48 27 N
                                          LONGITUDE: 119 31 W

[TEMPERATURE DATA]      [PRECIPITATION DATA]       SYMBOLS USED IN COLUMN 16

AVERAGE MONTHLY: 32.0   TOTAL FOR MONTH:   0.94    1 = FOG OR MIST
DPTR FM NORMAL:   5.9   DPTR FM NORMAL:   -0.53    2 = FOG REDUCING VISIBILITY
HIGHEST:    45 ON  6, 4 GRTST 24HR  0.35 ON 22-22      TO 1/4 MILE OR LESS
LOWEST:     18 ON  1                               3 = THUNDER
                        SNOW, ICE PELLETS, HAIL    4 = ICE PELLETS
                        TOTAL MONTH:    M          5 = HAIL
                        GRTST 24HR    M  ON   M    6 = FREEZING RAIN OR DRIZZLE
                        GRTST DEPTH:  M  ON   M    7 = DUSTSTORM OR SANDSTORM:
                                                       VSBY 1/2 MILE OR LESS
                                                   8 = SMOKE OR HAZE
[NO. OF DAYS WITH]      [WEATHER - DAYS WITH]      9 = BLOWING SNOW
                                                   X = TORNADO
MAX 32 OR BELOW:   4    0.01 INCH OR MORE:   6
MAX 90 OR ABOVE:   0    0.10 INCH OR MORE:   4
MIN 32 OR BELOW:  19    0.50 INCH OR MORE:   0
MIN  0 OR BELOW:   0    1.00 INCH OR MORE:   0

[HDD (BASE 65) ]
TOTAL THIS MO.   721    CLEAR  (SCALE 0-3)   3
DPTR FM NORMAL  -135    PTCLDY (SCALE 4-7)   7
TOTAL FM JUL 1  3184    CLOUDY (SCALE 8-10) 12
DPTR FM NORMAL  -421

[CDD (BASE 65) ]
TOTAL THIS MO.     0
DPTR FM NORMAL     0    [PRESSURE DATA]
TOTAL FM JAN 1     0    HIGHEST SLP M ON M
DPTR FM NORMAL     0    LOWEST  SLP 29.43 ON  5

[REMARKS]
