000
CXUS56 KOTX 230900
CF6OMK
PRELIMINARY LOCAL CLIMATOLOGICAL DATA (WS FORM: F-6)

                                          STATION:   OMAK WA AIRPORT
                                          MONTH:     OCTOBER
                                          YEAR:      2019
                                          LATITUDE:   48 27 N
                                          LONGITUDE: 119 31 W

  TEMPERATURE IN F:       :PCPN:    SNOW:  WIND      :SUNSHINE: SKY     :PK WND
================================================================================
1   2   3   4   5  6A  6B    7    8   9   10  11  12  13   14  15   16   17  18
                                     12Z  AVG MX 2MIN
DY MAX MIN AVG DEP HDD CDD  WTR  SNW DPTH SPD SPD DIR MIN PSBL S-S WX    SPD DR
================================================================================

 1  60  40  50  -6  15   0 0.00    M    M  3.1 10 180   M    M   7        15 230
 2  60  33  47  -9  18   0 0.00    M    M  5.5 18 150   M    M   1        21 150
 3  62  41  52  -3  13   0 0.00    M    M  6.0 16 150   M    M   4        19 150
 4  60  42  51  -4  14   0 0.00    M    M  3.9 10 360   M    M   9        12 360
 5  66  38  52  -2  13   0 0.00    M    M  3.7 13 310   M    M   1 8      16 310
 6  61  31  46  -8  19   0 0.00    M    M  5.2 12 210   M    M   0        18 220
 7  66  48  57   4   8   0 0.01    M    M 10.3 20 250   M    M   5        26 240
 8  61  38  50  -3  15   0 0.06    M    M 13.0 25 360   M    M   3        32 360
 9  50  31  41 -11  24   0 0.00    M    M 13.8 23  20   M    M   0        29  20
10  51  25  38 -14  27   0 0.00    M    M  5.6 12 360   M    M   0        13  10
11  55  22  39 -12  26   0 0.00    M    M  4.6 10 200   M    M   0        16 180
12  53  26  40 -11  25   0 0.00    M    M  3.7  9 320   M    M   2        10 310
13  57  35  46  -4  19   0    T    M    M  3.1  9 300   M    M   7        10 310
14  61  30  46  -4  19   0 0.00    M    M  5.5 12 360   0    0   0         M  M
15  56  33  45  -4  20   0 0.00    M    M  3.5 12 200   M    M   1        14 200
16  52  36  44  -5  21   0 0.12    M    M  2.8 12 180   M    M   6 1      15 170
17  60  38  49   1  16   0 0.03    M    M 10.9 23 170   M    M   4 18     30 150
18  56  39  48   0  17   0 0.00    M    M  9.4 22 190   M    M   4        27 190
19  55  35  45  -2  20   0 0.00    M    M  6.2 15  10   M    M   5        18  10
20  48  31  40  -7  25   0 0.08    M    M  5.6 20 160   M    M   6        24 160
21  49  39  44  -2  21   0 0.07    M    M  4.0 14 180   M    M  10        17 180
22  69  40  55   9  10   0 0.00    M    M  7.8 23 300   M    M   5        28 310
================================================================================
SM 1268  771       405   0  0.37    M    137.2            0     80
================================================================================
AV 57.6 35.1                               6.2 FASTST    0   0   4    MAX(MPH)
                                 MISC ---->  # 25 360               # 32  360
================================================================================
NOTES:
# LAST OF SEVERAL OCCURRENCES

COLUMN 17 PEAK WIND IN M.P.H.

PRELIMINARY LOCAL CLIMATOLOGICAL DATA (WS FORM: F-6) , PAGE 2

                                          STATION:  OMAK WA AIRPORT
                                          MONTH:    OCTOBER
                                          YEAR:     2019
                                          LATITUDE:   48 27 N
                                          LONGITUDE: 119 31 W

[TEMPERATURE DATA]      [PRECIPITATION DATA]       SYMBOLS USED IN COLUMN 16

AVERAGE MONTHLY: 46.3   TOTAL FOR MONTH:   0.37    1 = FOG OR MIST
DPTR FM NORMAL:  -4.7   DPTR FM NORMAL:   -0.30    2 = FOG REDUCING VISIBILITY
HIGHEST:    69 ON 22    GRTST 24HR  0.12 ON 16-16      TO 1/4 MILE OR LESS
LOWEST:     22 ON 11                               3 = THUNDER
                        SNOW, ICE PELLETS, HAIL    4 = ICE PELLETS
                        TOTAL MONTH:    M          5 = HAIL
                        GRTST 24HR    M  ON   M    6 = FREEZING RAIN OR DRIZZLE
                        GRTST DEPTH:  M  ON   M    7 = DUSTSTORM OR SANDSTORM:
                                                       VSBY 1/2 MILE OR LESS
                                                   8 = SMOKE OR HAZE
[NO. OF DAYS WITH]      [WEATHER - DAYS WITH]      9 = BLOWING SNOW
                                                   X = TORNADO
MAX 32 OR BELOW:   0    0.01 INCH OR MORE:   6
MAX 90 OR ABOVE:   0    0.10 INCH OR MORE:   1
MIN 32 OR BELOW:   7    0.50 INCH OR MORE:   0
MIN  0 OR BELOW:   0    1.00 INCH OR MORE:   0

[HDD (BASE 65) ]
TOTAL THIS MO.   405    CLEAR  (SCALE 0-3)  10
DPTR FM NORMAL    96    PTCLDY (SCALE 4-7)  10
TOTAL FM JUL 1   556    CLOUDY (SCALE 8-10)  2
DPTR FM NORMAL    86

[CDD (BASE 65) ]
TOTAL THIS MO.     0
DPTR FM NORMAL     0    [PRESSURE DATA]
TOTAL FM JAN 1   763    HIGHEST SLP  0.00 ON 14
DPTR FM NORMAL    99    LOWEST  SLP  0.00 ON 14

[REMARKS]
