000
CXUS53 KARX 180930
CF6ONA
PRELIMINARY LOCAL CLIMATOLOGICAL DATA (WS FORM: F-6)

                                          STATION:   WINONA_MUNI_(AWOS) MN
                                          MONTH:     DECEMBER
                                          YEAR:      2018
                                          LATITUDE:   44  4 N
                                          LONGITUDE:  91 42 W

  TEMPERATURE IN F:       :PCPN:    SNOW:  WIND      :SUNSHINE: SKY     :PK WND
================================================================================
1   2   3   4   5  6A  6B    7    8   9   10  11  12  13   14  15   16   17  18
                                     12Z  AVG MX 2MIN
DY MAX MIN AVG DEP HDD CDD  WTR  SNW DPTH SPD SPD DIR MIN PSBL S-S WX    SPD DR
================================================================================

 1  34  32  33   M  32   0    M    M    M  8.6 13  90   M    M  10 1      23  90
 2  34  32  33   M  32   0 0.16    M    0  8.2 13  20   M    M  10        22  20
 3  32  30  31   M  34   0 0.00  0.0    M  6.1  9 340   M    M  10         M  M
 4  30  23  27   M  38   0    T    M    M  4.4  8 290   M    M  10         M  M
 5  30  23  27   M  38   0    T    T    M  4.2 10 250   M    M   9         M  M
 6  28  10  19   M  46   0    T    T    M  7.6 17 330   M    M   8        23 330
 7  23   5  14   M  51   0    T    T    M  2.0  8 240   M    M   7         M  M
 8  27  14  21   M  44   0 0.00  0.0    M  2.2  7 240   M    M  10         M  M
 9  30  14  22   M  43   0 0.00  0.0    M  0.3  4 230   M    M   1 1       M  M
10  25  14  20   M  45   0 0.00  0.0    M  2.2  7 250   M    M   7 1       M  M
11  30  12  21   M  44   0 0.00  0.0    M  4.6 12 130   M    M   0 1       M  M
12  32  27  30   M  35   0 0.05    M    M  4.6 13 120   M    M   9 18      M  M
13  32  28  30   M  35   0 0.00  0.0    M  3.7  8 320   M    M  10 18      M  M
14  37  19  28   M  37   0 0.00  0.0    M  1.2  7 350   M    M   4 1       M  M
15  37  18  28   M  37   0 0.00  0.0    M  0.6  4 160   M    M   0         M  M
16  43  28  36   M  29   0 0.00  0.0    M  5.1 12 310   M    M   0         M  M
17  36  23  30   M  35   0 0.00  0.0    M  3.2  8 320   M    M   0         M  M
================================================================================
SM  540  352       655   0  0.21    T     68.8          M      105
================================================================================
AV 31.8 20.7                               4.0 FASTST   M    M   6    MAX(MPH)
                                 MISC ---->  # 17 330               # 23   90
================================================================================
NOTES:
# LAST OF SEVERAL OCCURRENCES

COLUMN 17 PEAK WIND IN M.P.H.

PRELIMINARY LOCAL CLIMATOLOGICAL DATA (WS FORM: F-6) , PAGE 2

                                          STATION:  WINONA_MUNI_(AWOS) MN
                                          MONTH:    DECEMBER
                                          YEAR:     2018
                                          LATITUDE:   44  4 N
                                          LONGITUDE:  91 42 W

[TEMPERATURE DATA]      [PRECIPITATION DATA]       SYMBOLS USED IN COLUMN 16

AVERAGE MONTHLY: 26.2   TOTAL FOR MONTH:   0.21    1 = FOG OR MIST
DPTR FM NORMAL:     M   DPTR FM NORMAL:       M    2 = FOG REDUCING VISIBILITY
HIGHEST:    43 ON 16    GRTST 24HR  0.16 ON  2- 2      TO 1/4 MILE OR LESS
LOWEST:      5 ON  7                               3 = THUNDER
                        SNOW, ICE PELLETS, HAIL    4 = ICE PELLETS
                        TOTAL MONTH:    T          5 = HAIL
                        GRTST 24HR    T  ON  7- 7  6 = FREEZING RAIN OR DRIZZLE
                        GRTST DEPTH:   0           7 = DUSTSTORM OR SANDSTORM:
                                                       VSBY 1/2 MILE OR LESS
                                                   8 = SMOKE OR HAZE
[NO. OF DAYS WITH]      [WEATHER - DAYS WITH]      9 = BLOWING SNOW
                                                   X = TORNADO
MAX 32 OR BELOW:  11    0.01 INCH OR MORE:   2
MAX 90 OR ABOVE:   0    0.10 INCH OR MORE:   1
MIN 32 OR BELOW:  17    0.50 INCH OR MORE:   0
MIN  0 OR BELOW:   0    1.00 INCH OR MORE:   0

[HDD (BASE 65) ]
TOTAL THIS MO.   655    CLEAR  (SCALE 0-3)   5
DPTR FM NORMAL     M    PTCLDY (SCALE 4-7)   4
TOTAL FM JUL 1  2379    CLOUDY (SCALE 8-10)  8
DPTR FM NORMAL     M

[CDD (BASE 65) ]
TOTAL THIS MO.     0
DPTR FM NORMAL     M    [PRESSURE DATA]
TOTAL FM JAN 1   858    HIGHEST SLP M ON M
DPTR FM NORMAL     M    LOWEST  SLP M ON M

[REMARKS]
