000
CXUS53 KARX 240946
CF6ONA
PRELIMINARY LOCAL CLIMATOLOGICAL DATA (WS FORM: F-6)

                                          STATION:   WINONA_MUNI_(AWOS) MN
                                          MONTH:     JANUARY
                                          YEAR:      2020
                                          LATITUDE:   44  4 N
                                          LONGITUDE:  91 42 W

  TEMPERATURE IN F:       :PCPN:    SNOW:  WIND      :SUNSHINE: SKY     :PK WND
================================================================================
1   2   3   4   5  6A  6B    7    8   9   10  11  12  13   14  15   16   17  18
                                     12Z  AVG MX 2MIN
DY MAX MIN AVG DEP HDD CDD  WTR  SNW DPTH SPD SPD DIR MIN PSBL S-S WX    SPD DR
================================================================================

 1  37  10  24   M  41   0 0.00  0.0    M  2.8  7 190   M    M   2         M  M
 2  41  32  37   M  28   0 0.00  0.0    M  5.9 12 300   M    M   9        16 300
 3  36  32  34   M  31   0    M    M    M  1.3 12 330   M    M  10         M  M
 4  32  23  28   M  37   0 0.00  0.0    M  5.5  9 310   M    M  10        16 360
 5  37  27  32   M  33   0    M    M    M  8.8 17 300   M    M   3        30 300
 6  37  21  29   M  36   0 0.00  0.0    M  3.5  9 240   M    M   1         M  M
 7  34  14  24   M  41   0    M    M    M  9.6 20 320   M    M   4        24 300
 8  23   5  14   M  51   0 0.00  0.0    M  9.8 17 340   M    M   2        27 330
 9  52  21  37   M  28   0    M    M    M  8.2 16 140   M    M   5        22 140
10  32  19  26   M  39   0 0.00  0.0    M  6.6 13 320   M    M   8        18 330
11  21  12  17   M  48   0 0.00  0.0    M  6.0 13 340   M    M   1        20 340
12  27  10  19   M  46   0 0.02    M    M  3.5  7 120   M    M   6         M  M
13  30  14  22   M  43   0    M    M    M  4.7 15 130   M    M   9 1       M  M
14  34  18  26   M  39   0    M    M    M  5.0 17 290   M    M   8 1      23 290
15  28   9  19   M  46   0    M    M    M  5.3 13 310   M    M   7 1      24 300
16  10  -2   4   M  61   0    M    M    M  6.3 13 300   M    M   0        18 300
17  28  -2  13   M  52   0    M    M    M  7.2 14 130   M    M   6        20 130
18  30   1  16   M  49   0    M    M    M 10.9 20 300   M    M   9 18     29 290
19  14   1   8   M  57   0    M    M    M  8.4 13 340   M    M   9        21 300
20  21   3  12   M  53   0    M    M    M  2.8  6 320   M    M   3         M  M
21  23  -4  10   M  55   0 0.00  0.0    M  3.8  9 160   M    M   0        18 190
22  34  23  29   M  36   0    M    M    M  5.1  9 200   M    M   9         M  M
23  34  30  32   M  33   0    M    M    M  2.6  5 150   M    M  10 1       M  M
================================================================================
SM  695  317       983   0  0.02     0.0 133.6          M      131
================================================================================
AV 30.2 13.8                               5.8 FASTST   M    M   6    MAX(MPH)
                                 MISC ---->  # 20 320               # 30  300
================================================================================
NOTES:
# LAST OF SEVERAL OCCURRENCES

COLUMN 17 PEAK WIND IN M.P.H.

PRELIMINARY LOCAL CLIMATOLOGICAL DATA (WS FORM: F-6) , PAGE 2

                                          STATION:  WINONA_MUNI_(AWOS) MN
                                          MONTH:    JANUARY
                                          YEAR:     2020
                                          LATITUDE:   44  4 N
                                          LONGITUDE:  91 42 W

[TEMPERATURE DATA]      [PRECIPITATION DATA]       SYMBOLS USED IN COLUMN 16

AVERAGE MONTHLY: 22.0   TOTAL FOR MONTH:   0.02    1 = FOG OR MIST
DPTR FM NORMAL:     M   DPTR FM NORMAL:       M    2 = FOG REDUCING VISIBILITY
HIGHEST:    52 ON  9    GRTST 24HR  0.02 ON 12-12      TO 1/4 MILE OR LESS
LOWEST:     -4 ON 21                               3 = THUNDER
                        SNOW, ICE PELLETS, HAIL    4 = ICE PELLETS
                        TOTAL MONTH:   0.0 INCH    5 = HAIL
                        GRTST 24HR     0.0         6 = FREEZING RAIN OR DRIZZLE
                        GRTST DEPTH:  M  ON   M    7 = DUSTSTORM OR SANDSTORM:
                                                       VSBY 1/2 MILE OR LESS
                                                   8 = SMOKE OR HAZE
[NO. OF DAYS WITH]      [WEATHER - DAYS WITH]      9 = BLOWING SNOW
                                                   X = TORNADO
MAX 32 OR BELOW:  13    0.01 INCH OR MORE:   1
MAX 90 OR ABOVE:   0    0.10 INCH OR MORE:   0
MIN 32 OR BELOW:  23    0.50 INCH OR MORE:   0
MIN  0 OR BELOW:   3    1.00 INCH OR MORE:   0

[HDD (BASE 65) ]
TOTAL THIS MO.   983    CLEAR  (SCALE 0-3)   6
DPTR FM NORMAL     M    PTCLDY (SCALE 4-7)   8
TOTAL FM JUL 1  3836    CLOUDY (SCALE 8-10)  9
DPTR FM NORMAL     M

[CDD (BASE 65) ]
TOTAL THIS MO.     0
DPTR FM NORMAL     M    [PRESSURE DATA]
TOTAL FM JAN 1     0    HIGHEST SLP M ON M
DPTR FM NORMAL     M    LOWEST  SLP M ON M

[REMARKS]
