000
CXUS53 KARX 230930
CF6ONA
PRELIMINARY LOCAL CLIMATOLOGICAL DATA (WS FORM: F-6)

                                          STATION:   WINONA_MUNI_(AWOS) MN
                                          MONTH:     SEPTEMBER
                                          YEAR:      2018
                                          LATITUDE:   44  4 N
                                          LONGITUDE:  91 42 W

  TEMPERATURE IN F:       :PCPN:    SNOW:  WIND      :SUNSHINE: SKY     :PK WND
================================================================================
1   2   3   4   5  6A  6B    7    8   9   10  11  12  13   14  15   16   17  18
                                     12Z  AVG MX 2MIN
DY MAX MIN AVG DEP HDD CDD  WTR  SNW DPTH SPD SPD DIR MIN PSBL S-S WX    SPD DR
================================================================================

 1  82  70  76   M   0  11 0.51  0.0    0  2.7  9 150   M    M   6 3       M  M
 2  77  68  73   M   0   8    M  0.0    0  2.4 10 230   M    M   3         M  M
 3  72  64  68   M   0   3 0.75  0.0    0  4.3  9 130   M    M   8 1       M  M
 4  82  70  76   M   0  11 1.46  0.0    0  2.5  8 120   M    M   8 3       M  M
 5  72  59  66   M   0   1 0.92  0.0    0  4.6  9 320   M    M   6         M  M
 6  73  52  63   M   2   0 0.00  0.0    0  1.9  6  30   M    M   0 18      M  M
 7  70  50  60   M   5   0 0.00  0.0    0  2.2  8 130   M    M   2 1       M  M
 8  72  52  62   M   3   0 0.00  0.0    0  3.5 10  80   M    M   0 8       M  M
 9  70  50  60   M   5   0 0.00  0.0    0  3.0 10 130   M    M   0         M  M
10  73  48  61   M   4   0 0.00  0.0    0  1.6  7 130   M    M   0 1       M  M
11  81  59  70   M   0   5 0.00  0.0    0  4.2  8 170   M    M   0        17 190
12  81  61  71   M   0   6 0.00  0.0    0  2.9  7 220   M    M   0         M  M
13  81  59  70   M   0   5 0.00  0.0    0  3.1  8 130   M    M   0        17 150
14  86  66  76   M   0  11 0.00  0.0    0  2.7  6 220   M    M   4         M  M
15  90  70  80   M   0  15 0.00  0.0    0  3.2  6 210   M    M   5         M  M
16  86  70  78   M   0  13 0.00  0.0    0  2.9  8 150   M    M   3         M  M
17  90  61  76   M   0  11 0.75  0.0    0  3.9 13  80   M    M   3 3      35  80
18  70  61  66   M   0   1 0.86  0.0    0  1.7  9 130   M    M   6 13      M  M
19  66  61  64   M   1   0    T  0.0    0  3.4  9 110   M    M  10 1       M  M
20  70  63  67   M   0   2 0.61  0.0    0  5.3 10 140   M    M   9 3      23 280
21  70  43  57   M   8   0 0.01  0.0    0 10.5 23 310   M    M   7        29 310
22  66  41  54   M  11   0 0.00  0.0    0  2.3  7 160   M    M   3 12      M  M
================================================================================
SM 1680 1298        39 103  5.87     0.0  74.8          M       83
================================================================================
AV 76.4 59.0                               3.4 FASTST   M    M   4    MAX(MPH)
                                 MISC ---->  # 23 310               # 35   80
================================================================================
NOTES:
# LAST OF SEVERAL OCCURRENCES

COLUMN 17 PEAK WIND IN M.P.H.

PRELIMINARY LOCAL CLIMATOLOGICAL DATA (WS FORM: F-6) , PAGE 2

                                          STATION:  WINONA_MUNI_(AWOS) MN
                                          MONTH:    SEPTEMBER
                                          YEAR:     2018
                                          LATITUDE:   44  4 N
                                          LONGITUDE:  91 42 W

[TEMPERATURE DATA]      [PRECIPITATION DATA]       SYMBOLS USED IN COLUMN 16

AVERAGE MONTHLY: 67.7   TOTAL FOR MONTH:   5.87    1 = FOG OR MIST
DPTR FM NORMAL:     M   DPTR FM NORMAL:       M    2 = FOG REDUCING VISIBILITY
HIGHEST:    90 ON 17,15 GRTST 24HR  1.46 ON  4- 4      TO 1/4 MILE OR LESS
LOWEST:     41 ON 22                               3 = THUNDER
                        SNOW, ICE PELLETS, HAIL    4 = ICE PELLETS
                        TOTAL MONTH:   0.0 INCH    5 = HAIL
                        GRTST 24HR     0.0         6 = FREEZING RAIN OR DRIZZLE
                        GRTST DEPTH:   0           7 = DUSTSTORM OR SANDSTORM:
                                                       VSBY 1/2 MILE OR LESS
                                                   8 = SMOKE OR HAZE
[NO. OF DAYS WITH]      [WEATHER - DAYS WITH]      9 = BLOWING SNOW
                                                   X = TORNADO
MAX 32 OR BELOW:   0    0.01 INCH OR MORE:   8
MAX 90 OR ABOVE:   2    0.10 INCH OR MORE:   7
MIN 32 OR BELOW:   0    0.50 INCH OR MORE:   7
MIN  0 OR BELOW:   0    1.00 INCH OR MORE:   1

[HDD (BASE 65) ]
TOTAL THIS MO.    39    CLEAR  (SCALE 0-3)  11
DPTR FM NORMAL     M    PTCLDY (SCALE 4-7)   8
TOTAL FM JUL 1    48    CLOUDY (SCALE 8-10)  3
DPTR FM NORMAL     M

[CDD (BASE 65) ]
TOTAL THIS MO.   103
DPTR FM NORMAL     M    [PRESSURE DATA]
TOTAL FM JAN 1   858    HIGHEST SLP M ON M
DPTR FM NORMAL     M    LOWEST  SLP M ON M

[REMARKS]
