017
CXUS52 KMFL 211030
CF6OPF
PRELIMINARY LOCAL CLIMATOLOGICAL DATA (WS FORM: F-6)

                                          STATION:   OPA-LOCKA ARPT
                                          MONTH:     MAY
                                          YEAR:      2024
                                          LATITUDE:   25 53 N
                                          LONGITUDE:  80 17 W

  TEMPERATURE IN F:       :PCPN:    SNOW:  WIND      :SUNSHINE: SKY     :PK WND
================================================================================
1   2   3   4   5  6A  6B    7    8   9   10  11  12  13   14  15   16   17  18
                                     12Z  AVG MX 2MIN
DY MAX MIN AVG DEP HDD CDD  WTR  SNW DPTH SPD SPD DIR MIN PSBL S-S WX    SPD DR
================================================================================

 1  86  71  79   1   0  14 1.87  0.0    0  8.1 17 160   M    M   5 13     22 200
 2  86  71  79   1   0  14 0.00  0.0    0  9.5 17  90   M    M   3        24  80
 3  87  72  80   2   0  15 0.00  0.0    0 10.3 18  90   M    M   2        25  80
 4  87  74  81   3   0  16 0.00  0.0    0 10.9 20  90   M    M   2        27 100
 5  86  75  81   3   0  16 0.00  0.0    0 12.3 18 100   M    M   3        26  90
 6  87  73  80   2   0  15 0.00  0.0    0 10.5 18 100   M    M   3        24 130
 7  88  73  81   2   0  16 0.00    M    M  8.1 15 110   M    M   2        22 120
 8  89  74  82   3   0  17 0.00    M    M  8.6 16 110   M    M   1        23 120
 9  89  76  83   4   0  18 0.00    M    M  9.4 17 160   M    M   1        23 170
10  95  75  85   6   0  20 0.00    M    M  7.9 15 260   M    M   1        23 250
11  95  71  83   4   0  18 0.00    M    M 10.5 22 260   M    M   1        31 270
12  91  74  83   4   0  18 0.00    M    M  9.5 20 100   M    M   2        26 120
13  90  75  83   4   0  18 0.00  0.0    0 11.0 20 120   M    M   3        25 110
14  93  82  88   9   0  23 0.00  0.0    0 13.8 22 180   M    M   1        28 160
15  96  81  89   9   0  24 0.00  0.0    0 10.7 22 250   M    M   2 3      30 270
16  91  80  86   6   0  21 0.06  0.0    0 10.9 21 270   M    M   2 3      27 240
17  95  76  86   6   0  21 0.00  0.0    0  8.1 18 150   M    M   3        23 150
18  96  80  88   8   0  23 0.00    M    M  9.9 18  70   M    M   1        25 180
19  97  81  89   9   0  24 0.00    M    M  8.2 21 270   M    M   3        27 290
20  93  79  86   6   0  21 0.00  0.0    0  9.2 22 340   M    M   1 3      28 330
================================================================================
SM 1817 1513         0 372  1.93  0.0    197.4          M       42
================================================================================
AV 90.9 75.7                               9.9 FASTST   M    M   2    MAX(MPH)
                                 MISC ---->  # 22 260                 31 270
================================================================================
NOTES:
# LAST OF SEVERAL OCCURRENCES

COLUMN 17 PEAK WIND IN M.P.H.

PRELIMINARY LOCAL CLIMATOLOGICAL DATA (WS FORM: F-6) , PAGE 2

                                          STATION:   OPA-LOCKA ARPT
                                          MONTH:     MAY
                                          YEAR:      2024
                                          LATITUDE:   25 53 N
                                          LONGITUDE:  80 17 W

[TEMPERATURE DATA]      [PRECIPITATION DATA]       SYMBOLS USED IN COLUMN 16

AVERAGE MONTHLY: 83.3   TOTAL FOR MONTH:   1.93    1 = FOG OR MIST
DPTR FM NORMAL:   4.3   DPTR FM NORMAL:   -1.45    2 = FOG REDUCING VISIBILITY
HIGHEST:    97 ON 19    GRTST 24HR  1.87 ON 30- 1      TO 1/4 MILE OR LESS
LOWEST:     71 ON 11, 2                             3 = THUNDER
                        SNOW, ICE PELLETS, HAIL    4 = ICE PELLETS
                        TOTAL MONTH:   0.0 INCH    5 = HAIL
                        GRTST 24HR  0.0            6 = FREEZING RAIN OR DRIZZLE
                        GRTST DEPTH:  0            7 = DUSTSTORM OR SANDSTORM:
                                                       VSBY 1/2 MILE OR LESS
                                                   8 = SMOKE OR HAZE
[NO. OF DAYS WITH]      [WEATHER - DAYS WITH]      9 = BLOWING SNOW
                                                   X = TORNADO
MAX 32 OR BELOW:   0    0.01 INCH OR MORE:   2
MAX 90 OR ABOVE:  11    0.10 INCH OR MORE:   1
MIN 32 OR BELOW:   0    0.50 INCH OR MORE:   1
MIN  0 OR BELOW:   0    1.00 INCH OR MORE:   1

[HDD (BASE 65) ]
TOTAL THIS MO.     0    CLEAR  (SCALE 0-3)  18
DPTR FM NORMAL     0    PTCLDY (SCALE 4-7)   2
TOTAL FM JUL 1    38    CLOUDY (SCALE 8-10)  0
DPTR FM NORMAL   -83

[CDD (BASE 65) ]
TOTAL THIS MO.   372
DPTR FM NORMAL    92    [PRESSURE DATA]
TOTAL FM JAN 1  1352    HIGHEST SLP M ON M
DPTR FM NORMAL   188    LOWEST  SLP 29.80 ON 11

[REMARKS]