000
CXUS52 KMFL 201000
CF6OPF
PRELIMINARY LOCAL CLIMATOLOGICAL DATA (WS FORM: F-6)

                                          STATION:   OPA-LOCKA ARPT
                                          MONTH:     AUGUST
                                          YEAR:      2018
                                          LATITUDE:   25 53 N
                                          LONGITUDE:  80 17 W

  TEMPERATURE IN F:       :PCPN:    SNOW:  WIND      :SUNSHINE: SKY     :PK WND
================================================================================
1   2   3   4   5  6A  6B    7    8   9   10  11  12  13   14  15   16   17  18
                                     12Z  AVG MX 2MIN
DY MAX MIN AVG DEP HDD CDD  WTR  SNW DPTH SPD SPD DIR MIN PSBL S-S WX    SPD DR
================================================================================

 1  90  79  85   1   0  20 0.48  0.0    0  9.3 24 170   M    M   3 13     31 140
 2  91  78  85   1   0  20 0.05  0.0    0  9.4 18 120   M    M   2 3      25 130
 3  91  78  85   1   0  20 0.13  0.0    0 10.0 28  80   M    M   2        35  80
 4  90  78  84   0   0  19 0.11  0.0    0  9.2 22  50   M    M   2 13     28  60
 5  90  79  85   1   0  20 0.01  0.0    0  9.1 17  80   M    M   2 3      22 120
 6  92  77  85   1   0  20    T  0.0    0 10.0 21  80   M    M   2        26  80
 7  90  77  84   0   0  19 0.60  0.0    0  8.9 23 180   M    M   3 13     30 190
 8  92  79  86   2   0  21 0.00  0.0    0  6.5 16 130   M    M   1 8      19 130
 9  94  73  84   0   0  19 0.24  0.0    0  4.4 31 190   M    M   2 13     47 190
10  94  73  84   0   0  19 0.53  0.0    0  5.3 24 330   M    M   2 138    35 350
11  92  74  83  -1   0  18 0.21  0.0    0  3.6 25  30   M    M   2 13     35 330
12  91  75  83  -1   0  18 0.31  0.0    0  4.9 22 190   M    M   1 13     27 240
13  92  76  84   0   0  19 0.31  0.0    0  5.0 16 130   M    M   1 13     23 120
14  92  78  85   1   0  20 0.38  0.0    0  5.8 23 140   M    M   1 138    35 140
15  92  79  86   2   0  21 0.00  0.0    0  8.6 17 140   M    M   2        22 130
16  92  79  86   2   0  21 0.00  0.0    0  9.2 18 140   M    M   1 3      25 140
17  92  80  86   2   0  21 0.20  0.0    0 10.1 20 110   M    M   2 13     34 160
18  91  77  84   0   0  19 0.09  0.0    0  7.6 21 100   M    M   1 138    24 100
19  91  78  85   1   0  20    T  0.0    0  6.4 23 290   M    M   2 3      30 290
================================================================================
SM 1739 1467         0 374  3.65     0.0 143.3          M       34
================================================================================
AV 91.5 77.2                               7.5 FASTST   M    M   2    MAX(MPH)
                                 MISC ---->  # 31 190               # 47  190
================================================================================
NOTES:
# LAST OF SEVERAL OCCURRENCES

COLUMN 17 PEAK WIND IN M.P.H.

PRELIMINARY LOCAL CLIMATOLOGICAL DATA (WS FORM: F-6) , PAGE 2

                                          STATION:  OPA-LOCKA ARPT
                                          MONTH:    AUGUST
                                          YEAR:     2018
                                          LATITUDE:   25 53 N
                                          LONGITUDE:  80 17 W

[TEMPERATURE DATA]      [PRECIPITATION DATA]       SYMBOLS USED IN COLUMN 16

AVERAGE MONTHLY: 84.4   TOTAL FOR MONTH:   3.65    1 = FOG OR MIST
DPTR FM NORMAL:   0.4   DPTR FM NORMAL:   -1.05    2 = FOG REDUCING VISIBILITY
HIGHEST:    94 ON 10, 9 GRTST 24HR  0.60 ON  7- 7      TO 1/4 MILE OR LESS
LOWEST:     73 ON 10, 9                            3 = THUNDER
                        SNOW, ICE PELLETS, HAIL    4 = ICE PELLETS
                        TOTAL MONTH:   0.0 INCH    5 = HAIL
                        GRTST 24HR     0.0         6 = FREEZING RAIN OR DRIZZLE
                        GRTST DEPTH:   0           7 = DUSTSTORM OR SANDSTORM:
                                                       VSBY 1/2 MILE OR LESS
                                                   8 = SMOKE OR HAZE
[NO. OF DAYS WITH]      [WEATHER - DAYS WITH]      9 = BLOWING SNOW
                                                   X = TORNADO
MAX 32 OR BELOW:   0    0.01 INCH OR MORE:  14
MAX 90 OR ABOVE:  19    0.10 INCH OR MORE:  11
MIN 32 OR BELOW:   0    0.50 INCH OR MORE:   2
MIN  0 OR BELOW:   0    1.00 INCH OR MORE:   0

[HDD (BASE 65) ]
TOTAL THIS MO.     0    CLEAR  (SCALE 0-3)  17
DPTR FM NORMAL     0    PTCLDY (SCALE 4-7)   2
TOTAL FM JUL 1     0    CLOUDY (SCALE 8-10)  0
DPTR FM NORMAL     0

[CDD (BASE 65) ]
TOTAL THIS MO.   374
DPTR FM NORMAL    13    [PRESSURE DATA]
TOTAL FM JAN 1  2935    HIGHEST SLP M ON M
DPTR FM NORMAL   249    LOWEST  SLP 30.00 ON M

[REMARKS]
