000
CXUS52 KMFL 211000
CF6OPF
PRELIMINARY LOCAL CLIMATOLOGICAL DATA (WS FORM: F-6)

                                          STATION:   OPA-LOCKA ARPT
                                          MONTH:     FEBRUARY
                                          YEAR:      2020
                                          LATITUDE:   25 53 N
                                          LONGITUDE:  80 17 W

  TEMPERATURE IN F:       :PCPN:    SNOW:  WIND      :SUNSHINE: SKY     :PK WND
================================================================================
1   2   3   4   5  6A  6B    7    8   9   10  11  12  13   14  15   16   17  18
                                     12Z  AVG MX 2MIN
DY MAX MIN AVG DEP HDD CDD  WTR  SNW DPTH SPD SPD DIR MIN PSBL S-S WX    SPD DR
================================================================================

 1  75  63  69   1   0   4 2.10  0.0    0  8.6 24  60   M    M   5 13     29  60
 2  68  53  61  -7   4   0 0.00  0.0    0 10.4 20 320   M    M   0        27 340
 3  76  48  62  -6   3   0 0.00  0.0    0  3.5 10 110   M    M   0        13 140
 4  80  57  69   1   0   4 0.00  0.0    0  4.6 18 150   M    M   2        22 150
 5  82  61  72   4   0   7 0.00  0.0    0  7.2 20 160   M    M   2        29 160
 6  85  73  79  11   0  14 0.00  0.0    0 15.8 26 170   M    M   4        34 160
 7  78  63  71   3   0   6 0.44  0.0    0 11.0 23 320   M    M   4 1      30 210
 8  78  58  68  -1   0   3 0.00  0.0    0 10.1 20  80   M    M   6        25  80
 9  79  69  74   5   0   9    T  0.0    0 15.7 29  80   M    M   4        34  90
10  82  73  78   9   0  13    T  0.0    0 14.2 22 100   M    M   5        27 100
11  85  72  79  10   0  14    T  0.0    0  9.5 17 130   M    M   4        21 120
12  86  70  78   9   0  13    T  0.0    0  8.7 20 150   M    M   3        25 140
13  85  71  78   9   0  13 0.00  0.0    0 12.0 21 160   M    M   3        27 150
14  86  69  78   9   0  13    T  0.0    0  5.1 16 240   M    M   4 1      23 170
15  81  69  75   6   0  10 1.62  0.0    0 10.5 18  80   M    M  10 1      24  70
16  81  69  75   6   0  10 0.21  0.0    0  9.3 18 110   M    M   4 1      23  60
17  86  66  76   6   0  11 0.00  0.0    0  5.3 15 110   M    M   1 1      21 110
18  85  70  78   8   0  13    T  0.0    0 10.5 20 110   M    M   4        27 140
19  85  73  79   9   0  14 0.00  0.0    0  7.4 15 130   M    M   4        18 120
20  86  70  78   8   0  13 0.17  0.0    0  6.2 17 160   M    M   6 18     22 180
================================================================================
SM 1629 1317         7 184  4.54     0.0 185.6          M       75
================================================================================
AV 81.5 65.9                               9.3 FASTST   M    M   4    MAX(MPH)
                                 MISC ---->  # 29  80               # 34  160
================================================================================
NOTES:
# LAST OF SEVERAL OCCURRENCES

COLUMN 17 PEAK WIND IN M.P.H.

PRELIMINARY LOCAL CLIMATOLOGICAL DATA (WS FORM: F-6) , PAGE 2

                                          STATION:  OPA-LOCKA ARPT
                                          MONTH:    FEBRUARY
                                          YEAR:     2020
                                          LATITUDE:   25 53 N
                                          LONGITUDE:  80 17 W

[TEMPERATURE DATA]      [PRECIPITATION DATA]       SYMBOLS USED IN COLUMN 16

AVERAGE MONTHLY: 73.7   TOTAL FOR MONTH:   4.54    1 = FOG OR MIST
DPTR FM NORMAL:   4.8   DPTR FM NORMAL:    2.75    2 = FOG REDUCING VISIBILITY
HIGHEST:    86 ON 20,17 GRTST 24HR  2.10 ON  1- 1      TO 1/4 MILE OR LESS
LOWEST:     48 ON  3                               3 = THUNDER
                        SNOW, ICE PELLETS, HAIL    4 = ICE PELLETS
                        TOTAL MONTH:   0.0 INCH    5 = HAIL
                        GRTST 24HR     0.0         6 = FREEZING RAIN OR DRIZZLE
                        GRTST DEPTH:   0           7 = DUSTSTORM OR SANDSTORM:
                                                       VSBY 1/2 MILE OR LESS
                                                   8 = SMOKE OR HAZE
[NO. OF DAYS WITH]      [WEATHER - DAYS WITH]      9 = BLOWING SNOW
                                                   X = TORNADO
MAX 32 OR BELOW:   0    0.01 INCH OR MORE:   5
MAX 90 OR ABOVE:   0    0.10 INCH OR MORE:   5
MIN 32 OR BELOW:   0    0.50 INCH OR MORE:   2
MIN  0 OR BELOW:   0    1.00 INCH OR MORE:   2

[HDD (BASE 65) ]
TOTAL THIS MO.     7    CLEAR  (SCALE 0-3)   5
DPTR FM NORMAL   -13    PTCLDY (SCALE 4-7)  14
TOTAL FM JUL 1    41    CLOUDY (SCALE 8-10)  1
DPTR FM NORMAL   -77

[CDD (BASE 65) ]
TOTAL THIS MO.   184
DPTR FM NORMAL    86    [PRESSURE DATA]
TOTAL FM JAN 1   375    HIGHEST SLP M ON M
DPTR FM NORMAL   152    LOWEST  SLP 29.76 ON  6

[REMARKS]
