000
CXUS51 KAKQ 230710
CF6ORF
PRELIMINARY LOCAL CLIMATOLOGICAL DATA (WS FORM: F-6)

                                          STATION:   NORFOLK VA
                                          MONTH:     MAY
                                          YEAR:      2022
                                          LATITUDE:   36 54 N
                                          LONGITUDE:  76 12 W

  TEMPERATURE IN F:       :PCPN:    SNOW:  WIND      :SUNSHINE: SKY     :PK WND
================================================================================
1   2   3   4   5  6A  6B    7    8   9   10  11  12  13   14  15   16   17  18
                                     12Z  AVG MX 2MIN
DY MAX MIN AVG DEP HDD CDD  WTR  SNW DPTH SPD SPD DIR MIN PSBL S-S WX    SPD DR
================================================================================

 1  80  50  65   0   0   0    T  0.0    0  7.5 16 200   M    M   3        21 190
 2  82  63  73   8   0   8 0.00  0.0    0  8.3 17 220   M    M   3        24 220
 3  68  56  62  -3   3   0 0.10  0.0    0  9.4 17 150   M    M   7 13     22 140
 4  84  59  72   7   0   7 0.05  0.0    0  7.7 16 230   M    M   5 13     21 140
 5  68  58  63  -3   2   0 0.00  0.0    0 10.3 22  10   M    M   8 1      28  10
 6  75  55  65  -1   0   0 0.86  0.0    0  5.8 26 210   M    M   3 13     35 220
 7  70  53  62  -4   3   0 0.03  0.0    0 11.9 23  10   M    M   7 1      30 350
 8  53  49  51 -15  14   0 0.39  0.0    0 23.3 31  30   M    M  10 1      39  30
 9  61  49  55 -11  10   0 0.00  0.0    0 21.9 35  30   M    M   8        43  40
10  58  53  56 -11   9   0 0.00  0.0    0 20.3 36  30   M    M  10        46  30
11  60  53  57 -10   8   0 0.01  0.0    0 17.5 28  30   M    M  10 1      39  30
12  58  53  56 -11   9   0 0.30  0.0    0 14.4 22  30   M    M  10 1      26  30
13  73  56  65  -3   0   0 0.78  0.0    0  5.5 16  20   M    M   7 123    22  80
14  78  61  70   2   0   5 0.20  0.0    0  4.7 15 150   M    M   6 1      19 150
15  81  62  72   4   0   7    T  0.0    0  6.7 13 200   M    M   4 1      16 190
16  86  66  76   8   0  11 0.25  0.0    0 12.1 25 250   M    M   2 13     43 240
17  82  57  70   2   0   5    T  0.0    0  6.1 17 230   M    M   0        23 220
18  72  62  67  -2   0   2 0.00  0.0    0  9.0 14 180   M    M   0        21 140
19  87  65  76   7   0  11 0.00  0.0    0 10.4 24 220   M    M   2        30 210
20  94  70  82  13   0  17 0.00  0.0    0 10.5 22 220   M    M   0        27 200
21  93  72  83  14   0  18 0.00  0.0    0 11.8 35 220   M    M   1        42 220
22  88  71  80  10   0  15 0.00  0.0    0 13.8 23 220   M    M   1        28 220
================================================================================
SM 1651 1293        58 106  2.97  0.0    248.9          M      107
================================================================================
AV 75.0 58.8                              11.3 FASTST   M    M   5    MAX(MPH)
                                 MISC ---->    36  30                 46  30
================================================================================
NOTES:
# LAST OF SEVERAL OCCURRENCES

COLUMN 17 PEAK WIND IN M.P.H.

PRELIMINARY LOCAL CLIMATOLOGICAL DATA (WS FORM: F-6) , PAGE 2

                                          STATION:   NORFOLK VA
                                          MONTH:     MAY
                                          YEAR:      2022
                                          LATITUDE:   36 54 N
                                          LONGITUDE:  76 12 W

[TEMPERATURE DATA]      [PRECIPITATION DATA]       SYMBOLS USED IN COLUMN 16

AVERAGE MONTHLY: 66.9   TOTAL FOR MONTH:   2.97    1 = FOG OR MIST
DPTR FM NORMAL:  -0.2   DPTR FM NORMAL:    0.37    2 = FOG REDUCING VISIBILITY
HIGHEST:    94 ON 20    GRTST 24HR  1.02 ON 12-13      TO 1/4 MILE OR LESS
LOWEST:     49 ON  9, 8                             3 = THUNDER
                        SNOW, ICE PELLETS, HAIL    4 = ICE PELLETS
                        TOTAL MONTH:   0.0 INCH    5 = HAIL
                        GRTST 24HR  0.0            6 = FREEZING RAIN OR DRIZZLE
                        GRTST DEPTH:  0            7 = DUSTSTORM OR SANDSTORM:
                                                       VSBY 1/2 MILE OR LESS
                                                   8 = SMOKE OR HAZE
[NO. OF DAYS WITH]      [WEATHER - DAYS WITH]      9 = BLOWING SNOW
                                                   X = TORNADO
MAX 32 OR BELOW:   0    0.01 INCH OR MORE:  10
MAX 90 OR ABOVE:   2    0.10 INCH OR MORE:   7
MIN 32 OR BELOW:   0    0.50 INCH OR MORE:   2
MIN  0 OR BELOW:   0    1.00 INCH OR MORE:   0

[HDD (BASE 65) ]
TOTAL THIS MO.    58    CLEAR  (SCALE 0-3)   9
DPTR FM NORMAL    13    PTCLDY (SCALE 4-7)   9
TOTAL FM JUL 1  2951    CLOUDY (SCALE 8-10)  4
DPTR FM NORMAL  -108

[CDD (BASE 65) ]
TOTAL THIS MO.   106
DPTR FM NORMAL    14    [PRESSURE DATA]
TOTAL FM JAN 1   174    HIGHEST SLP M ON M
DPTR FM NORMAL    19    LOWEST  SLP 29.45 ON  7

[REMARKS]
