441
CXUS51 KAKQ 220633
CF6ORF
PRELIMINARY LOCAL CLIMATOLOGICAL DATA (WS FORM: F-6)

                                          STATION:   NORFOLK VA
                                          MONTH:     SEPTEMBER
                                          YEAR:      2018
                                          LATITUDE:   36 54 N
                                          LONGITUDE:  76 12 W

  TEMPERATURE IN F:       :PCPN:    SNOW:  WIND      :SUNSHINE: SKY     :PK WND
================================================================================
1   2   3   4   5  6A  6B    7    8   9   10  11  12  13   14  15   16   17  18
                                     12Z  AVG MX 2MIN
DY MAX MIN AVG DEP HDD CDD  WTR  SNW DPTH SPD SPD DIR MIN PSBL S-S WX    SPD DR
================================================================================

 1  88  73  81   5   0  16 0.06  0.0    0  2.4 14 150   M    M   1 8      18 150
 2  88  73  81   5   0  16 0.00  0.0    0  5.0 10  40   M    M   1        15 120
 3  90  76  83   7   0  18 0.00  0.0    0  4.8 12  30   M    M   0        17 140
 4  90  75  83   8   0  18 0.00  0.0    0  4.5 10  60   M    M   0        16 130
 5  89  75  82   7   0  17 0.00  0.0    0  4.4 12  70   M    M   0        17 110
 6  90  75  83   8   0  18 0.00  0.0    0  5.0 12 150   M    M   0        17 140
 7  91  76  84   9   0  19 0.00  0.0    0  5.2 12 100   M    M   0        17 100
 8  89  75  82   7   0  17 1.01  0.0    0  6.1 20  30   M    M   4 1      24  30
 9  85  74  80   6   0  15 1.55  0.0    0  6.5 21  10   M    M   6 18     25 360
10  86  73  80   6   0  15    T  0.0    0  4.3 14 150   M    M   4        19 140
11  90  75  83   9   0  18    T  0.0    0  5.0 17 150   M    M   2        24 140
12  88  77  83   9   0  18 0.00  0.0    0  8.1 15  60   M    M   2 8      21  70
13  82  78  80   7   0  15    T  0.0    0 19.4 28  60   M    M  10        37  60
14  83  75  79   6   0  14 0.06  0.0    0 14.3 25  60   M    M   7 1      34 100
15  82  76  79   6   0  14 0.02  0.0    0 14.7 23  60   M    M   8 1      29  60
16  84  76  80   8   0  15 0.01  0.0    0  9.7 17 120   M    M   3        24 120
17  84  76  80   8   0  15 0.01  0.0    0 10.4 18 160   M    M   3 1      25 190
18  89  75  82  10   0  17 0.22  0.0    0 12.5 23 230   M    M   9 13     30 240
19  84  74  79   7   0  14 0.00  0.0    0  8.2 15  20   M    M   2        20  10
20  81  69  75   4   0  10 0.00  0.0    0  6.0 15  60   M    M   3        19  60
21  85  65  75   4   0  10 0.00  0.0    M  5.5 13 160   M    M   1        17 170
================================================================================
SM 1818 1561         0 329  2.94     0.0 162.0          M       66
================================================================================
AV 86.6 74.3                               7.7 FASTST   M    M   3    MAX(MPH)
                                 MISC ---->  # 28  60               # 37   60
================================================================================
NOTES:
# LAST OF SEVERAL OCCURRENCES

COLUMN 17 PEAK WIND IN M.P.H.

PRELIMINARY LOCAL CLIMATOLOGICAL DATA (WS FORM: F-6) , PAGE 2

                                          STATION:  NORFOLK VA
                                          MONTH:    SEPTEMBER
                                          YEAR:     2018
                                          LATITUDE:   36 54 N
                                          LONGITUDE:  76 12 W

[TEMPERATURE DATA]      [PRECIPITATION DATA]       SYMBOLS USED IN COLUMN 16

AVERAGE MONTHLY: 80.5   TOTAL FOR MONTH:   2.94    1 = FOG OR MIST
DPTR FM NORMAL:   6.7   DPTR FM NORMAL:   -0.54    2 = FOG REDUCING VISIBILITY
HIGHEST:    91 ON  7    GRTST 24HR  1.55 ON  9- 9      TO 1/4 MILE OR LESS
LOWEST:     65 ON 21                               3 = THUNDER
                        SNOW, ICE PELLETS, HAIL    4 = ICE PELLETS
                        TOTAL MONTH:   0.0 INCH    5 = HAIL
                        GRTST 24HR     0.0         6 = FREEZING RAIN OR DRIZZLE
                        GRTST DEPTH:   0           7 = DUSTSTORM OR SANDSTORM:
                                                       VSBY 1/2 MILE OR LESS
                                                   8 = SMOKE OR HAZE
[NO. OF DAYS WITH]      [WEATHER - DAYS WITH]      9 = BLOWING SNOW
                                                   X = TORNADO
MAX 32 OR BELOW:   0    0.01 INCH OR MORE:   8
MAX 90 OR ABOVE:   5    0.10 INCH OR MORE:   3
MIN 32 OR BELOW:   0    0.50 INCH OR MORE:   2
MIN  0 OR BELOW:   0    1.00 INCH OR MORE:   2

[HDD (BASE 65) ]
TOTAL THIS MO.     0    CLEAR  (SCALE 0-3)  14
DPTR FM NORMAL     0    PTCLDY (SCALE 4-7)   5
TOTAL FM JUL 1     0    CLOUDY (SCALE 8-10)  2
DPTR FM NORMAL     0

[CDD (BASE 65) ]
TOTAL THIS MO.   329
DPTR FM NORMAL   144    [PRESSURE DATA]
TOTAL FM JAN 1  2039    HIGHEST SLP M ON M
DPTR FM NORMAL   519    LOWEST  SLP 29.73 ON 18

[REMARKS]
