000
CXUS51 KAKQ 210833
CF6ORF
PRELIMINARY LOCAL CLIMATOLOGICAL DATA (WS FORM: F-6)

                                          STATION:   NORFOLK VA
                                          MONTH:     OCTOBER
                                          YEAR:      2019
                                          LATITUDE:   36 54 N
                                          LONGITUDE:  76 12 W

  TEMPERATURE IN F:       :PCPN:    SNOW:  WIND      :SUNSHINE: SKY     :PK WND
================================================================================
1   2   3   4   5  6A  6B    7    8   9   10  11  12  13   14  15   16   17  18
                                     12Z  AVG MX 2MIN
DY MAX MIN AVG DEP HDD CDD  WTR  SNW DPTH SPD SPD DIR MIN PSBL S-S WX    SPD DR
================================================================================

 1  84  69  77  10   0  12 0.00  0.0    0  3.1  9 190   M    M   6        13 170
 2  93  69  81  14   0  16 0.00  0.0    0  8.9 14 210   M    M   0        17 220
 3  85  74  80  14   0  15 0.00  0.0    0  8.3 15  60   M    M   3 1      21  30
 4  78  66  72   6   0   7 0.00  0.0    0 14.8 25  30   M    M   3 1      35  20
 5  71  62  67   1   0   2    T  0.0    0 13.7 23  30   M    M   5        28  30
 6  81  66  74   9   0   9 0.00  0.0    0  7.7 18 170   M    M   8        24 170
 7  74  65  70   5   0   5 0.00  0.0    0  2.6  7 150   M    M   3         M  M
 8  74  66  70   5   0   5 0.06  0.0    M 18.7 30  30   M    M   8 1      38  30
 9  67  62  65   1   0   0 0.00  0.0    0 17.1 24  20   M    M  10        31  10
10  71  61  66   2   0   1 0.01  0.0    0 13.5 23  30   M    M   6 1      29  20
11  70  56  63  -1   2   0 0.00  0.0    0 12.2 25  30   M    M   0        31  30
12  76  54  65   2   0   0 0.00  0.0    0  3.8 10 130   M    M   1        16 130
13  82  62  72   9   0   7 0.21  0.0    0  6.4 20 200   M    M   5 1      24 210
14  73  62  68   5   0   3 0.01  0.0    0  5.8 13 220   M    M   4 1      15 360
15  73  56  65   3   0   0 0.00  0.0    0  6.4 16  30   M    M   2 12     19  60
16  71  57  64   2   1   0 1.27  0.0    0  9.2 23 230   M    M   6 1      31 220
17  65  51  58  -4   7   0 0.00  0.0    0  9.3 18 260   M    M   0        27 280
18  65  47  56  -5   9   0 0.00  0.0    0  7.7 18 350   M    M   0        28 360
19  69  46  58  -3   7   0 0.00  0.0    0  3.9 12  40   M    M   0        15 140
20  75  61  68   7   0   3 1.85  0.0    0 11.6 28 160   M    M  10 1      39 150
================================================================================
SM 1497 1212        26  85  3.41     0.0 184.7          M       80
================================================================================
AV 74.9 60.6                               9.2 FASTST   M    M   4    MAX(MPH)
                                 MISC ---->  # 30  30               # 39  150
================================================================================
NOTES:
# LAST OF SEVERAL OCCURRENCES

COLUMN 17 PEAK WIND IN M.P.H.

PRELIMINARY LOCAL CLIMATOLOGICAL DATA (WS FORM: F-6) , PAGE 2

                                          STATION:  NORFOLK VA
                                          MONTH:    OCTOBER
                                          YEAR:     2019
                                          LATITUDE:   36 54 N
                                          LONGITUDE:  76 12 W

[TEMPERATURE DATA]      [PRECIPITATION DATA]       SYMBOLS USED IN COLUMN 16

AVERAGE MONTHLY: 67.7   TOTAL FOR MONTH:   3.41    1 = FOG OR MIST
DPTR FM NORMAL:   3.9   DPTR FM NORMAL:    1.19    2 = FOG REDUCING VISIBILITY
HIGHEST:    93 ON  2    GRTST 24HR  1.85 ON 20-20      TO 1/4 MILE OR LESS
LOWEST:     46 ON 19                               3 = THUNDER
                        SNOW, ICE PELLETS, HAIL    4 = ICE PELLETS
                        TOTAL MONTH:   0.0 INCH    5 = HAIL
                        GRTST 24HR     0.0         6 = FREEZING RAIN OR DRIZZLE
                        GRTST DEPTH:   0           7 = DUSTSTORM OR SANDSTORM:
                                                       VSBY 1/2 MILE OR LESS
                                                   8 = SMOKE OR HAZE
[NO. OF DAYS WITH]      [WEATHER - DAYS WITH]      9 = BLOWING SNOW
                                                   X = TORNADO
MAX 32 OR BELOW:   0    0.01 INCH OR MORE:   6
MAX 90 OR ABOVE:   1    0.10 INCH OR MORE:   3
MIN 32 OR BELOW:   0    0.50 INCH OR MORE:   2
MIN  0 OR BELOW:   0    1.00 INCH OR MORE:   2

[HDD (BASE 65) ]
TOTAL THIS MO.    26    CLEAR  (SCALE 0-3)   9
DPTR FM NORMAL   -43    PTCLDY (SCALE 4-7)   8
TOTAL FM JUL 1    26    CLOUDY (SCALE 8-10)  3
DPTR FM NORMAL   -54

[CDD (BASE 65) ]
TOTAL THIS MO.    85
DPTR FM NORMAL    40    [PRESSURE DATA]
TOTAL FM JAN 1  2183    HIGHEST SLP M ON M
DPTR FM NORMAL   573    LOWEST  SLP 29.45 ON 16

[REMARKS]
