000
CXUS51 KAKQ 190633
CF6ORF
PRELIMINARY LOCAL CLIMATOLOGICAL DATA (WS FORM: F-6)

                                          STATION:   NORFOLK VA
                                          MONTH:     JUNE
                                          YEAR:      2018
                                          LATITUDE:   36 54 N
                                          LONGITUDE:  76 12 W

  TEMPERATURE IN F:       :PCPN:    SNOW:  WIND      :SUNSHINE: SKY     :PK WND
================================================================================
1   2   3   4   5  6A  6B    7    8   9   10  11  12  13   14  15   16   17  18
                                     12Z  AVG MX 2MIN
DY MAX MIN AVG DEP HDD CDD  WTR  SNW DPTH SPD SPD DIR MIN PSBL S-S WX    SPD DR
================================================================================

 1  91  75  83  12   0  18 0.00  0.0    0  6.4 14 200   M    M   3        17 230
 2  89  73  81   9   0  16 0.49  0.0    0  5.6 20 240   M    M   2 13     26 240
 3  83  64  74   2   0   9 0.30  0.0    0  6.4 15 230   M    M   8 1      21 260
 4  79  62  71  -1   0   6 0.00  0.0    0  6.7 13 310   M    M   5        19 320
 5  83  70  77   5   0  12 0.00  0.0    0  6.8 16 230   M    M   2 3      20 230
 6  77  66  72  -1   0   7 0.00  0.0    0  8.1 16  30   M    M   3        21  30
 7  77  64  71  -2   0   6 0.00  0.0    0  7.6 13  40   M    M   1        17  30
 8  87  65  76   3   0  11 0.00  0.0    0  6.0 16 150   M    M   2        21 140
 9  89  72  81   7   0  16 0.00  0.0    0  8.1 16 160   M    M   2        19 160
10  87  70  79   5   0  14 0.66  0.0    0  6.9 22 320   M    M   1 1      32 310
11  75  66  71  -3   0   6 0.15  0.0    0 10.9 22  60   M    M   7 13     28  60
12  73  66  70  -4   0   5 0.12  0.0    0  8.6 17  60   M    M   9 18     23  40
13  86  70  78   3   0  13 0.00  0.0    0  9.2 18 230   M    M   6 1      24 220
14  86  71  79   4   0  14 0.00  0.0    0  7.2 17  20   M    M   1        21  20
15  83  70  77   2   0  12 0.00  0.0    0  5.6 14 360   M    M   2        17  10
16  87  67  77   1   0  12 0.00  0.0    0  5.8 15 160   M    M   2        23 130
17  90  72  81   5   0  16 0.00  0.0    0  6.7 13  70   M    M   3        21 100
18  87  74  81   5   0  16 0.00  0.0    0  5.3 15  20   M    M   1 3      17  40
================================================================================
SM 1509 1237         0 209  1.72     0.0 127.9          M       60
================================================================================
AV 83.8 68.7                               7.1 FASTST   M    M   3    MAX(MPH)
                                 MISC ---->  # 22 320               # 32  310
================================================================================
NOTES:
# LAST OF SEVERAL OCCURRENCES

COLUMN 17 PEAK WIND IN M.P.H.

PRELIMINARY LOCAL CLIMATOLOGICAL DATA (WS FORM: F-6) , PAGE 2

                                          STATION:  NORFOLK VA
                                          MONTH:    JUNE
                                          YEAR:     2018
                                          LATITUDE:   36 54 N
                                          LONGITUDE:  76 12 W

[TEMPERATURE DATA]      [PRECIPITATION DATA]       SYMBOLS USED IN COLUMN 16

AVERAGE MONTHLY: 76.3   TOTAL FOR MONTH:   1.72    1 = FOG OR MIST
DPTR FM NORMAL:   2.6   DPTR FM NORMAL:   -0.85    2 = FOG REDUCING VISIBILITY
HIGHEST:    91 ON  1    GRTST 24HR  0.66 ON 10-10      TO 1/4 MILE OR LESS
LOWEST:     62 ON  4                               3 = THUNDER
                        SNOW, ICE PELLETS, HAIL    4 = ICE PELLETS
                        TOTAL MONTH:   0.0 INCH    5 = HAIL
                        GRTST 24HR     0.0         6 = FREEZING RAIN OR DRIZZLE
                        GRTST DEPTH:   0           7 = DUSTSTORM OR SANDSTORM:
                                                       VSBY 1/2 MILE OR LESS
                                                   8 = SMOKE OR HAZE
[NO. OF DAYS WITH]      [WEATHER - DAYS WITH]      9 = BLOWING SNOW
                                                   X = TORNADO
MAX 32 OR BELOW:   0    0.01 INCH OR MORE:   5
MAX 90 OR ABOVE:   2    0.10 INCH OR MORE:   5
MIN 32 OR BELOW:   0    0.50 INCH OR MORE:   1
MIN  0 OR BELOW:   0    1.00 INCH OR MORE:   0

[HDD (BASE 65) ]
TOTAL THIS MO.     0    CLEAR  (SCALE 0-3)  12
DPTR FM NORMAL    -4    PTCLDY (SCALE 4-7)   4
TOTAL FM JUL 1  3189    CLOUDY (SCALE 8-10)  2
DPTR FM NORMAL  -186

[CDD (BASE 65) ]
TOTAL THIS MO.   209
DPTR FM NORMAL    47    [PRESSURE DATA]
TOTAL FM JAN 1   546    HIGHEST SLP M ON M
DPTR FM NORMAL   218    LOWEST  SLP 29.67 ON  2

[REMARKS]
