000
CXUS51 KAKQ 210833
CF6ORF
PRELIMINARY LOCAL CLIMATOLOGICAL DATA (WS FORM: F-6)

                                          STATION:   NORFOLK VA
                                          MONTH:     JANUARY
                                          YEAR:      2019
                                          LATITUDE:   36 54 N
                                          LONGITUDE:  76 12 W

  TEMPERATURE IN F:       :PCPN:    SNOW:  WIND      :SUNSHINE: SKY     :PK WND
================================================================================
1   2   3   4   5  6A  6B    7    8   9   10  11  12  13   14  15   16   17  18
                                     12Z  AVG MX 2MIN
DY MAX MIN AVG DEP HDD CDD  WTR  SNW DPTH SPD SPD DIR MIN PSBL S-S WX    SPD DR
================================================================================

 1  73  49  61  20   4   0 0.00  0.0    0 13.9 26 220   M    M   3        34 210
 2  51  47  49   8  16   0 0.02  0.0    0  7.1 15  70   M    M   2        20  70
 3  53  45  49   8  16   0 0.30  0.0    0  4.4 13  30   M    M   9 1      17 240
 4  63  44  54  13  11   0 0.12  0.0    0  5.3 18 150   M    M   7 1      24 160
 5  64  50  57  16   8   0 0.01  0.0    0 10.9 25 240   M    M   4        36 240
 6  64  40  52  12  13   0 0.00  0.0    0  7.4 16  20   M    M   0        20  20
 7  47  41  44   4  21   0 0.00  0.0    0  9.7 21  30   M    M   1        25  30
 8  64  46  55  15  10   0 0.01  0.0    0 10.4 22 230   M    M   7        27 220
 9  60  37  49   9  16   0 0.00  0.0    0  9.5 21 350   M    M   4        29 330
10  41  32  37  -3  28   0 0.00  0.0    0 11.4 18 290   M    M   1        31 290
11  39  30  35  -5  30   0 0.00  0.0    0  9.2 20 340   M    M   0        29 350
12  43  34  39  -1  26   0 0.07  0.0    0  8.4 18  30   M    M   7 1      22  40
13  44  36  40   0  25   0 1.44    T    0 17.2 28 360   M    M  10 14     38 350
14  38  34  36  -4  29   0    T    T    0 13.1 25 360   M    M   7 1      33 350
15  43  30  37  -3  28   0 0.00  0.0    0  4.1 14 360   M    M   5        18 350
16  50  27  39  -1  26   0 0.00  0.0    0  9.0 17  30   M    M   0 1      22 240
17  45  39  42   2  23   0 0.00  0.0    0  7.4 15  30   M    M   7        17  60
18  51  37  44   4  21   0 0.00  0.0    0  6.2 12 240   M    M   6        14 230
19  58  43  51  11  14   0 0.00  0.0    0  9.2 16 140   M    M   9        24 140
20  64  28  46   6  19   0 0.70    M    0 14.9 33 210   M    M   5 1      43 190
================================================================================
SM 1055  769       384   0  2.67    T    188.7          M       94
================================================================================
AV 52.8 38.5                               9.4 FASTST   M    M   5    MAX(MPH)
                                 MISC ---->  # 33 210               # 43  190
================================================================================
NOTES:
# LAST OF SEVERAL OCCURRENCES

COLUMN 17 PEAK WIND IN M.P.H.

PRELIMINARY LOCAL CLIMATOLOGICAL DATA (WS FORM: F-6) , PAGE 2

                                          STATION:  NORFOLK VA
                                          MONTH:    JANUARY
                                          YEAR:     2019
                                          LATITUDE:   36 54 N
                                          LONGITUDE:  76 12 W

[TEMPERATURE DATA]      [PRECIPITATION DATA]       SYMBOLS USED IN COLUMN 16

AVERAGE MONTHLY: 45.6   TOTAL FOR MONTH:   2.67    1 = FOG OR MIST
DPTR FM NORMAL:   5.3   DPTR FM NORMAL:    0.47    2 = FOG REDUCING VISIBILITY
HIGHEST:    73 ON  1    GRTST 24HR  1.44 ON 13-13      TO 1/4 MILE OR LESS
LOWEST:     27 ON 16                               3 = THUNDER
                        SNOW, ICE PELLETS, HAIL    4 = ICE PELLETS
                        TOTAL MONTH:    T          5 = HAIL
                        GRTST 24HR    T  ON 14-14  6 = FREEZING RAIN OR DRIZZLE
                        GRTST DEPTH:   0           7 = DUSTSTORM OR SANDSTORM:
                                                       VSBY 1/2 MILE OR LESS
                                                   8 = SMOKE OR HAZE
[NO. OF DAYS WITH]      [WEATHER - DAYS WITH]      9 = BLOWING SNOW
                                                   X = TORNADO
MAX 32 OR BELOW:   0    0.01 INCH OR MORE:   8
MAX 90 OR ABOVE:   0    0.10 INCH OR MORE:   4
MIN 32 OR BELOW:   5    0.50 INCH OR MORE:   2
MIN  0 OR BELOW:   0    1.00 INCH OR MORE:   1

[HDD (BASE 65) ]
TOTAL THIS MO.   384    CLEAR  (SCALE 0-3)   6
DPTR FM NORMAL  -111    PTCLDY (SCALE 4-7)  11
TOTAL FM JUL 1  1435    CLOUDY (SCALE 8-10)  3
DPTR FM NORMAL  -239

[CDD (BASE 65) ]
TOTAL THIS MO.     0
DPTR FM NORMAL     0    [PRESSURE DATA]
TOTAL FM JAN 1     0    HIGHEST SLP M ON M
DPTR FM NORMAL     0    LOWEST  SLP 29.36 ON 20

[REMARKS]
