000
CXUS51 KAKQ 180833
CF6ORF
PRELIMINARY LOCAL CLIMATOLOGICAL DATA (WS FORM: F-6)

                                          STATION:   NORFOLK VA
                                          MONTH:     FEBRUARY
                                          YEAR:      2020
                                          LATITUDE:   36 54 N
                                          LONGITUDE:  76 12 W

  TEMPERATURE IN F:       :PCPN:    SNOW:  WIND      :SUNSHINE: SKY     :PK WND
================================================================================
1   2   3   4   5  6A  6B    7    8   9   10  11  12  13   14  15   16   17  18
                                     12Z  AVG MX 2MIN
DY MAX MIN AVG DEP HDD CDD  WTR  SNW DPTH SPD SPD DIR MIN PSBL S-S WX    SPD DR
================================================================================

 1  49  43  46   5  19   0 0.25  0.0    0  6.9 16 350   M    M  10 1      23 350
 2  58  39  49   8  16   0 0.00  0.0    0 11.2 24 210   M    M   2        30 210
 3  75  47  61  20   4   0 0.00  0.0    0  9.4 16 220   M    M   0        21 250
 4  72  53  63  22   2   0 0.00  0.0    0 11.2 18 220   M    M   4        30 210
 5  70  46  58  17   7   0    T  0.0    0 11.3 20  40   M    M  10 18     26  10
 6  75  47  61  20   4   0 1.44  0.0    0  8.6 32 200   M    M   9 1      43 210
 7  65  41  53  11  12   0 0.82  0.0    0 17.6 41 230   M    M   6 1      55 220
 8  47  36  42   0  23   0 0.00  0.0    0  6.1 13 300   M    M   1        22 280
 9  49  37  43   1  22   0 0.00  0.0    0  5.4 12  90   M    M   2        17 130
10  67  39  53  11  12   0 0.00  0.0    0 12.5 24 230   M    M   2        31 230
11  71  51  61  19   4   0 0.66  0.0    0 13.4 30 220   M    M  10 1      36 210
12  53  49  51   9  14   0 0.04  0.0    0  9.5 17  70   M    M   9        24 350
13  67  50  59  17   6   0 0.31  0.0    0 12.4 24 220   M    M  10 1      29 220
14  50  35  43   1  22   0 0.00  0.0    0 15.5 26  30   M    M   6        34  30
15  39  30  35  -8  30   0 0.00  0.0    0  9.5 23  30   M    M   2        28  30
16  53  31  42  -1  23   0 0.00  0.0    0  5.9 17 230   M    M   3        27 210
17  53  41  47   4  18   0 0.00  0.0    0  6.9 16  20   M    M   2 1      23  10
================================================================================
SM 1013  715       238   0  3.52     0.0 173.3          M       88
================================================================================
AV 59.6 42.1                              10.2 FASTST   M    M   5    MAX(MPH)
                                 MISC ---->  # 41 230               # 55  220
================================================================================
NOTES:
# LAST OF SEVERAL OCCURRENCES

COLUMN 17 PEAK WIND IN M.P.H.

PRELIMINARY LOCAL CLIMATOLOGICAL DATA (WS FORM: F-6) , PAGE 2

                                          STATION:  NORFOLK VA
                                          MONTH:    FEBRUARY
                                          YEAR:     2020
                                          LATITUDE:   36 54 N
                                          LONGITUDE:  76 12 W

[TEMPERATURE DATA]      [PRECIPITATION DATA]       SYMBOLS USED IN COLUMN 16

AVERAGE MONTHLY: 50.8   TOTAL FOR MONTH:   3.52    1 = FOG OR MIST
DPTR FM NORMAL:   9.0   DPTR FM NORMAL:    1.66    2 = FOG REDUCING VISIBILITY
HIGHEST:    75 ON  6, 3 GRTST 24HR  1.44 ON  6- 6      TO 1/4 MILE OR LESS
LOWEST:     30 ON 15                               3 = THUNDER
                        SNOW, ICE PELLETS, HAIL    4 = ICE PELLETS
                        TOTAL MONTH:   0.0 INCH    5 = HAIL
                        GRTST 24HR     0.0         6 = FREEZING RAIN OR DRIZZLE
                        GRTST DEPTH:   0           7 = DUSTSTORM OR SANDSTORM:
                                                       VSBY 1/2 MILE OR LESS
                                                   8 = SMOKE OR HAZE
[NO. OF DAYS WITH]      [WEATHER - DAYS WITH]      9 = BLOWING SNOW
                                                   X = TORNADO
MAX 32 OR BELOW:   0    0.01 INCH OR MORE:   6
MAX 90 OR ABOVE:   0    0.10 INCH OR MORE:   5
MIN 32 OR BELOW:   2    0.50 INCH OR MORE:   3
MIN  0 OR BELOW:   0    1.00 INCH OR MORE:   1

[HDD (BASE 65) ]
TOTAL THIS MO.   238    CLEAR  (SCALE 0-3)   8
DPTR FM NORMAL  -157    PTCLDY (SCALE 4-7)   3
TOTAL FM JUL 1  1728    CLOUDY (SCALE 8-10)  6
DPTR FM NORMAL  -609

[CDD (BASE 65) ]
TOTAL THIS MO.     0
DPTR FM NORMAL     0    [PRESSURE DATA]
TOTAL FM JAN 1     4    HIGHEST SLP M ON M
DPTR FM NORMAL     4    LOWEST  SLP 29.14 ON  7

[REMARKS]
