000
CXUS51 KAKQ 190710
CF6ORF
PRELIMINARY LOCAL CLIMATOLOGICAL DATA (WS FORM: F-6)

                                          STATION:   NORFOLK VA
                                          MONTH:     JUNE
                                          YEAR:      2021
                                          LATITUDE:   36 54 N
                                          LONGITUDE:  76 12 W

  TEMPERATURE IN F:       :PCPN:    SNOW:  WIND      :SUNSHINE: SKY     :PK WND
================================================================================
1   2   3   4   5  6A  6B    7    8   9   10  11  12  13   14  15   16   17  18
                                     12Z  AVG MX 2MIN
DY MAX MIN AVG DEP HDD CDD  WTR  SNW DPTH SPD SPD DIR MIN PSBL S-S WX    SPD DR
================================================================================

 1  78  57  68  -4   0   3 0.00  0.0    0  7.1 14 130   M    M   1        20 100
 2  81  62  72  -1   0   7 0.17  0.0    0  6.2 15 160   M    M   6 1      19 160
 3  84  71  78   5   0  13 1.66  0.0    0 10.7 18 190   M    M   8 1      25 200
 4  85  67  76   3   0  11 0.97  0.0    0  9.8 18 210   M    M   6 13     28 300
 5  91  67  79   5   0  14 0.00  0.0    0  7.1 15 190   M    M   0        20 180
 6  91  71  81   7   0  16 0.02  0.0    0  7.2 14 180   M    M   2 3      17 170
 7  91  75  83   9   0  18 0.00  0.0    0 10.8 24 220   M    M   3 3      27 220
 8  91  76  84   9   0  19 0.00  0.0    0 12.8 23 210   M    M   1        26 210
 9  91  75  83   8   0  18 0.01  0.0    0  8.0 16 230   M    M   2 138    20 240
10  88  73  81   6   0  16 0.24  0.0    0  3.9 14 190   M    M   2 13     19 150
11  83  74  79   3   0  14 0.22  0.0    0  5.5 15 120   M    M   9 13     20  90
12  75  69  72  -4   0   7 0.24  0.0    0 12.1 21  30   M    M   8 1      26  40
13  78  68  73  -3   0   8 0.00  0.0    0  8.1 13  60   M    M   2        23  70
14  87  68  78   2   0  13 0.00  0.0    0  7.2 16 200   M    M   0        20 120
15  83  71  77   0   0  12 0.00  0.0    0  8.3 16  30   M    M   1        21 220
16  82  69  76  -1   0  11 0.00  0.0    0  4.6 13  40   M    M   2        16 360
17  84  65  75  -2   0  10 0.00  0.0    M  6.8 17  40   M    M   0        23  30
18  88  62  75  -3   0  10 0.00  0.0    0  8.7 21 210   M    M   0        24 210
================================================================================
SM 1531 1240         0 220  3.53  0.0    144.9          M       53
================================================================================
AV 85.1 68.9                               8.0 FASTST   M    M   3    MAX(MPH)
                                 MISC ---->    24 220                 28 300
================================================================================
NOTES:
# LAST OF SEVERAL OCCURRENCES

COLUMN 17 PEAK WIND IN M.P.H.

PRELIMINARY LOCAL CLIMATOLOGICAL DATA (WS FORM: F-6) , PAGE 2

                                          STATION:   NORFOLK VA
                                          MONTH:     JUNE
                                          YEAR:      2021
                                          LATITUDE:   36 54 N
                                          LONGITUDE:  76 12 W

[TEMPERATURE DATA]      [PRECIPITATION DATA]       SYMBOLS USED IN COLUMN 16

AVERAGE MONTHLY: 77.0   TOTAL FOR MONTH:   3.53    1 = FOG OR MIST
DPTR FM NORMAL:   1.9   DPTR FM NORMAL:    0.85    2 = FOG REDUCING VISIBILITY
HIGHEST:    91 ON  9, 8  GRTST 24HR  1.78 ON  2- 3      TO 1/4 MILE OR LESS
LOWEST:     57 ON  1                               3 = THUNDER
                        SNOW, ICE PELLETS, HAIL    4 = ICE PELLETS
                        TOTAL MONTH:   0.0 INCH    5 = HAIL
                        GRTST 24HR  0.0            6 = FREEZING RAIN OR DRIZZLE
                        GRTST DEPTH:  0            7 = DUSTSTORM OR SANDSTORM:
                                                       VSBY 1/2 MILE OR LESS
                                                   8 = SMOKE OR HAZE
[NO. OF DAYS WITH]      [WEATHER - DAYS WITH]      9 = BLOWING SNOW
                                                   X = TORNADO
MAX 32 OR BELOW:   0    0.01 INCH OR MORE:   8
MAX 90 OR ABOVE:   5    0.10 INCH OR MORE:   6
MIN 32 OR BELOW:   0    0.50 INCH OR MORE:   2
MIN  0 OR BELOW:   0    1.00 INCH OR MORE:   1

[HDD (BASE 65) ]
TOTAL THIS MO.     0    CLEAR  (SCALE 0-3)  13
DPTR FM NORMAL    -1    PTCLDY (SCALE 4-7)   2
TOTAL FM JUL 1  2699    CLOUDY (SCALE 8-10)  3
DPTR FM NORMAL  -368

[CDD (BASE 65) ]
TOTAL THIS MO.   220
DPTR FM NORMAL    37    [PRESSURE DATA]
TOTAL FM JAN 1   452    HIGHEST SLP M ON M
DPTR FM NORMAL    53    LOWEST  SLP 29.67 ON 12

[REMARKS]
