000
CXUS51 KAKQ 230833
CF6ORF
PRELIMINARY LOCAL CLIMATOLOGICAL DATA (WS FORM: F-6)

                                          STATION:   NORFOLK VA
                                          MONTH:     JULY
                                          YEAR:      2019
                                          LATITUDE:   36 54 N
                                          LONGITUDE:  76 12 W

  TEMPERATURE IN F:       :PCPN:    SNOW:  WIND      :SUNSHINE: SKY     :PK WND
================================================================================
1   2   3   4   5  6A  6B    7    8   9   10  11  12  13   14  15   16   17  18
                                     12Z  AVG MX 2MIN
DY MAX MIN AVG DEP HDD CDD  WTR  SNW DPTH SPD SPD DIR MIN PSBL S-S WX    SPD DR
================================================================================

 1  84  70  77  -2   0  12 0.00  0.0    0  8.2 15  50   M    M   0        20  30
 2  94  67  81   2   0  16 0.00  0.0    0  5.7 14 240   M    M   0 3      20 290
 3  93  75  84   5   0  19 0.00  0.0    0  7.5 16 210   M    M   0 38     21 200
 4  94  75  85   6   0  20 0.41  0.0    0  6.0 21 270   M    M   2        29 250
 5  89  74  82   3   0  17 0.50  0.0    0  8.0 18 220   M    M   1 3      21 220
 6  92  75  84   4   0  19 0.00  0.0    0 10.7 17 240   M    M   6        24 210
 7  90  75  83   3   0  18 0.24  0.0    0  6.5 17 230   M    M   2        23 210
 8  87  74  81   1   0  16 0.11  0.0    0  8.6 22  40   M    M   6        29  40
 9  82  69  76  -4   0  11 0.00  0.0    0  8.3 16  60   M    M   1        20  40
10  89  67  78  -2   0  13 0.00  0.0    0  5.5 15  30   M    M   1        17  40
11  93  73  83   3   0  18 0.77  0.0    0 10.6 22 210   M    M   2 3      29 210
12  90  74  82   2   0  17    T  0.0    0  9.0 20 230   M    M   5 3      22 220
13  88  76  82   2   0  17    T  0.0    0  5.2 16 350   M    M   1 3      26 360
14  94  76  85   5   0  20 0.00  0.0    0  4.8 12  90   M    M   0        14 100
15  89  79  84   4   0  19 0.00  0.0    0  6.6 16  30   M    M   1        19  40
16  93  76  85   5   0  20    T  0.0    0  6.7 21 200   M    M   1        25 200
17  98  80  89   9   0  24 0.00  0.0    0 13.2 22 220   M    M   1 3      31 220
18  94  79  87   7   0  22    T  0.0    0 13.6 24 200   M    M   1 3      29 190
19  94  77  86   6   0  21 0.00  0.0    0  7.1 14 220   M    M   1        17 220
20 100  79  90  10   0  25 0.00  0.0    0  9.1 20 210   M    M   1        26 210
21 100  80  90  10   0  25 0.00  0.0    0  8.4 17 230   M    M   1        23 240
22 100  80  90  10   0  25    T  0.0    0 16.3 30 230   M    M   1        37 200
================================================================================
SM 2027 1650         0 414  2.03     0.0 185.6          M       35
================================================================================
AV 92.1 75.0                               8.4 FASTST   M    M   2    MAX(MPH)
                                 MISC ---->  # 30 230               # 37  200
================================================================================
NOTES:
# LAST OF SEVERAL OCCURRENCES

COLUMN 17 PEAK WIND IN M.P.H.

PRELIMINARY LOCAL CLIMATOLOGICAL DATA (WS FORM: F-6) , PAGE 2

                                          STATION:  NORFOLK VA
                                          MONTH:    JULY
                                          YEAR:     2019
                                          LATITUDE:   36 54 N
                                          LONGITUDE:  76 12 W

[TEMPERATURE DATA]      [PRECIPITATION DATA]       SYMBOLS USED IN COLUMN 16

AVERAGE MONTHLY: 83.6   TOTAL FOR MONTH:   2.03    1 = FOG OR MIST
DPTR FM NORMAL:   3.8   DPTR FM NORMAL:   -1.41    2 = FOG REDUCING VISIBILITY
HIGHEST:   100 ON 22,21 GRTST 24HR  0.77 ON 11-11      TO 1/4 MILE OR LESS
LOWEST:     67 ON 10, 2                            3 = THUNDER
                        SNOW, ICE PELLETS, HAIL    4 = ICE PELLETS
                        TOTAL MONTH:   0.0 INCH    5 = HAIL
                        GRTST 24HR     0.0         6 = FREEZING RAIN OR DRIZZLE
                        GRTST DEPTH:   0           7 = DUSTSTORM OR SANDSTORM:
                                                       VSBY 1/2 MILE OR LESS
                                                   8 = SMOKE OR HAZE
[NO. OF DAYS WITH]      [WEATHER - DAYS WITH]      9 = BLOWING SNOW
                                                   X = TORNADO
MAX 32 OR BELOW:   0    0.01 INCH OR MORE:   5
MAX 90 OR ABOVE:  15    0.10 INCH OR MORE:   5
MIN 32 OR BELOW:   0    0.50 INCH OR MORE:   2
MIN  0 OR BELOW:   0    1.00 INCH OR MORE:   0

[HDD (BASE 65) ]
TOTAL THIS MO.     0    CLEAR  (SCALE 0-3)  19
DPTR FM NORMAL     0    PTCLDY (SCALE 4-7)   3
TOTAL FM JUL 1     0    CLOUDY (SCALE 8-10)  0
DPTR FM NORMAL     0

[CDD (BASE 65) ]
TOTAL THIS MO.   414
DPTR FM NORMAL    90    [PRESSURE DATA]
TOTAL FM JAN 1  1167    HIGHEST SLP M ON M
DPTR FM NORMAL   362    LOWEST  SLP 29.78 ON 11

[REMARKS]
