000
CXUS51 KBOX 190810
CF6ORH
PRELIMINARY LOCAL CLIMATOLOGICAL DATA (WS FORM: F-6)

                                          STATION:   WORCESTER MA
                                          MONTH:     JUNE
                                          YEAR:      2021
                                          LATITUDE:   42 16 N
                                          LONGITUDE:  71 52 W

  TEMPERATURE IN F:       :PCPN:    SNOW:  WIND      :SUNSHINE: SKY     :PK WND
================================================================================
1   2   3   4   5  6A  6B    7    8   9   10  11  12  13   14  15   16   17  18
                                     12Z  AVG MX 2MIN
DY MAX MIN AVG DEP HDD CDD  WTR  SNW DPTH SPD SPD DIR MIN PSBL S-S WX    SPD DR
================================================================================

 1  73  52  63   2   2   0 0.00  0.0    M 10.9 17 280   M    M   0        24 260
 2  77  54  66   5   0   1 0.00  0.0    M  8.2 17 210   M    M   2        25 230
 3  71  57  64   2   1   0 0.01  0.0    M  8.8 17 220   M    M   6 18     22 220
 4  73  62  68   6   0   3 0.00  0.0    M  9.2 16 230   M    M   6 1      23 240
 5  87  63  75  13   0  10 0.00  0.0    M 11.3 22 230   M    M   0 1      32 230
 6  89  70  80  18   0  15 0.00  0.0    M 10.6 20 250   M    M   0        24 240
 7  89  68  79  16   0  14 0.00  0.0    M 10.5 21 250   M    M   1        27 240
 8  89  70  80  17   0  15 0.03  0.0    M  8.7 14 280   M    M   3 3      17 270
 9  87  69  78  15   0  13 0.02  0.0    M  9.1 16 340   M    M   3 1      22 340
10  74  55  65   1   0   0 0.00  0.0    M  7.7 13 130   M    M   0        16  50
11  70  52  61  -3   4   0 0.02  0.0    M  4.3 12 160   M    M   6        15 180
12  73  55  64   0   1   0 0.25  0.0    M  4.9 12 260   M    M   6 12     14 260
13  78  58  68   4   0   3 0.00  0.0    M 10.6 16 200   M    M   2        21 190
14  64  55  60  -5   5   0 0.62  0.0    M  8.1 15 170   M    M   8 123    21 160
15  78  60  69   4   0   4 0.03  0.0    M  6.3 14 250   M    M   6 13     17 250
16  70  55  63  -2   2   0 0.00  0.0    M 11.3 21 310   M    M   1        27 300
17  73  52  63  -3   2   0 0.00  0.0    M  9.7 17 300   M    M   0        23 280
18  80  55  68   2   0   3    T  0.0    M 11.1 21 220   M    M   1        26 220
================================================================================
SM 1395 1062        17  81  0.98  0.0    161.3          M       51
================================================================================
AV 77.5 59.0                               9.0 FASTST   M    M   3    MAX(MPH)
                                 MISC ---->    22 230                 32 230
================================================================================
NOTES:
# LAST OF SEVERAL OCCURRENCES

COLUMN 17 PEAK WIND IN M.P.H.

PRELIMINARY LOCAL CLIMATOLOGICAL DATA (WS FORM: F-6) , PAGE 2

                                          STATION:   WORCESTER MA
                                          MONTH:     JUNE
                                          YEAR:      2021
                                          LATITUDE:   42 16 N
                                          LONGITUDE:  71 52 W

[TEMPERATURE DATA]      [PRECIPITATION DATA]       SYMBOLS USED IN COLUMN 16

AVERAGE MONTHLY: 68.3   TOTAL FOR MONTH:   0.98    1 = FOG OR MIST
DPTR FM NORMAL:   4.8   DPTR FM NORMAL:   -1.64    2 = FOG REDUCING VISIBILITY
HIGHEST:    89 ON  8, 7  GRTST 24HR  0.65 ON 14-15      TO 1/4 MILE OR LESS
LOWEST:     52 ON 17,11                             3 = THUNDER
                        SNOW, ICE PELLETS, HAIL    4 = ICE PELLETS
                        TOTAL MONTH:   0.0 INCH    5 = HAIL
                        GRTST 24HR  0.0            6 = FREEZING RAIN OR DRIZZLE
                        GRTST DEPTH:  M  ON   M    7 = DUSTSTORM OR SANDSTORM:
                                                       VSBY 1/2 MILE OR LESS
                                                   8 = SMOKE OR HAZE
[NO. OF DAYS WITH]      [WEATHER - DAYS WITH]      9 = BLOWING SNOW
                                                   X = TORNADO
MAX 32 OR BELOW:   0    0.01 INCH OR MORE:   7
MAX 90 OR ABOVE:   0    0.10 INCH OR MORE:   2
MIN 32 OR BELOW:   0    0.50 INCH OR MORE:   1
MIN  0 OR BELOW:   0    1.00 INCH OR MORE:   0

[HDD (BASE 65) ]
TOTAL THIS MO.    17    CLEAR  (SCALE 0-3)  12
DPTR FM NORMAL   -48    PTCLDY (SCALE 4-7)   6
TOTAL FM JUL 1  5850    CLOUDY (SCALE 8-10)  0
DPTR FM NORMAL  -759

[CDD (BASE 65) ]
TOTAL THIS MO.    81
DPTR FM NORMAL    43    [PRESSURE DATA]
TOTAL FM JAN 1   116    HIGHEST SLP M ON M
DPTR FM NORMAL    54    LOWEST  SLP 29.69 ON 15

[REMARKS]
