000
CXUS51 KBOX 011144
CF6ORH
PRELIMINARY LOCAL CLIMATOLOGICAL DATA (WS FORM: F-6)

                                          STATION:   WORCESTER MA
                                          MONTH:     MAY
                                          YEAR:      2020
                                          LATITUDE:   42 16 N
                                          LONGITUDE:  71 52 W

  TEMPERATURE IN F:       :PCPN:    SNOW:  WIND      :SUNSHINE: SKY     :PK WND
================================================================================
1   2   3   4   5  6A  6B    7    8   9   10  11  12  13   14  15   16   17  18
                                     12Z  AVG MX 2MIN
DY MAX MIN AVG DEP HDD CDD  WTR  SNW DPTH SPD SPD DIR MIN PSBL S-S WX    SPD DR
================================================================================

 1  66  49  58   6   7   0 0.87  0.0    M  9.2 24 330   M    M  10 123    33 340
 2  67  42  55   3  10   0    T  0.0    M 13.9 25 310   M    M   2        36 340
 3  76  54  65  12   0   0    T  0.0    M 12.1 25 240   M    M   3        33 250
 4  68  43  56   3   9   0 0.00  0.0    M 14.7 25 300   M    M   3        35 310
 5  57  40  49  -4  16   0 0.00  0.0    M 11.4 22 310   M    M   0        28 310
 6  57  39  48  -5  17   0 0.02  0.0    M  5.8 16 150   M    M   5        20 150
 7  62  39  51  -3  14   0    T  0.0    M 10.5 29 280   M    M   5        38 280
 8  54  38  46  -8  19   0 0.18  0.0    M 12.5 24 280   M    M   5 1      31 270
 9  40  30  35 -19  30   0 0.06  0.7    M 20.3 38 300   M    M   7 128    47 300
10  57  32  45 -10  20   0 0.00  0.0    M 15.2 31 270   M    M   4        42 280
11  61  37  49  -6  16   0 0.07  0.0    M 11.5 36 240   M    M   5 1      42 250
12  52  34  43 -12  22   0    T    T    M 16.1 29 310   M    M   4 8      40 290
13  56  32  44 -12  21   0    T    T    M 14.2 26 290   M    M   0        35 310
14  68  40  54  -2  11   0    T  0.0    M 11.3 21 250   M    M   2        26 240
15  78  50  64   8   1   0 0.48  0.0    M 10.1 43 280   M    M   7 13     63 290
16  68  50  59   3   6   0 0.01  0.0    M 10.1 23 320   M    M   4        29 350
17  65  50  58   1   7   0 0.00  0.0    M  7.4 13 220   M    M   8        16 230
18  63  49  56  -1   9   0    T  0.0    M  7.4 14 290   M    M   8        17 290
19  60  44  52  -5  13   0 0.00  0.0    M  9.8 21  90   M    M   1        30  50
20  65  44  55  -3  10   0 0.00  0.0    M  6.7 14  80   M    M   0        18  80
21  74  44  59   1   6   0 0.00  0.0    M 10.8 17 250   M    M   0        22 210
22  79  52  66   8   0   1 0.00  0.0    M 13.4 20 230   M    M   0        29 230
23  68  44  56  -2   9   0    T  0.0    M 12.4 21  70   M    M   5        32  60
24  65  41  53  -6  12   0 0.00  0.0    M  8.0 15  60   M    M   0        20  50
25  68  48  58  -1   7   0 0.01  0.0    M  5.7 13 150   M    M   8 12     15 150
26  82  60  71  12   0   6 0.00  0.0    M  6.9 14 220   M    M   5 1      22 180
27  83  60  72  12   0   7 0.00  0.0    M 11.6 18 190   M    M   0        23 170
28  73  63  68   8   0   3 0.06  0.0    M 11.4 18 200   M    M   9 18     25 200
29  76  67  72  12   0   7    T  0.0    M 15.0 26 220   M    M  10 12     33 220
30  76  59  68   8   0   3 0.05  0.0    M 11.5 25 300   M    M   4 1      30 290
31  63  40  52  -9  13   0 0.00  0.0    M 14.1 23 300   M    M   2        31 290
================================================================================
SM 2047 1414       305  27  1.81     0.7 351.0          M      126
================================================================================
AV 66.0 45.6                              11.3 FASTST   M    M   4    MAX(MPH)
                                 MISC ---->  # 43 280               # 63  290
================================================================================
NOTES:
# LAST OF SEVERAL OCCURRENCES

COLUMN 17 PEAK WIND IN M.P.H.

PRELIMINARY LOCAL CLIMATOLOGICAL DATA (WS FORM: F-6) , PAGE 2

                                          STATION:  WORCESTER MA
                                          MONTH:    MAY
                                          YEAR:     2020
                                          LATITUDE:   42 16 N
                                          LONGITUDE:  71 52 W

[TEMPERATURE DATA]      [PRECIPITATION DATA]       SYMBOLS USED IN COLUMN 16

AVERAGE MONTHLY: 55.8   TOTAL FOR MONTH:   1.81    1 = FOG OR MIST
DPTR FM NORMAL:  -0.5   DPTR FM NORMAL:   -2.38    2 = FOG REDUCING VISIBILITY
HIGHEST:    83 ON 27    GRTST 24HR  0.87 ON  1- 1      TO 1/4 MILE OR LESS
LOWEST:     30 ON  9                               3 = THUNDER
                        SNOW, ICE PELLETS, HAIL    4 = ICE PELLETS
                        TOTAL MONTH:   0.7 INCH    5 = HAIL
                        GRTST 24HR   0.7 ON  9- 9  6 = FREEZING RAIN OR DRIZZLE
                        GRTST DEPTH:  M  ON   M    7 = DUSTSTORM OR SANDSTORM:
                                                       VSBY 1/2 MILE OR LESS
                                                   8 = SMOKE OR HAZE
[NO. OF DAYS WITH]      [WEATHER - DAYS WITH]      9 = BLOWING SNOW
                                                   X = TORNADO
MAX 32 OR BELOW:   0    0.01 INCH OR MORE:  10
MAX 90 OR ABOVE:   0    0.10 INCH OR MORE:   3
MIN 32 OR BELOW:   3    0.50 INCH OR MORE:   1
MIN  0 OR BELOW:   0    1.00 INCH OR MORE:   0

[HDD (BASE 65) ]
TOTAL THIS MO.   305    CLEAR  (SCALE 0-3)  12
DPTR FM NORMAL    18    PTCLDY (SCALE 4-7)  14
TOTAL FM JUL 1  6264    CLOUDY (SCALE 8-10)  5
DPTR FM NORMAL  -370

[CDD (BASE 65) ]
TOTAL THIS MO.    27
DPTR FM NORMAL     8    [PRESSURE DATA]
TOTAL FM JAN 1    27    HIGHEST SLP 30.50 ON 20
DPTR FM NORMAL     5    LOWEST  SLP 29.46 ON  9

[REMARKS]
#FINAL-05-20#
