000
CXUS51 KBOX 251200
CF6ORH
PRELIMINARY LOCAL CLIMATOLOGICAL DATA (WS FORM: F-6)

                                          STATION:   WORCESTER MA
                                          MONTH:     SEPTEMBER
                                          YEAR:      2018
                                          LATITUDE:   42 16 N
                                          LONGITUDE:  71 52 W

  TEMPERATURE IN F:       :PCPN:    SNOW:  WIND      :SUNSHINE: SKY     :PK WND
================================================================================
1   2   3   4   5  6A  6B    7    8   9   10  11  12  13   14  15   16   17  18
                                     12Z  AVG MX 2MIN
DY MAX MIN AVG DEP HDD CDD  WTR  SNW DPTH SPD SPD DIR MIN PSBL S-S WX    SPD DR
================================================================================

 1  73  57  65  -1   0   0 0.00  0.0    M  5.0 10 220   M    M   7        13 210
 2  79  58  69   3   0   4 0.00  0.0    M  7.4 10 230   M    M   4         M  M
 3  87  69  78  12   0  13 0.00  0.0    M 11.4 17 240   M    M   4        22 240
 4  85  69  77  12   0  12 0.00  0.0    M  5.7 13 300   M    M   2        17 280
 5  85  66  76  11   0  11 0.00  0.0    M  8.7 15 210   M    M   3 12     18 220
 6  89  69  79  14   0  14 0.03  0.0    M  9.8 31 310   M    M   3 13     36 310
 7  70  59  65   1   0   0    T  0.0    M  5.6 12 290   M    M   7        15  30
 8  65  51  58  -6   7   0    T  0.0    M  7.5 13  10   M    M   2        17  20
 9  57  49  53 -11  12   0 0.00  0.0    M  8.1 13  40   M    M   1        20  40
10  58  49  54  -9  11   0 1.28  0.0    M  8.9 16  70   M    M   8 1      23  60
11  75  57  66   3   0   1 0.35  0.0    M  4.9 13  10   M    M  10 12     15  40
12  70  61  66   3   0   1 0.66  0.0    M  6.5 13  70   M    M  10 123    18  80
13  69  60  65   3   0   0 0.10  0.0    M  4.0 10 360   M    M  10 123    15 360
14  74  62  68   6   0   3 0.00  0.0    M  1.9  7 220   M    M   9 12      9 120
15  78  62  70   8   0   5 0.00  0.0    M  3.8 10 270   M    M   6 12     14 270
16  84  64  74  13   0   9 0.00  0.0    M  5.8 13 290   M    M   0        14 290
17  79  63  71  10   0   6 0.02  0.0    M 10.4 17 230   M    M   2 1      22 230
18  72  66  69   8   0   4 1.82  0.0    M  7.6 18 260   M    M   6 13     30 250
19  70  56  63   3   2   0    T  0.0    M  7.2 14  20   M    M   8 12     20  20
20  65  55  60   0   5   0 0.00  0.0    M  6.2 12  70   M    M   9        16  50
21  66  55  61   2   4   0 0.00  0.0    M 12.9 24 210   M    M  10        36 200
22  66  50  58  -1   7   0 0.10  0.0    M 11.2 23 290   M    M   3 1      34 230
23  58  46  52  -7  13   0 0.00  0.0    M  5.4 10 360   M    M   0        14 360
24  56  45  51  -7  14   0 0.00  0.0    M 10.3 17  60   M    M   8        26  40
================================================================================
SM 1730 1398        75  83  4.36     0.0 176.2          M      132
================================================================================
AV 72.1 58.3                               7.3 FASTST   M    M   6    MAX(MPH)
                                 MISC ---->  # 31 310               # 36  310
================================================================================
NOTES:
# LAST OF SEVERAL OCCURRENCES

COLUMN 17 PEAK WIND IN M.P.H.

PRELIMINARY LOCAL CLIMATOLOGICAL DATA (WS FORM: F-6) , PAGE 2

                                          STATION:  WORCESTER MA
                                          MONTH:    SEPTEMBER
                                          YEAR:     2018
                                          LATITUDE:   42 16 N
                                          LONGITUDE:  71 52 W

[TEMPERATURE DATA]      [PRECIPITATION DATA]       SYMBOLS USED IN COLUMN 16

AVERAGE MONTHLY: 65.2   TOTAL FOR MONTH:   4.36    1 = FOG OR MIST
DPTR FM NORMAL:   2.8   DPTR FM NORMAL:    1.34    2 = FOG REDUCING VISIBILITY
HIGHEST:    89 ON  6    GRTST 24HR  1.82 ON 18-18      TO 1/4 MILE OR LESS
LOWEST:     45 ON 24                               3 = THUNDER
                        SNOW, ICE PELLETS, HAIL    4 = ICE PELLETS
                        TOTAL MONTH:   0.0 INCH    5 = HAIL
                        GRTST 24HR     0.0         6 = FREEZING RAIN OR DRIZZLE
                        GRTST DEPTH:  M  ON   M    7 = DUSTSTORM OR SANDSTORM:
                                                       VSBY 1/2 MILE OR LESS
                                                   8 = SMOKE OR HAZE
[NO. OF DAYS WITH]      [WEATHER - DAYS WITH]      9 = BLOWING SNOW
                                                   X = TORNADO
MAX 32 OR BELOW:   0    0.01 INCH OR MORE:   8
MAX 90 OR ABOVE:   0    0.10 INCH OR MORE:   6
MIN 32 OR BELOW:   0    0.50 INCH OR MORE:   3
MIN  0 OR BELOW:   0    1.00 INCH OR MORE:   2

[HDD (BASE 65) ]
TOTAL THIS MO.    75    CLEAR  (SCALE 0-3)   9
DPTR FM NORMAL   -25    PTCLDY (SCALE 4-7)   8
TOTAL FM JUL 1    75    CLOUDY (SCALE 8-10)  7
DPTR FM NORMAL   -64

[CDD (BASE 65) ]
TOTAL THIS MO.    83
DPTR FM NORMAL    43    [PRESSURE DATA]
TOTAL FM JAN 1   677    HIGHEST SLP M ON M
DPTR FM NORMAL   211    LOWEST  SLP 29.68 ON 18

[REMARKS]
