000
CXUS51 KBOX 201200
CF6ORH
PRELIMINARY LOCAL CLIMATOLOGICAL DATA (WS FORM: F-6)

                                          STATION:   WORCESTER MA
                                          MONTH:     OCTOBER
                                          YEAR:      2019
                                          LATITUDE:   42 16 N
                                          LONGITUDE:  71 52 W

  TEMPERATURE IN F:       :PCPN:    SNOW:  WIND      :SUNSHINE: SKY     :PK WND
================================================================================
1   2   3   4   5  6A  6B    7    8   9   10  11  12  13   14  15   16   17  18
                                     12Z  AVG MX 2MIN
DY MAX MIN AVG DEP HDD CDD  WTR  SNW DPTH SPD SPD DIR MIN PSBL S-S WX    SPD DR
================================================================================

 1  70  53  62   7   3   0 0.03  0.0    M 13.3 22 240   M    M   7 1      30 240
 2  73  47  60   5   5   0 0.14  0.0    M 10.6 20 240   M    M   4 1      24 240
 3   M  44   M   M   M   M 0.14  0.0    M  7.1 14  60   M    M   8 12     19  50
 4  56  39  48  -6  17   0 0.05  0.0    M 11.0 23 350   M    M   6 12     32 350
 5  56  38  47  -7  18   0 0.00  0.0    M  6.4 13 340   M    M   0        18  10
 6  64  37  51  -2  14   0 0.00  0.0    M 12.0 21 210   M    M   7        28 190
 7  72  55  64  11   1   0 0.57  0.0    M 15.3 30 220   M    M  10 1      39 220
 8  58  49  54   1  11   0 0.02  0.0    M  7.4 15 290   M    M   3        21 300
 9  50  47  49  -3  16   0 0.08  0.0    M 12.2 17  30   M    M   5        30  20
10  52  47  50  -2  15   0    T  0.0    M 14.2 21  30   M    M   6        35  20
11  54  45  50  -2  15   0 0.03  0.0    M 14.5 24  30   M    M   7 1      38  30
12  54  47  51   0  14   0 0.03  0.0    M  6.6 16  30   M    M   8 1      26  50
13  64  47  56   5   9   0 0.00  0.0    M  8.1 18 280   M    M   3        23 280
14  66  43  55   4  10   0 0.00  0.0    M  7.1 14 290   M    M   3        16 290
15  57  39  48  -2  17   0 0.00  0.0    M  8.2 17 300   M    M   0        23 300
16  57  41  49  -1  16   0 1.81  0.0    M 10.7 25  50   M    M   5 1      38  50
17  55  42  49  -1  16   0 1.62  0.0    M 20.3 33 250   M    M   9 1      46 240
18  53  39  46  -3  19   0 0.00  0.0    M 11.9 23 300   M    M   6        30 280
19  55  33  44  -5  21   0 0.00  0.0    M  6.8 15 320   M    M   0        19 290
================================================================================
SM 1066  832       237   0  4.52     0.0 203.7          M       97
================================================================================
AV 59.2 43.8                              10.7 FASTST   M    M   5    MAX(MPH)
                                 MISC ---->  # 33 250               # 46  240
================================================================================
NOTES:
# LAST OF SEVERAL OCCURRENCES

COLUMN 17 PEAK WIND IN M.P.H.

PRELIMINARY LOCAL CLIMATOLOGICAL DATA (WS FORM: F-6) , PAGE 2

                                          STATION:  WORCESTER MA
                                          MONTH:    OCTOBER
                                          YEAR:     2019
                                          LATITUDE:   42 16 N
                                          LONGITUDE:  71 52 W

[TEMPERATURE DATA]      [PRECIPITATION DATA]       SYMBOLS USED IN COLUMN 16

AVERAGE MONTHLY: 51.5   TOTAL FOR MONTH:   4.52    1 = FOG OR MIST
DPTR FM NORMAL:  -0.5   DPTR FM NORMAL:    1.56    2 = FOG REDUCING VISIBILITY
HIGHEST:    73 ON  2    GRTST 24HR  1.81 ON 16-16      TO 1/4 MILE OR LESS
LOWEST:     33 ON 19                               3 = THUNDER
                        SNOW, ICE PELLETS, HAIL    4 = ICE PELLETS
                        TOTAL MONTH:   0.0 INCH    5 = HAIL
                        GRTST 24HR     0.0         6 = FREEZING RAIN OR DRIZZLE
                        GRTST DEPTH:  M  ON   M    7 = DUSTSTORM OR SANDSTORM:
                                                       VSBY 1/2 MILE OR LESS
                                                   8 = SMOKE OR HAZE
[NO. OF DAYS WITH]      [WEATHER - DAYS WITH]      9 = BLOWING SNOW
                                                   X = TORNADO
MAX 32 OR BELOW:   0    0.01 INCH OR MORE:  11
MAX 90 OR ABOVE:   0    0.10 INCH OR MORE:   5
MIN 32 OR BELOW:   0    0.50 INCH OR MORE:   3
MIN  0 OR BELOW:   0    1.00 INCH OR MORE:   2

[HDD (BASE 65) ]
TOTAL THIS MO.   237    CLEAR  (SCALE 0-3)   6
DPTR FM NORMAL   -14    PTCLDY (SCALE 4-7)  11
TOTAL FM JUL 1   377    CLOUDY (SCALE 8-10)  2
DPTR FM NORMAL   -67

[CDD (BASE 65) ]
TOTAL THIS MO.     0
DPTR FM NORMAL     0    [PRESSURE DATA]
TOTAL FM JAN 1   545    HIGHEST SLP M ON M
DPTR FM NORMAL    77    LOWEST  SLP 28.80 ON 17

[REMARKS]
