741
CXUS51 KBOX 210810
CF6ORH
PRELIMINARY LOCAL CLIMATOLOGICAL DATA (WS FORM: F-6)

                                          STATION:   WORCESTER MA
                                          MONTH:     MAY
                                          YEAR:      2024
                                          LATITUDE:   42 16 N
                                          LONGITUDE:  71 52 W

  TEMPERATURE IN F:       :PCPN:    SNOW:  WIND      :SUNSHINE: SKY     :PK WND
================================================================================
1   2   3   4   5  6A  6B    7    8   9   10  11  12  13   14  15   16   17  18
                                     12Z  AVG MX 2MIN
DY MAX MIN AVG DEP HDD CDD  WTR  SNW DPTH SPD SPD DIR MIN PSBL S-S WX    SPD DR
================================================================================

 1  57  44  51  -1  14   0 0.03  0.0    M  5.0  9  40   M    M   8 12     14  40
 2  77  46  62   9   3   0    T  0.0    M 11.1 24 260   M    M   7 1      35  30
 3  60  46  53   0  12   0 0.00  0.0    M  6.5 13  30   M    M   7        20  60
 4  60  45  53   0  12   0 0.00  0.0    M  7.0 14  80   M    M   2        21  60
 5  51  43  47  -7  18   0 0.58  0.0    M  7.4 14 160   M    M  10 12     18 190
 6  72  47  60   6   5   0 0.00  0.0    M  8.0 15 240   M    M   6 1      23 210
 7  77  56  67  13   0   2 0.00  0.0    M  9.2 16 270   M    M   0        23 240
 8  63  52  58   3   7   0 0.67  0.0    M  4.6 16 290   M    M   7 123    23 280
 9  65  48  57   2   8   0 0.00  0.0    M  9.4 20 300   M    M   5        30 330
10  59  44  52  -3  13   0 0.00  0.0    M  7.6 20 120   M    M   6        29 120
11  57  41  49  -7  16   0 0.00  0.0    M  6.6 14  80   M    M   5        20  70
12  58  41  50  -6  15   0 0.02  0.0    M  3.8 10 290   M    M   7        16 270
13  69  48  59   3   6   0 0.00  0.0    M  7.8 15 210   M    M   7        21 190
14  78  51  65   9   0   0 0.00  0.0    M 12.2 23 220   M    M   3        31 210
15  69  56  63   7   2   0 0.47  0.0    M  7.3 17 250   M    M   9 1      24 250
16  64  53  59   2   6   0 0.84  0.0    M  9.6 17  30   M    M   8 1      33  70
17  72  52  62   5   3   0 0.00  0.0    M  8.7 17  80   M    M   6        27  80
18  57  53  55  -2  10   0 2.00  0.0    M  9.3 14  40   M    M   9 1      25  30
19  62  52  57  -1   8   0 0.01  0.0    M  8.5 16  30   M    M  10 12     25  30
20  72  52  62   4   3   0 0.00  0.0    M  5.9 12 240   M    M   5 128    15 220
================================================================================
SM 1299  970       161   2  4.62  0.0    155.5          M      127
================================================================================
AV 65.0 48.5                               7.8 FASTST   M    M   6    MAX(MPH)
                                 MISC ---->    24 260                 35  30
================================================================================
NOTES:
# LAST OF SEVERAL OCCURRENCES

COLUMN 17 PEAK WIND IN M.P.H.

PRELIMINARY LOCAL CLIMATOLOGICAL DATA (WS FORM: F-6) , PAGE 2

                                          STATION:   WORCESTER MA
                                          MONTH:     MAY
                                          YEAR:      2024
                                          LATITUDE:   42 16 N
                                          LONGITUDE:  71 52 W

[TEMPERATURE DATA]      [PRECIPITATION DATA]       SYMBOLS USED IN COLUMN 16

AVERAGE MONTHLY: 56.7   TOTAL FOR MONTH:   4.62    1 = FOG OR MIST
DPTR FM NORMAL:   1.5   DPTR FM NORMAL:    2.40    2 = FOG REDUCING VISIBILITY
HIGHEST:    78 ON 14    GRTST 24HR  2.01 ON 18-19      TO 1/4 MILE OR LESS
LOWEST:     41 ON 12,11                             3 = THUNDER
                        SNOW, ICE PELLETS, HAIL    4 = ICE PELLETS
                        TOTAL MONTH:   0.0 INCH    5 = HAIL
                        GRTST 24HR  0.0            6 = FREEZING RAIN OR DRIZZLE
                        GRTST DEPTH:  M  ON   M    7 = DUSTSTORM OR SANDSTORM:
                                                       VSBY 1/2 MILE OR LESS
                                                   8 = SMOKE OR HAZE
[NO. OF DAYS WITH]      [WEATHER - DAYS WITH]      9 = BLOWING SNOW
                                                   X = TORNADO
MAX 32 OR BELOW:   0    0.01 INCH OR MORE:   8
MAX 90 OR ABOVE:   0    0.10 INCH OR MORE:   5
MIN 32 OR BELOW:   0    0.50 INCH OR MORE:   4
MIN  0 OR BELOW:   0    1.00 INCH OR MORE:   1

[HDD (BASE 65) ]
TOTAL THIS MO.   161    CLEAR  (SCALE 0-3)   3
DPTR FM NORMAL   -42    PTCLDY (SCALE 4-7)  13
TOTAL FM JUL 1  5456    CLOUDY (SCALE 8-10)  4
DPTR FM NORMAL -1013

[CDD (BASE 65) ]
TOTAL THIS MO.     2
DPTR FM NORMAL    -2    [PRESSURE DATA]
TOTAL FM JAN 1     2    HIGHEST SLP M ON M
DPTR FM NORMAL    -5    LOWEST  SLP 29.50 ON  8

[REMARKS]