000
CXUS51 KBOX 231546
CF6ORH
PRELIMINARY LOCAL CLIMATOLOGICAL DATA (WS FORM: F-6)

                                          STATION:   WORCESTER MA
                                          MONTH:     MAY
                                          YEAR:      2022
                                          LATITUDE:   42 16 N
                                          LONGITUDE:  71 52 W

  TEMPERATURE IN F:       :PCPN:    SNOW:  WIND      :SUNSHINE: SKY     :PK WND
================================================================================
1   2   3   4   5  6A  6B    7    8   9   10  11  12  13   14  15   16   17  18
                                     12Z  AVG MX 2MIN
DY MAX MIN AVG DEP HDD CDD  WTR  SNW DPTH SPD SPD DIR MIN PSBL S-S WX    SPD DR
================================================================================

 1  68  41  55   3  10   0 0.00  0.0    M  7.3 14 230   M    M   0        20 350
 2  54  43  49  -4  16   0 0.23  0.0    M  7.9 15 260   M    M   7 1      20 250
 3  54  44  49  -4  16   0 0.04  0.0    M  6.9 14 140   M    M  10 1      17 150
 4  52  46  49  -4  16   0 0.11  0.0    M  4.0 13 320   M    M  10 1      17 340
 5  68  49  59   5   6   0 0.00  0.0    M  8.3 17 300   M    M   1        24 290
 6  62  51  57   3   8   0 0.00  0.0    M  4.6 12  20   M    M   2        13  20
 7  52  41  47  -7  18   0 0.00  0.0    M 14.2 24  60   M    M   0        35  70
 8  54  40  47  -8  18   0 0.00  0.0    M 12.9 26  70   M    M   0        36  70
 9  59  39  49  -6  16   0 0.00  0.0    M 13.3 25  70   M    M   0        37  60
10  63  43  53  -2  12   0 0.00  0.0    M 13.2 22  80   M    M   0        34  90
11  69  45  57   1   8   0 0.00  0.0    M 10.4 20  30   M    M   1        27  30
12  77  51  64   8   1   0 0.00  0.0    M  6.3 12 100   M    M   4 12     17 110
13  80  59  70  14   0   5 0.00  0.0    M  8.2 17 190   M    M   6 12     22 210
14  82  64  73  17   0   8    T  0.0    M 10.8 20 210   M    M   4        26 220
15  78  62  70  14   0   5 0.40  0.0    M  7.8 15 220   M    M   9 18     20 220
16  80  57  69  12   0   4 0.77  0.0    M 10.7 24 210   M    M   6 13     32 180
17  67  52  60   3   5   0    T  0.0    M 17.3 30 300   M    M   2        41 260
18  69  48  59   2   6   0 0.00  0.0    M 10.0 23 300   M    M   2        30 300
19  59  50  55  -3  10   0 0.18    M    M  7.5 14 260   M    M   9 1      19 250
20  75  50  63   5   2   0 0.03  0.0    M  9.1 18 160   M    M   4 1      24 170
21  88  59  74  16   0   9 0.00  0.0    M  6.9 16 240   M    M   5 12     20 250
22  90  66  78  20   0  13 0.15  0.0    M 11.9 35 300   M    M   1 13     42 290
================================================================================
SM 1500 1100       168  44  1.91  0.0    209.5          M       83
================================================================================
AV 68.2 50.0                               9.5 FASTST   M    M   4    MAX(MPH)
                                 MISC ---->    35 300                 42 290
================================================================================
NOTES:
# LAST OF SEVERAL OCCURRENCES

COLUMN 17 PEAK WIND IN M.P.H.

PRELIMINARY LOCAL CLIMATOLOGICAL DATA (WS FORM: F-6) , PAGE 2

                                          STATION:   WORCESTER MA
                                          MONTH:     MAY
                                          YEAR:      2022
                                          LATITUDE:   42 16 N
                                          LONGITUDE:  71 52 W

[TEMPERATURE DATA]      [PRECIPITATION DATA]       SYMBOLS USED IN COLUMN 16

AVERAGE MONTHLY: 59.1   TOTAL FOR MONTH:   1.91    1 = FOG OR MIST
DPTR FM NORMAL:   3.6   DPTR FM NORMAL:   -0.54    2 = FOG REDUCING VISIBILITY
HIGHEST:    90 ON 22    GRTST 24HR  0.77 ON 15-16      TO 1/4 MILE OR LESS
LOWEST:     39 ON  9                               3 = THUNDER
                        SNOW, ICE PELLETS, HAIL    4 = ICE PELLETS
                        TOTAL MONTH:   0.0 INCH    5 = HAIL
                        GRTST 24HR  0.0            6 = FREEZING RAIN OR DRIZZLE
                        GRTST DEPTH:  M  ON   M    7 = DUSTSTORM OR SANDSTORM:
                                                       VSBY 1/2 MILE OR LESS
                                                   8 = SMOKE OR HAZE
[NO. OF DAYS WITH]      [WEATHER - DAYS WITH]      9 = BLOWING SNOW
                                                   X = TORNADO
MAX 32 OR BELOW:   0    0.01 INCH OR MORE:   8
MAX 90 OR ABOVE:   1    0.10 INCH OR MORE:   6
MIN 32 OR BELOW:   0    0.50 INCH OR MORE:   1
MIN  0 OR BELOW:   0    1.00 INCH OR MORE:   0

[HDD (BASE 65) ]
TOTAL THIS MO.   168    CLEAR  (SCALE 0-3)  11
DPTR FM NORMAL   -51    PTCLDY (SCALE 4-7)   7
TOTAL FM JUL 1  5867    CLOUDY (SCALE 8-10)  4
DPTR FM NORMAL  -618

[CDD (BASE 65) ]
TOTAL THIS MO.    44
DPTR FM NORMAL    38    [PRESSURE DATA]
TOTAL FM JAN 1    44    HIGHEST SLP M ON M
DPTR FM NORMAL    35    LOWEST  SLP 29.53 ON 16

[REMARKS]
