000
CXUS51 KBOX 231200
CF6ORH
PRELIMINARY LOCAL CLIMATOLOGICAL DATA (WS FORM: F-6)

                                          STATION:   WORCESTER MA
                                          MONTH:     APRIL
                                          YEAR:      2019
                                          LATITUDE:   42 16 N
                                          LONGITUDE:  71 52 W

  TEMPERATURE IN F:       :PCPN:    SNOW:  WIND      :SUNSHINE: SKY     :PK WND
================================================================================
1   2   3   4   5  6A  6B    7    8   9   10  11  12  13   14  15   16   17  18
                                     12Z  AVG MX 2MIN
DY MAX MIN AVG DEP HDD CDD  WTR  SNW DPTH SPD SPD DIR MIN PSBL S-S WX    SPD DR
================================================================================

 1  38  27  33  -7  32   0 0.00  0.0    M 15.7 29 280   M    M   1        38 270
 2  47  23  35  -6  30   0 0.00  0.0    M  8.6 21 190   M    M   1        26 180
 3  59  34  47   6  18   0 0.05    T    M 18.5 38 280   M    M   4 1      55 270
 4  45  30  38  -4  27   0 0.00  0.0    M 16.6 29 300   M    M   0        42 270
 5  43  24  34  -8  31   0 0.16    T    M  6.0 16 220   M    M   4 6      21 190
 6  58  31  45   3  20   0 0.12  0.0    M 10.7 22 270   M    M   4 18     31 260
 7  64  39  52   9  13   0 0.00  0.0    M  9.6 20 250   M    M   3        26 240
 8  49  33  41  -2  24   0 0.68  0.0    M  7.7 17  40   M    M  10 12     26  30
 9  38  31  35  -9  30   0 0.11    T    M  6.2 21 350   M    M  10 124    24 350
10  41  30  36  -8  29   0    T    T    M 11.6 21 290   M    M   7 12     28 290
11  48  27  38  -6  27   0 0.00  0.0    M  7.5 17 300   M    M   4        21 300
12  55  37  46   1  19   0 0.26  0.0    M 10.3 26 220   M    M   9 1      36 210
13  71  55  63  18   2   0 0.52  0.0    M 13.7 24 210   M    M   6 1      31 210
14  70  52  61  15   4   0 0.10  0.0    M  7.8 18 130   M    M   7 12     24 140
15  62  38  50   4  15   0 1.64  0.0    M 16.4 37 280   M    M   9 123    46 270
16  54  36  45  -1  20   0 0.00  0.0    M 17.1 32 300   M    M   1        45 270
17  59  34  47   0  18   0 0.00  0.0    M  7.2 17 190   M    M   0        21 180
18  57  38  48   1  17   0 0.01  0.0    M 12.4 28 220   M    M   8 12     36 210
19  71  57  64  16   1   0 0.10  0.0    M 19.7 33 220   M    M   9 1      42 240
20  66  57  62  14   3   0 0.67  0.0    M 15.8 29 190   M    M   9 1      39 170
21  65  50  58  10   7   0 0.06  0.0    M  6.4 18 180   M    M   7 1      23 200
22  61  48  55   6  10   0 1.55  0.0    M 10.0 21 350   M    M   8 1      31 360
================================================================================
SM 1221  831       397   0  6.03    T    255.5          M      121
================================================================================
AV 55.5 37.8                              11.6 FASTST   M    M   6    MAX(MPH)
                                 MISC ---->  # 38 280               # 55  270
================================================================================
NOTES:
# LAST OF SEVERAL OCCURRENCES

COLUMN 17 PEAK WIND IN M.P.H.

PRELIMINARY LOCAL CLIMATOLOGICAL DATA (WS FORM: F-6) , PAGE 2

                                          STATION:  WORCESTER MA
                                          MONTH:    APRIL
                                          YEAR:     2019
                                          LATITUDE:   42 16 N
                                          LONGITUDE:  71 52 W

[TEMPERATURE DATA]      [PRECIPITATION DATA]       SYMBOLS USED IN COLUMN 16

AVERAGE MONTHLY: 46.6   TOTAL FOR MONTH:   6.03    1 = FOG OR MIST
DPTR FM NORMAL:   2.1   DPTR FM NORMAL:    2.95    2 = FOG REDUCING VISIBILITY
HIGHEST:    71 ON 19,13 GRTST 24HR  1.64 ON 15-15      TO 1/4 MILE OR LESS
LOWEST:     23 ON  2                               3 = THUNDER
                        SNOW, ICE PELLETS, HAIL    4 = ICE PELLETS
                        TOTAL MONTH:    T          5 = HAIL
                        GRTST 24HR    T  ON 10-10  6 = FREEZING RAIN OR DRIZZLE
                        GRTST DEPTH:  M  ON   M    7 = DUSTSTORM OR SANDSTORM:
                                                       VSBY 1/2 MILE OR LESS
                                                   8 = SMOKE OR HAZE
[NO. OF DAYS WITH]      [WEATHER - DAYS WITH]      9 = BLOWING SNOW
                                                   X = TORNADO
MAX 32 OR BELOW:   0    0.01 INCH OR MORE:  14
MAX 90 OR ABOVE:   0    0.10 INCH OR MORE:  11
MIN 32 OR BELOW:   8    0.50 INCH OR MORE:   5
MIN  0 OR BELOW:   0    1.00 INCH OR MORE:   2

[HDD (BASE 65) ]
TOTAL THIS MO.   397    CLEAR  (SCALE 0-3)   6
DPTR FM NORMAL   -55    PTCLDY (SCALE 4-7)   9
TOTAL FM JUL 1  6286    CLOUDY (SCALE 8-10)  7
DPTR FM NORMAL    58

[CDD (BASE 65) ]
TOTAL THIS MO.     0
DPTR FM NORMAL     0    [PRESSURE DATA]
TOTAL FM JAN 1     0    HIGHEST SLP M ON M
DPTR FM NORMAL     0    LOWEST  SLP 29.18 ON 15

[REMARKS]
