000
CXUS53 KGRB 180738
CF6OSH
PRELIMINARY LOCAL CLIMATOLOGICAL DATA (WS FORM: F-6)

                                          STATION:   OSHKOSH WI
                                          MONTH:     FEBRUARY
                                          YEAR:      2020
                                          LATITUDE:   44  0 N
                                          LONGITUDE:  88 34 W

  TEMPERATURE IN F:       :PCPN:    SNOW:  WIND      :SUNSHINE: SKY     :PK WND
================================================================================
1   2   3   4   5  6A  6B    7    8   9   10  11  12  13   14  15   16   17  18
                                     12Z  AVG MX 2MIN
DY MAX MIN AVG DEP HDD CDD  WTR  SNW DPTH SPD SPD DIR MIN PSBL S-S WX    SPD DR
================================================================================

 1  36  31  34  14  31   0    T    M    M  9.2 17 200   M    M   9 1      26 200
 2  48  25  37  17  28   0 0.00  0.0    M  8.8 20 290   M    M   1        29 280
 3  39  24  32  12  33   0 0.00  0.0    M  5.2 18  30   M    M   3 12     27  20
 4  33  18  26   6  39   0 0.00  0.0    M 10.4 21  10   M    M   5        28 360
 5  25   6  16  -4  49   0 0.00  0.0    M  2.0  6 270   M    M   0         M  M
 6  31  12  22   2  43   0 0.00  0.0    M  1.9  8  50   M    M   3        12  50
 7  32  15  24   4  41   0 0.00  0.0    M  5.3 15  40   M    M   8        18  40
 8  28  15  22   1  43   0    T    T    M  5.3 17  40   M    M   8        23  40
 9  29  13  21   0  44   0 0.41    M    M  7.4 16 350   M    M   8 12     23 340
10  23  -4  10 -11  55   0 0.00  0.0    M  6.1 10 180   M    M   1 18     14 210
11  26   7  17  -4  48   0 0.00  0.0    M  6.7 17 290   M    M   6 18     24 290
12  33   6  20  -2  45   0 0.05    M    M 14.0 31  30   M    M   3 1      40  30
13  17  -5   6 -16  59   0    M    M    M 12.7 25  20   M    M   4 1      35  10
14   8 -13  -2 -24  67   0 0.00  0.0    M 10.0 22 180   M    M   0        29 200
15  32   3  18  -4  47   0 0.00  0.0    M 12.6 25 200   M    M   5 8      39 200
16  29  17  23   1  42   0 0.00  0.0    M  4.5  9 290   M    M   3        15 280
17  33  19  26   3  39   0    M    M    M  8.9 22 140   M    M   8 18     31 140
================================================================================
SM  502  189       753   0  0.46    T    131.0          M       75
================================================================================
AV 29.5 11.1                               7.7 FASTST   M    M   4    MAX(MPH)
                                 MISC ---->  # 31  30               # 40   30
================================================================================
NOTES:
# LAST OF SEVERAL OCCURRENCES

COLUMN 17 PEAK WIND IN M.P.H.

PRELIMINARY LOCAL CLIMATOLOGICAL DATA (WS FORM: F-6) , PAGE 2

                                          STATION:  OSHKOSH WI
                                          MONTH:    FEBRUARY
                                          YEAR:     2020
                                          LATITUDE:   44  0 N
                                          LONGITUDE:  88 34 W

[TEMPERATURE DATA]      [PRECIPITATION DATA]       SYMBOLS USED IN COLUMN 16

AVERAGE MONTHLY: 20.3   TOTAL FOR MONTH:   0.46    1 = FOG OR MIST
DPTR FM NORMAL:  -0.7   DPTR FM NORMAL:    0.00    2 = FOG REDUCING VISIBILITY
HIGHEST:    48 ON  2    GRTST 24HR  0.41 ON  9- 9      TO 1/4 MILE OR LESS
LOWEST:    -13 ON 14                               3 = THUNDER
                        SNOW, ICE PELLETS, HAIL    4 = ICE PELLETS
                        TOTAL MONTH:    T          5 = HAIL
                        GRTST 24HR    T  ON  8- 8  6 = FREEZING RAIN OR DRIZZLE
                        GRTST DEPTH:  M  ON   M    7 = DUSTSTORM OR SANDSTORM:
                                                       VSBY 1/2 MILE OR LESS
                                                   8 = SMOKE OR HAZE
[NO. OF DAYS WITH]      [WEATHER - DAYS WITH]      9 = BLOWING SNOW
                                                   X = TORNADO
MAX 32 OR BELOW:  11    0.01 INCH OR MORE:   2
MAX 90 OR ABOVE:   0    0.10 INCH OR MORE:   1
MIN 32 OR BELOW:  17    0.50 INCH OR MORE:   0
MIN  0 OR BELOW:   3    1.00 INCH OR MORE:   0

[HDD (BASE 65) ]
TOTAL THIS MO.   753    CLEAR  (SCALE 0-3)   5
DPTR FM NORMAL     6    PTCLDY (SCALE 4-7)  10
TOTAL FM JUL 1  4771    CLOUDY (SCALE 8-10)  2
DPTR FM NORMAL  -316

[CDD (BASE 65) ]
TOTAL THIS MO.     0
DPTR FM NORMAL     0    [PRESSURE DATA]
TOTAL FM JAN 1     0    HIGHEST SLP M ON M
DPTR FM NORMAL     0    LOWEST  SLP 29.30 ON  2

[REMARKS]
