000
CXUS53 KGRB 180656
CF6OSH
PRELIMINARY LOCAL CLIMATOLOGICAL DATA (WS FORM: F-6)

                                          STATION:   OSHKOSH WI
                                          MONTH:     JUNE
                                          YEAR:      2018
                                          LATITUDE:   44  0 N
                                          LONGITUDE:  88 34 W

  TEMPERATURE IN F:       :PCPN:    SNOW:  WIND      :SUNSHINE: SKY     :PK WND
================================================================================
1   2   3   4   5  6A  6B    7    8   9   10  11  12  13   14  15   16   17  18
                                     12Z  AVG MX 2MIN
DY MAX MIN AVG DEP HDD CDD  WTR  SNW DPTH SPD SPD DIR MIN PSBL S-S WX    SPD DR
================================================================================

 1  72  53  63   1   2   0 0.00  0.0    0 11.6 17  50   M    M   3        23  60
 2  65  55  60  -3   5   0 0.43  0.0    0  8.9 16 110   M    M  10 13     21 100
 3  65  54  60  -3   5   0    T  0.0    0 11.7 24 290   M    M   8        36 300
 4  78  51  65   1   0   0 0.04  0.0    0  9.8 23 330   M    M   2        34 320
 5  68  49  59  -5   6   0 0.01  0.0    0  7.7 16  30   M    M   3        21  20
 6  72  44  58  -6   7   0 0.06  0.0    0  4.1  9 210   M    M   2 3       M  M
 7  77  54  66   2   0   1 0.00  0.0    0  6.9 15 110   M    M   0 1      20 100
 8  73  57  65   0   0   0 0.00  0.0    0  6.9 13  60   M    M   4        20  80
 9  76  57  67   2   0   2 0.00  0.0    0  8.1 17 100   M    M   4        22 100
10  68  60  64  -2   1   0 0.00  0.0    0 11.4 20 100   M    M  10 1      29 100
11  77  61  69   3   0   4 0.00  0.0    0 10.8 17 100   M    M   4        26 120
12  81  62  72   6   0   7 0.00  0.0    0  4.2 12 140   M    M   9 1      14 150
13  80  57  69   3   0   4 0.00  0.0    0 10.7 21 320   M    M   2        31 320
14  81  58  70   3   0   5 0.00  0.0    0  4.3 12 200   M    M   1        17 180
15  75  60  68   1   0   3 0.46  0.0    0 10.6 24  10   M    M   4 13     33 180
16  86  64  75   8   0  10    T  0.0    0  8.1 21 140   M    M   1 1      27 180
17  92  73  83  15   0  18 0.41  0.0    0 11.8 23 200   M    M   1 13     36 200
================================================================================
SM 1286  969        26  54  1.41     0.0 147.6          M       68
================================================================================
AV 75.7 57.0                               8.7 FASTST   M    M   4    MAX(MPH)
                                 MISC ---->  # 24 290               # 36  300
================================================================================
NOTES:
# LAST OF SEVERAL OCCURRENCES

COLUMN 17 PEAK WIND IN M.P.H.

PRELIMINARY LOCAL CLIMATOLOGICAL DATA (WS FORM: F-6) , PAGE 2

                                          STATION:  OSHKOSH WI
                                          MONTH:    JUNE
                                          YEAR:     2018
                                          LATITUDE:   44  0 N
                                          LONGITUDE:  88 34 W

[TEMPERATURE DATA]      [PRECIPITATION DATA]       SYMBOLS USED IN COLUMN 16

AVERAGE MONTHLY: 66.3   TOTAL FOR MONTH:   1.41    1 = FOG OR MIST
DPTR FM NORMAL:   1.2   DPTR FM NORMAL:   -1.13    2 = FOG REDUCING VISIBILITY
HIGHEST:    92 ON 17    GRTST 24HR  0.46 ON 15-15      TO 1/4 MILE OR LESS
LOWEST:     44 ON  6                               3 = THUNDER
                        SNOW, ICE PELLETS, HAIL    4 = ICE PELLETS
                        TOTAL MONTH:   0.0 INCH    5 = HAIL
                        GRTST 24HR     0.0         6 = FREEZING RAIN OR DRIZZLE
                        GRTST DEPTH:   0           7 = DUSTSTORM OR SANDSTORM:
                                                       VSBY 1/2 MILE OR LESS
                                                   8 = SMOKE OR HAZE
[NO. OF DAYS WITH]      [WEATHER - DAYS WITH]      9 = BLOWING SNOW
                                                   X = TORNADO
MAX 32 OR BELOW:   0    0.01 INCH OR MORE:   6
MAX 90 OR ABOVE:   1    0.10 INCH OR MORE:   3
MIN 32 OR BELOW:   0    0.50 INCH OR MORE:   0
MIN  0 OR BELOW:   0    1.00 INCH OR MORE:   0

[HDD (BASE 65) ]
TOTAL THIS MO.    26    CLEAR  (SCALE 0-3)   8
DPTR FM NORMAL   -21    PTCLDY (SCALE 4-7)   5
TOTAL FM JUL 1  7480    CLOUDY (SCALE 8-10)  4
DPTR FM NORMAL    34

[CDD (BASE 65) ]
TOTAL THIS MO.    54
DPTR FM NORMAL     6    [PRESSURE DATA]
TOTAL FM JAN 1   150    HIGHEST SLP M ON M
DPTR FM NORMAL    77    LOWEST  SLP 29.74 ON  4

[REMARKS]
