000
CXUS53 KGRB 210702
CF6OSH
PRELIMINARY LOCAL CLIMATOLOGICAL DATA (WS FORM: F-6)

                                          STATION:   OSHKOSH WI
                                          MONTH:     SEPTEMBER
                                          YEAR:      2018
                                          LATITUDE:   44  0 N
                                          LONGITUDE:  88 34 W

  TEMPERATURE IN F:       :PCPN:    SNOW:  WIND      :SUNSHINE: SKY     :PK WND
================================================================================
1   2   3   4   5  6A  6B    7    8   9   10  11  12  13   14  15   16   17  18
                                     12Z  AVG MX 2MIN
DY MAX MIN AVG DEP HDD CDD  WTR  SNW DPTH SPD SPD DIR MIN PSBL S-S WX    SPD DR
================================================================================

 1  79  67  73   6   0   8 0.00  0.0    0  6.8 15 190   M    M   2        23 190
 2  81  66  74   8   0   9 1.07  0.0    0  5.4 23 210   M    M   4 123    41 210
 3  73  66  70   4   0   5 0.46  0.0    0  4.9 13 110   M    M  10 12     17 100
 4  86  70  78  12   0  13 0.72  0.0    0  7.6 16 200   M    M   3 13     26 200
 5  77  64  71   6   0   6 0.43  0.0    0  9.6 20 290   M    M   6 1      33 210
 6  71  52  62  -3   3   0 0.00  0.0    0  7.7 18  30   M    M   1        23  20
 7  68  51  60  -5   5   0 0.00  0.0    0  8.4 15  60   M    M   1        24  50
 8  68  57  63  -1   2   0 0.00  0.0    0 11.8 21  30   M    M   2        27  30
 9  68  53  61  -3   4   0 0.00  0.0    0  9.2 16 100   M    M   0        22  80
10  70  48  59  -5   6   0 0.00  0.0    0  3.7 10 350   M    M   0        13  50
11  77  52  65   2   0   0 0.00  0.0    0  7.8 16 190   M    M   0 1      26 170
12  81  55  68   5   0   3 0.00  0.0    0  8.0 15 200   M    M   0 1      21 200
13  78  55  67   5   0   2 0.00  0.0    0  7.7 18 140   M    M   0        23 140
14  84  55  70   8   0   5 0.00  0.0    0  5.0 10 130   M    M   2 1      13 150
15  85  58  72  11   0   7 0.00  0.0    0  4.8 12 200   M    M   0 1      17 170
16  84  58  71  10   0   6 0.00  0.0    0  4.4 13 100   M    M   2 1      19 110
17  88  66  77  16   0  12 0.00  0.0    0  8.1 20 330   M    M   0        30 320
18  70  59  65   5   0   0 0.05  0.0    0  5.8 18 360   M    M   7 1      23 360
19  64  61  63   3   2   0 0.21  0.0    0  7.4 15 110   M    M  10 13     21 100
20  79  62  71  12   0   6 0.45  0.0    0  9.2 21 280   M    M   8 13     41 290
================================================================================
SM 1531 1175        22  82  3.39     0.0 143.3          M       58
================================================================================
AV 76.6 58.8                               7.2 FASTST   M    M   3    MAX(MPH)
                                 MISC ---->  # 23 210               # 41  210
================================================================================
NOTES:
# LAST OF SEVERAL OCCURRENCES

COLUMN 17 PEAK WIND IN M.P.H.

PRELIMINARY LOCAL CLIMATOLOGICAL DATA (WS FORM: F-6) , PAGE 2

                                          STATION:  OSHKOSH WI
                                          MONTH:    SEPTEMBER
                                          YEAR:     2018
                                          LATITUDE:   44  0 N
                                          LONGITUDE:  88 34 W

[TEMPERATURE DATA]      [PRECIPITATION DATA]       SYMBOLS USED IN COLUMN 16

AVERAGE MONTHLY: 67.7   TOTAL FOR MONTH:   3.39    1 = FOG OR MIST
DPTR FM NORMAL:   4.5   DPTR FM NORMAL:    0.98    2 = FOG REDUCING VISIBILITY
HIGHEST:    88 ON 17    GRTST 24HR  1.07 ON  2- 2      TO 1/4 MILE OR LESS
LOWEST:     48 ON 10                               3 = THUNDER
                        SNOW, ICE PELLETS, HAIL    4 = ICE PELLETS
                        TOTAL MONTH:   0.0 INCH    5 = HAIL
                        GRTST 24HR     0.0         6 = FREEZING RAIN OR DRIZZLE
                        GRTST DEPTH:   0           7 = DUSTSTORM OR SANDSTORM:
                                                       VSBY 1/2 MILE OR LESS
                                                   8 = SMOKE OR HAZE
[NO. OF DAYS WITH]      [WEATHER - DAYS WITH]      9 = BLOWING SNOW
                                                   X = TORNADO
MAX 32 OR BELOW:   0    0.01 INCH OR MORE:   7
MAX 90 OR ABOVE:   0    0.10 INCH OR MORE:   6
MIN 32 OR BELOW:   0    0.50 INCH OR MORE:   2
MIN  0 OR BELOW:   0    1.00 INCH OR MORE:   1

[HDD (BASE 65) ]
TOTAL THIS MO.    22    CLEAR  (SCALE 0-3)  14
DPTR FM NORMAL   -55    PTCLDY (SCALE 4-7)   4
TOTAL FM JUL 1    30    CLOUDY (SCALE 8-10)  2
DPTR FM NORMAL   -78

[CDD (BASE 65) ]
TOTAL THIS MO.    82
DPTR FM NORMAL    43    [PRESSURE DATA]
TOTAL FM JAN 1   739    HIGHEST SLP M ON M
DPTR FM NORMAL   208    LOWEST  SLP 29.59 ON 20

[REMARKS]
