000
CXUS56 KMFR 181000
CF6OTH
PRELIMINARY LOCAL CLIMATOLOGICAL DATA (WS FORM: F-6)

                                          STATION:   NORTH BEND OR
                                          MONTH:     JUNE
                                          YEAR:      2018
                                          LATITUDE:   43 25 N
                                          LONGITUDE: 124 15 W

  TEMPERATURE IN F:       :PCPN:    SNOW:  WIND      :SUNSHINE: SKY     :PK WND
================================================================================
1   2   3   4   5  6A  6B    7    8   9   10  11  12  13   14  15   16   17  18
                                     12Z  AVG MX 2MIN
DY MAX MIN AVG DEP HDD CDD  WTR  SNW DPTH SPD SPD DIR MIN PSBL S-S WX    SPD DR
================================================================================

 1  64  43  54  -1  11   0 0.00    M    M  6.9 12 310   0    0   0         M  M
 2  64  46  55   0  10   0 0.00    M    M 10.8 25 350   0    0   0        31 360
 3  64  51  58   3   7   0 0.00    M    M 10.3 18 330   M    M   5        22 320
 4  63  47  55   0  10   0 0.00    M    M 11.1 24 360   0    0   0        30 350
 5  62  45  54  -1  11   0 0.00    M    M  6.3 12 300   0    0   0         M  M
 6  64  46  55   0  10   0 0.00    M    M  7.5 14 340   M    M   4         M  M
 7  64  53  59   4   6   0 0.00    M    M  6.6 16 270   M    M   7         M  M
 8  66  53  60   5   5   0 0.08    M    M  8.7 23 270   M    M   9 1      29 270
 9  60  50  55   0  10   0 0.07    M    M  8.1 16 250   M    M   6 1       M  M
10  60  48  54  -2  11   0    T    M    M  9.3 13 210   M    M   6 1      17 160
11  67  54  61   5   4   0 0.06    M    M 10.1 25 350   0    0   0        32 350
12  69  46  58   2   7   0 0.00    M    M  7.3 17 330   M    M   0 1       M  M
13  62  52  57   1   8   0 0.01    M    M  7.6 14 350   M    M   7 1       M  M
14  65  47  56   0   9   0 0.00    M    M 14.8 27 340   M    M   2        37 340
15  64  52  58   2   7   0 0.01    M    M 16.9 25 350   0    0   0        35 360
16  65  54  60   4   5   0 0.00    M    M 15.9 25 360   0    0   0        31 350
17  69  51  60   4   5   0    T    M    M  7.0 14 320   M    M   6 1      22 350
================================================================================
SM 1092  838       136   0  0.23    M    165.2            0     52
================================================================================
AV 64.2 49.3                               9.7 FASTST    0   0   3    MAX(MPH)
                                 MISC ---->  # 27 340               # 37  340
================================================================================
NOTES:
# LAST OF SEVERAL OCCURRENCES

COLUMN 17 PEAK WIND IN M.P.H.

PRELIMINARY LOCAL CLIMATOLOGICAL DATA (WS FORM: F-6) , PAGE 2

                                          STATION:  NORTH BEND OR
                                          MONTH:    JUNE
                                          YEAR:     2018
                                          LATITUDE:   43 25 N
                                          LONGITUDE: 124 15 W

[TEMPERATURE DATA]      [PRECIPITATION DATA]       SYMBOLS USED IN COLUMN 16

AVERAGE MONTHLY: 56.8   TOTAL FOR MONTH:   0.23    1 = FOG OR MIST
DPTR FM NORMAL:   1.3   DPTR FM NORMAL:   -1.19    2 = FOG REDUCING VISIBILITY
HIGHEST:    69 ON 17,12 GRTST 24HR  0.08 ON  8- 8      TO 1/4 MILE OR LESS
LOWEST:     43 ON  1                               3 = THUNDER
                        SNOW, ICE PELLETS, HAIL    4 = ICE PELLETS
                        TOTAL MONTH:    M          5 = HAIL
                        GRTST 24HR    M  ON   M    6 = FREEZING RAIN OR DRIZZLE
                        GRTST DEPTH:  M  ON   M    7 = DUSTSTORM OR SANDSTORM:
                                                       VSBY 1/2 MILE OR LESS
                                                   8 = SMOKE OR HAZE
[NO. OF DAYS WITH]      [WEATHER - DAYS WITH]      9 = BLOWING SNOW
                                                   X = TORNADO
MAX 32 OR BELOW:   0    0.01 INCH OR MORE:   5
MAX 90 OR ABOVE:   0    0.10 INCH OR MORE:   0
MIN 32 OR BELOW:   0    0.50 INCH OR MORE:   0
MIN  0 OR BELOW:   0    1.00 INCH OR MORE:   0

[HDD (BASE 65) ]
TOTAL THIS MO.   136    CLEAR  (SCALE 0-3)   9
DPTR FM NORMAL   -26    PTCLDY (SCALE 4-7)   7
TOTAL FM JUL 1  4101    CLOUDY (SCALE 8-10)  1
DPTR FM NORMAL  -621

[CDD (BASE 65) ]
TOTAL THIS MO.     0
DPTR FM NORMAL     0    [PRESSURE DATA]
TOTAL FM JAN 1     0    HIGHEST SLP  0.00 ON M
DPTR FM NORMAL     0    LOWEST  SLP  0.00 ON 16

[REMARKS]
