000
CXUS56 KMFR 211000
CF6OTH
PRELIMINARY LOCAL CLIMATOLOGICAL DATA (WS FORM: F-6)

                                          STATION:   NORTH BEND OR
                                          MONTH:     SEPTEMBER
                                          YEAR:      2018
                                          LATITUDE:   43 25 N
                                          LONGITUDE: 124 15 W

  TEMPERATURE IN F:       :PCPN:    SNOW:  WIND      :SUNSHINE: SKY     :PK WND
================================================================================
1   2   3   4   5  6A  6B    7    8   9   10  11  12  13   14  15   16   17  18
                                     12Z  AVG MX 2MIN
DY MAX MIN AVG DEP HDD CDD  WTR  SNW DPTH SPD SPD DIR MIN PSBL S-S WX    SPD DR
================================================================================

 1  67  48  58  -1   7   0    T    M    M 13.5 29 360   M    M   0 12     39 350
 2  64  49  57  -2   8   0 0.00    M    M 15.7 29 350   M    M   0        41  10
 3  66  52  59   0   6   0 0.00    M    M 15.1 29 350   0    0   0        38 350
 4  65  49  57  -2   8   0 0.00    M    M 14.8 27 350   M    M   0 1      38 350
 5  60  47  54  -4  11   0 0.00    M    M  4.6 10 280   M    M   4 12      M  M
 6  65  53  59   1   6   0 0.00    M    M  4.9 12 330   M    M   5 1       M  M
 7  65  51  58   0   7   0 0.00    M    M  5.4 12 270   M    M   6 1       M  M
 8  68  54  61   3   4   0 0.00    M    M  4.9 12 310   M    M   6 12      M  M
 9  68  50  59   1   6   0 0.00    M    M  6.0 12 270   M    M   2 12      M  M
10  67  56  62   4   3   0 0.01    M    M  5.4 12 280   M    M   6 1       M  M
11  67  55  61   3   4   0 0.11    M    M  7.1 12 270   M    M   7         M  M
12  67  52  60   2   5   0 0.07    M    M  7.4 13 260   M    M   6 1       M  M
13  68  51  60   2   5   0    T    M    M  8.2 16 260   M    M   7 12      M  M
14  60  49  55  -3  10   0    T    M    M  5.5 12 290   M    M   7 128     M  M
15  66  50  58   0   7   0    T    M    M  9.1 14 250   M    M   8        20 250
16  68  51  60   2   5   0 0.03    M    M  8.4 16 230   M    M   6 1      22 230
17  65  47  56  -1   9   0 0.01    M    M 10.4 24 350   M    M   2 12     31 350
18  64  44  54  -3  11   0 0.00    M    M 10.2 22 350   M    M   0        31 350
19  66  45  56  -1   9   0 0.00    M    M  7.6 14 340   M    M   4         M  M
20  68  48  58   1   7   0    T    M    M  8.7 22 350   M    M   3 12     28 350
================================================================================
SM 1314 1001       138   0  0.23    M    172.9            0     79
================================================================================
AV 65.7 50.1                               8.6 FASTST    0   0   4    MAX(MPH)
                                 MISC ---->  # 29 360               # 41   10
================================================================================
NOTES:
# LAST OF SEVERAL OCCURRENCES

COLUMN 17 PEAK WIND IN M.P.H.

PRELIMINARY LOCAL CLIMATOLOGICAL DATA (WS FORM: F-6) , PAGE 2

                                          STATION:  NORTH BEND OR
                                          MONTH:    SEPTEMBER
                                          YEAR:     2018
                                          LATITUDE:   43 25 N
                                          LONGITUDE: 124 15 W

[TEMPERATURE DATA]      [PRECIPITATION DATA]       SYMBOLS USED IN COLUMN 16

AVERAGE MONTHLY: 57.9   TOTAL FOR MONTH:   0.23    1 = FOG OR MIST
DPTR FM NORMAL:  -0.1   DPTR FM NORMAL:   -0.65    2 = FOG REDUCING VISIBILITY
HIGHEST:    68 ON 20,16 GRTST 24HR  0.11 ON 11-11      TO 1/4 MILE OR LESS
LOWEST:     44 ON 18                               3 = THUNDER
                        SNOW, ICE PELLETS, HAIL    4 = ICE PELLETS
                        TOTAL MONTH:    M          5 = HAIL
                        GRTST 24HR    M  ON   M    6 = FREEZING RAIN OR DRIZZLE
                        GRTST DEPTH:  M  ON   M    7 = DUSTSTORM OR SANDSTORM:
                                                       VSBY 1/2 MILE OR LESS
                                                   8 = SMOKE OR HAZE
[NO. OF DAYS WITH]      [WEATHER - DAYS WITH]      9 = BLOWING SNOW
                                                   X = TORNADO
MAX 32 OR BELOW:   0    0.01 INCH OR MORE:   5
MAX 90 OR ABOVE:   0    0.10 INCH OR MORE:   1
MIN 32 OR BELOW:   0    0.50 INCH OR MORE:   0
MIN  0 OR BELOW:   0    1.00 INCH OR MORE:   0

[HDD (BASE 65) ]
TOTAL THIS MO.   138    CLEAR  (SCALE 0-3)   8
DPTR FM NORMAL    -2    PTCLDY (SCALE 4-7)  11
TOTAL FM JUL 1   431    CLOUDY (SCALE 8-10)  1
DPTR FM NORMAL   -88

[CDD (BASE 65) ]
TOTAL THIS MO.     0
DPTR FM NORMAL     0    [PRESSURE DATA]
TOTAL FM JAN 1     0    HIGHEST SLP  0.00 ON M
DPTR FM NORMAL    -1    LOWEST  SLP 29.80 ON  4

[REMARKS]
