000
CXUS53 KARX 280930
CF6OVS
PRELIMINARY LOCAL CLIMATOLOGICAL DATA (WS FORM: F-6)

                                          STATION:   BOSCOBEL_(ASOS) WI
                                          MONTH:     OCTOBER
                                          YEAR:      2020
                                          LATITUDE:   43  9 N
                                          LONGITUDE:  90 41 W

  TEMPERATURE IN F:       :PCPN:    SNOW:  WIND      :SUNSHINE: SKY     :PK WND
================================================================================
1   2   3   4   5  6A  6B    7    8   9   10  11  12  13   14  15   16   17  18
                                     12Z  AVG MX 2MIN
DY MAX MIN AVG DEP HDD CDD  WTR  SNW DPTH SPD SPD DIR MIN PSBL S-S WX    SPD DR
================================================================================

 1  59  39  49  -6  16   0 0.01  0.0    0  5.8 16 320   M    M   6 1      25 300
 2  56  33  45 -10  20   0 0.00  0.0    0  1.9 10 290   M    M   6 128    14 280
 3  53  33  43 -11  22   0    T  0.0    0  1.4 13 340   M    M   9 1      17 340
 4  58  28  43 -11  22   0 0.00  0.0    0  2.0 15 330   M    M   1 128    22 360
 5  68  29  49  -4  16   0 0.00  0.0    0  6.9 20 200   M    M   2 12     33 140
 6  77  43  60   7   5   0 0.00  0.0    0  6.3 16 300   M    M   0        25 280
 7  76  42  59   6   6   0 0.00  0.0    0  4.6 17 320   M    M   0        26 320
 8  71  37  54   2  11   0 0.00  0.0    0  2.0  7  20   M    M   1 12     13 100
 9  85  47  66  14   0   1 0.00  0.0    0  6.5 20 210   M    M   0        30 210
10  77  47  62  10   3   0 0.00  0.0    0  3.5 10  80   M    M   1 12     17  30
11  73  47  60   9   5   0 0.00  0.0    0  6.1 12 120   M    M   4        23 120
12  70  37  54   3  11   0 0.32  0.0    0  7.7 22 310   M    M   5 138    34 300
13  68  35  52   1  13   0 0.01  0.0    0  5.8 20 290   M    M   2 18     30 280
14  68  37  53   3  12   0    T  0.0    0  8.7 26 270   M    M   3        48 260
15  53  31  42  -8  23   0 0.00  0.0    0  8.2 21 290   M    M   2 8      32 300
16  56  29  43  -7  22   0    T  0.0    0  6.3 24 230   M    M   3 8      36 230
17  66  32  49   0  16   0    T  0.0    0  8.6 28 220   M    M   6        45 230
18  50  33  42  -7  23   0    T  0.0    0  7.4 16 340   M    M   4        23 330
19  37  26  32 -17  33   0 0.02    M    0  1.6  9 350   M    M   8 1      13 350
20  48  30  39  -9  26   0 0.07    M    0  2.9 10  90   M    M  10 18     17  80
21  51  42  47  -1  18   0 0.03  0.0    0  4.8 14 290   M    M   7 1      22 270
22  45  40  43  -5  22   0 3.40  0.0    0  6.6 14 310   M    M  10 13     27  70
23  45  38  42  -5  23   0 0.23    M    0  8.1 21 340   M    M  10 1      29 340
24  44  34  39  -8  26   0 0.00  0.0    0  4.1 10  20   M    M   8        16  10
25  38  32  35 -11  30   0    T    M    M  5.1 12 350   M    M  10 18     16 350
26  40  25  33 -13  32   0    T    M    M  5.0 13 320   M    M   6        18 340
27  41  25  33 -13  32   0 0.00  0.0    M  4.6 13 220   M    M   2        18 230
================================================================================
SM 1573  951       488   1  4.09     0.0 142.5          M      126
================================================================================
AV 58.3 35.2                               5.3 FASTST   M    M   5    MAX(MPH)
                                 MISC ---->  # 28 220               # 48  260
================================================================================
NOTES:
# LAST OF SEVERAL OCCURRENCES

COLUMN 17 PEAK WIND IN M.P.H.

PRELIMINARY LOCAL CLIMATOLOGICAL DATA (WS FORM: F-6) , PAGE 2

                                          STATION:  BOSCOBEL_(ASOS) WI
                                          MONTH:    OCTOBER
                                          YEAR:     2020
                                          LATITUDE:   43  9 N
                                          LONGITUDE:  90 41 W

[TEMPERATURE DATA]      [PRECIPITATION DATA]       SYMBOLS USED IN COLUMN 16

AVERAGE MONTHLY: 46.7   TOTAL FOR MONTH:   4.09    1 = FOG OR MIST
DPTR FM NORMAL:  -3.6   DPTR FM NORMAL:    1.96    2 = FOG REDUCING VISIBILITY
HIGHEST:    85 ON  9    GRTST 24HR  3.40 ON 22-22      TO 1/4 MILE OR LESS
LOWEST:     25 ON 27,26                            3 = THUNDER
                        SNOW, ICE PELLETS, HAIL    4 = ICE PELLETS
                        TOTAL MONTH:   0.0 INCH    5 = HAIL
                        GRTST 24HR     0.0         6 = FREEZING RAIN OR DRIZZLE
                        GRTST DEPTH:   0           7 = DUSTSTORM OR SANDSTORM:
                                                       VSBY 1/2 MILE OR LESS
                                                   8 = SMOKE OR HAZE
[NO. OF DAYS WITH]      [WEATHER - DAYS WITH]      9 = BLOWING SNOW
                                                   X = TORNADO
MAX 32 OR BELOW:   0    0.01 INCH OR MORE:   8
MAX 90 OR ABOVE:   0    0.10 INCH OR MORE:   3
MIN 32 OR BELOW:  10    0.50 INCH OR MORE:   1
MIN  0 OR BELOW:   0    1.00 INCH OR MORE:   1

[HDD (BASE 65) ]
TOTAL THIS MO.   488    CLEAR  (SCALE 0-3)  11
DPTR FM NORMAL    85    PTCLDY (SCALE 4-7)  10
TOTAL FM JUL 1   638    CLOUDY (SCALE 8-10)  6
DPTR FM NORMAL    62

[CDD (BASE 65) ]
TOTAL THIS MO.     1
DPTR FM NORMAL    -6    [PRESSURE DATA]
TOTAL FM JAN 1   848    HIGHEST SLP M ON M
DPTR FM NORMAL   212    LOWEST  SLP 29.48 ON 14

[REMARKS]
