000
CXUS53 KARX 190930
CF6OVS
PRELIMINARY LOCAL CLIMATOLOGICAL DATA (WS FORM: F-6)

                                          STATION:   BOSCOBEL_(ASOS) WI
                                          MONTH:     SEPTEMBER
                                          YEAR:      2018
                                          LATITUDE:   43  9 N
                                          LONGITUDE:  90 41 W

  TEMPERATURE IN F:       :PCPN:    SNOW:  WIND      :SUNSHINE: SKY     :PK WND
================================================================================
1   2   3   4   5  6A  6B    7    8   9   10  11  12  13   14  15   16   17  18
                                     12Z  AVG MX 2MIN
DY MAX MIN AVG DEP HDD CDD  WTR  SNW DPTH SPD SPD DIR MIN PSBL S-S WX    SPD DR
================================================================================

 1  83  70  77   9   0  12 0.64  0.0    0  3.1 13 200   M    M   5 13     24 190
 2  80  69  75   8   0  10 0.34  0.0    0  2.9 12 200   M    M   7 1      19 200
 3  75  67  71   4   0   6 0.03  0.0    0  2.5  8 240   M    M  10 12     13 260
 4  90  70  80  13   0  15 0.56  0.0    0  4.3 14 230   M    M   2 13     22 230
 5  75  65  70   4   0   5 1.62  0.0    0  4.3 20 200   M    M   6 13     32 200
 6  77  54  66   0   0   1 0.00  0.0    0  4.2 10  80   M    M   2 1      20  50
 7  70  51  61  -5   4   0 0.00  0.0    0  2.3  9  60   M    M   0 1      17  60
 8  75  54  65   0   0   0 0.00  0.0    0  4.5 13  80   M    M   1        25  80
 9  74  47  61  -4   4   0 0.00  0.0    0  3.2 12  90   M    M   0 1      19  90
10  77  45  61  -3   4   0 0.00  0.0    0  0.8  6 310   M    M   3 12     11 110
11  82  52  67   3   0   2 0.00  0.0    0  2.5 13 220   M    M   4 12     20 170
12  85  52  69   6   0   4 0.00  0.0    0  1.8 12 210   M    M   2 12     21 210
13  84  53  69   6   0   4 0.00  0.0    0  2.2 13 190   M    M   0 12     19 170
14  89  58  74  12   0   9 0.00  0.0    0  1.6 10 210   M    M   3 1      14 210
15  92  64  78  16   0  13 0.00  0.0    0  1.3  7 200   M    M   5 12     11 180
16  88  61  75  13   0  10 0.00  0.0    0  2.1 10 210   M    M   2 12     17 220
17  92  59  76  15   0  11 0.26  0.0    0  3.2 21 310   M    M   3 123    33  10
18  70  63  67   6   0   2 0.66  0.0    0  2.5 13  60   M    M   7 123    22  60
================================================================================
SM 1458 1054        12 104  4.11     0.0  49.3          M       62
================================================================================
AV 81.0 58.6                               2.7 FASTST   M    M   3    MAX(MPH)
                                 MISC ---->  # 21 310               # 33   10
================================================================================
NOTES:
# LAST OF SEVERAL OCCURRENCES

COLUMN 17 PEAK WIND IN M.P.H.

PRELIMINARY LOCAL CLIMATOLOGICAL DATA (WS FORM: F-6) , PAGE 2

                                          STATION:  BOSCOBEL_(ASOS) WI
                                          MONTH:    SEPTEMBER
                                          YEAR:     2018
                                          LATITUDE:   43  9 N
                                          LONGITUDE:  90 41 W

[TEMPERATURE DATA]      [PRECIPITATION DATA]       SYMBOLS USED IN COLUMN 16

AVERAGE MONTHLY: 69.8   TOTAL FOR MONTH:   4.11    1 = FOG OR MIST
DPTR FM NORMAL:   5.4   DPTR FM NORMAL:    1.99    2 = FOG REDUCING VISIBILITY
HIGHEST:    92 ON 17,15 GRTST 24HR  1.62 ON  5- 5      TO 1/4 MILE OR LESS
LOWEST:     45 ON 10                               3 = THUNDER
                        SNOW, ICE PELLETS, HAIL    4 = ICE PELLETS
                        TOTAL MONTH:   0.0 INCH    5 = HAIL
                        GRTST 24HR     0.0         6 = FREEZING RAIN OR DRIZZLE
                        GRTST DEPTH:   0           7 = DUSTSTORM OR SANDSTORM:
                                                       VSBY 1/2 MILE OR LESS
                                                   8 = SMOKE OR HAZE
[NO. OF DAYS WITH]      [WEATHER - DAYS WITH]      9 = BLOWING SNOW
                                                   X = TORNADO
MAX 32 OR BELOW:   0    0.01 INCH OR MORE:   7
MAX 90 OR ABOVE:   3    0.10 INCH OR MORE:   6
MIN 32 OR BELOW:   0    0.50 INCH OR MORE:   4
MIN  0 OR BELOW:   0    1.00 INCH OR MORE:   1

[HDD (BASE 65) ]
TOTAL THIS MO.    12    CLEAR  (SCALE 0-3)  10
DPTR FM NORMAL   -43    PTCLDY (SCALE 4-7)   7
TOTAL FM JUL 1    16    CLOUDY (SCALE 8-10)  1
DPTR FM NORMAL   -61

[CDD (BASE 65) ]
TOTAL THIS MO.   104
DPTR FM NORMAL    61    [PRESSURE DATA]
TOTAL FM JAN 1   973    HIGHEST SLP M ON M
DPTR FM NORMAL   353    LOWEST  SLP 29.84 ON  1

[REMARKS]
