000
CXUS54 KLZK 231130
CF6PBF
PRELIMINARY LOCAL CLIMATOLOGICAL DATA (WS FORM: F-6)

                                          STATION:   Pine Bluff
                                          MONTH:     SEPTEMBER
                                          YEAR:      2018
                                          LATITUDE:   34 10 N
                                          LONGITUDE:  91 56 W

  TEMPERATURE IN F:       :PCPN:    SNOW:  WIND      :SUNSHINE: SKY     :PK WND
================================================================================
1   2   3   4   5  6A  6B    7    8   9   10  11  12  13   14  15   16   17  18
                                     12Z  AVG MX 2MIN
DY MAX MIN AVG DEP HDD CDD  WTR  SNW DPTH SPD SPD DIR MIN PSBL S-S WX    SPD DR
================================================================================

 1  91  69  80   1   0  15 0.00  0.0    0  7.2 20 140   M    M   4        27 140
 2  91  71  81   2   0  16    T  0.0    0  6.9 15 130   M    M   4        21 120
 3  92  70  81   3   0  16    T  0.0    0  7.3 21 150   M    M   2        27 140
 4  92  70  81   3   0  16 0.00  0.0    0  4.7 15 160   M    M   1 18     20 160
 5  90  69  80   2   0  15    T  0.0    0  8.7 22  60   M    M   3 8      32  40
 6  78  73  76  -2   0  11 2.63  0.0    0  8.1 15 130   M    M  10 1      19 150
 7  85  73  79   2   0  14 2.31  0.0    0  8.0 29 170   M    M   7 13     37 170
 8  87  72  80   3   0  15 1.15  0.0    0  4.9 15 160   M    M   5 138    18 150
 9  76  67  72  -5   0   7 1.50  0.0    0  7.4 13  10   M    M  10 1      17  10
10  77  66  72  -4   0   7 0.00  0.0    0  6.5 15  30   M    M   7        20  40
11  75  65  70  -6   0   5 0.01  0.0    0  5.5 10  40   M    M   3 8      15  50
12  78  67  73  -3   0   8 0.07  0.0    0  3.9  8  40   M    M   5 1      11  30
13  89  67  78   3   0  13 0.00  0.0    0  3.6  9  10   M    M   1        13 340
14  92  71  82   7   0  17 0.00  0.0    0  4.9 14  10   M    M   1 8      18  30
15  92  73  83   9   0  18 0.00  0.0    0  6.5 15  20   M    M   0        20  30
16  92  70  81   7   0  16 0.00  0.0    0  4.6 14  10   M    M   0        17 340
17  92  71  82   8   0  17 0.00  0.0    0  1.7  9 250   M    M   0 1      13 320
18  93  71  82   9   0  17 0.00  0.0    0  1.2  8 270   M    M   0 1      11 270
19  96  71  84  11   0  19 0.00  0.0    0  2.1  9 190   M    M   0 1      13 190
20  94  70  82   9   0  17 0.00  0.0    0  3.5 10 160   M    M   0        14 190
21  93  71  82  10   0  17 2.41  0.0    0  5.3 41 200   M    M   2 138    55 190
22  73  65  69  -3   0   4 1.06  0.0    0  9.4 18  40   M    M  10 1      24  30
================================================================================
SM 1918 1532         0 300 11.14     0.0 121.9          M       75
================================================================================
AV 87.2 69.6                               5.5 FASTST   M    M   3    MAX(MPH)
                                 MISC ---->  # 41 200               # 55  190
================================================================================
NOTES:
# LAST OF SEVERAL OCCURRENCES

COLUMN 17 PEAK WIND IN M.P.H.

PRELIMINARY LOCAL CLIMATOLOGICAL DATA (WS FORM: F-6) , PAGE 2

                                          STATION:  Pine Bluff
                                          MONTH:    SEPTEMBER
                                          YEAR:     2018
                                          LATITUDE:   34 10 N
                                          LONGITUDE:  91 56 W

[TEMPERATURE DATA]      [PRECIPITATION DATA]       SYMBOLS USED IN COLUMN 16

AVERAGE MONTHLY: 78.4   TOTAL FOR MONTH:  11.14    1 = FOG OR MIST
DPTR FM NORMAL:   2.8   DPTR FM NORMAL:    9.37    2 = FOG REDUCING VISIBILITY
HIGHEST:    96 ON 19    GRTST 24HR  2.63 ON  6- 6      TO 1/4 MILE OR LESS
LOWEST:     65 ON 22,11                            3 = THUNDER
                        SNOW, ICE PELLETS, HAIL    4 = ICE PELLETS
                        TOTAL MONTH:   0.0 INCH    5 = HAIL
                        GRTST 24HR     0.0         6 = FREEZING RAIN OR DRIZZLE
                        GRTST DEPTH:   0           7 = DUSTSTORM OR SANDSTORM:
                                                       VSBY 1/2 MILE OR LESS
                                                   8 = SMOKE OR HAZE
[NO. OF DAYS WITH]      [WEATHER - DAYS WITH]      9 = BLOWING SNOW
                                                   X = TORNADO
MAX 32 OR BELOW:   0    0.01 INCH OR MORE:   8
MAX 90 OR ABOVE:  13    0.10 INCH OR MORE:   6
MIN 32 OR BELOW:   0    0.50 INCH OR MORE:   6
MIN  0 OR BELOW:   0    1.00 INCH OR MORE:   6

[HDD (BASE 65) ]
TOTAL THIS MO.     0    CLEAR  (SCALE 0-3)  13
DPTR FM NORMAL    -2    PTCLDY (SCALE 4-7)   6
TOTAL FM JUL 1     0    CLOUDY (SCALE 8-10)  3
DPTR FM NORMAL    -2

[CDD (BASE 65) ]
TOTAL THIS MO.   300
DPTR FM NORMAL    63    [PRESSURE DATA]
TOTAL FM JAN 1  2234    HIGHEST SLP M ON M
DPTR FM NORMAL   239    LOWEST  SLP 29.93 ON 16

[REMARKS]
ALL SNOWFALL DATA IS FROM THE PINE BLUFF WATER PLANT SITE
