000
CXUS54 KLZK 241130
CF6PBF
PRELIMINARY LOCAL CLIMATOLOGICAL DATA (WS FORM: F-6)

                                          STATION:   Pine Bluff
                                          MONTH:     MAY
                                          YEAR:      2020
                                          LATITUDE:   34 10 N
                                          LONGITUDE:  91 56 W

  TEMPERATURE IN F:       :PCPN:    SNOW:  WIND      :SUNSHINE: SKY     :PK WND
================================================================================
1   2   3   4   5  6A  6B    7    8   9   10  11  12  13   14  15   16   17  18
                                     12Z  AVG MX 2MIN
DY MAX MIN AVG DEP HDD CDD  WTR  SNW DPTH SPD SPD DIR MIN PSBL S-S WX    SPD DR
================================================================================

 1  83  50  67   0   0   2 0.00  0.0    0  6.5 16 190   M    M   0        22 190
 2  85  62  74   6   0   9 0.00  0.0    0 10.0 20 200   M    M   0        23 180
 3  87  64  76   8   0  11    T  0.0    0  8.7 15 200   M    M   4        20 200
 4  85  67  76   8   0  11 0.00  0.0    0  6.2 18 180   M    M   2        21 180
 5  76  56  66  -2   0   1 0.02  0.0    0  8.7 21 330   M    M   2        28 330
 6  76  53  65  -4   0   0 0.00  0.0    0  9.3 26  10   M    M   0        38  10
 7  73  48  61  -8   4   0 0.23  0.0    0  5.0 14  20   M    M   1 3      17 200
 8  69  52  61  -8   4   0 1.16  0.0    0 10.2 26 330   M    M   6 13     31 330
 9  67  46  57 -13   8   0 0.00  0.0    0  6.1 14  70   M    M   0        19  40
10  76  46  61  -9   4   0 0.00  0.0    0  3.5 13  10   M    M   2        16 270
11  70  54  62  -8   3   0    T  0.0    0  8.8 15  60   M    M   3        22  40
12  67  52  60 -10   5   0 0.02  0.0    0  8.8 16  80   M    M   6 1      21  80
13  84  55  70  -1   0   5 0.00  0.0    0  6.7 21 150   M    M   3 1      29 140
14  83  62  73   2   0   8 0.00  0.0    0 10.8 17 180   M    M   2 8      22 140
15  84  66  75   4   0  10    T  0.0    0  5.2 14 180   M    M   6        18 190
16  83  70  77   5   0  12 0.02  0.0    0 12.6 22 110   M    M   6        30 120
17  76  65  71  -1   0   6 1.10  0.0    0  7.5 20 180   M    M   8 1      27 150
18  81  58  70  -2   0   5 0.00  0.0    0  9.3 20 320   M    M   1        28 330
19  73  56  65  -7   0   0 0.00  0.0    0  4.9 14  10   M    M   3        21 320
20  78  55  67  -6   0   2 0.00  0.0    0  5.0 12  60   M    M   2        14  60
21  81  58  70  -3   0   5 0.47  0.0    0  5.4 23 260   M    M   6 13     34 280
22  87  66  77   4   0  12 0.55  0.0    0  7.4 28 300   M    M   3 13     37 300
23  82  65  74   0   0   9 0.48  0.0    M  7.7 23 320   M    M   0 1      35 310
================================================================================
SM 1806 1326        28 108  4.05     0.0 174.3          M       66
================================================================================
AV 78.5 57.7                               7.6 FASTST   M    M   3    MAX(MPH)
                                 MISC ---->  # 28 300               # 38   10
================================================================================
NOTES:
# LAST OF SEVERAL OCCURRENCES

COLUMN 17 PEAK WIND IN M.P.H.

PRELIMINARY LOCAL CLIMATOLOGICAL DATA (WS FORM: F-6) , PAGE 2

                                          STATION:  Pine Bluff
                                          MONTH:    MAY
                                          YEAR:     2020
                                          LATITUDE:   34 10 N
                                          LONGITUDE:  91 56 W

[TEMPERATURE DATA]      [PRECIPITATION DATA]       SYMBOLS USED IN COLUMN 16

AVERAGE MONTHLY: 68.1   TOTAL FOR MONTH:   4.05    1 = FOG OR MIST
DPTR FM NORMAL:  -2.3   DPTR FM NORMAL:    0.26    2 = FOG REDUCING VISIBILITY
HIGHEST:    87 ON 22, 3 GRTST 24HR  1.16 ON  8- 8      TO 1/4 MILE OR LESS
LOWEST:     46 ON 10, 9                            3 = THUNDER
                        SNOW, ICE PELLETS, HAIL    4 = ICE PELLETS
                        TOTAL MONTH:   0.0 INCH    5 = HAIL
                        GRTST 24HR     0.0         6 = FREEZING RAIN OR DRIZZLE
                        GRTST DEPTH:   0           7 = DUSTSTORM OR SANDSTORM:
                                                       VSBY 1/2 MILE OR LESS
                                                   8 = SMOKE OR HAZE
[NO. OF DAYS WITH]      [WEATHER - DAYS WITH]      9 = BLOWING SNOW
                                                   X = TORNADO
MAX 32 OR BELOW:   0    0.01 INCH OR MORE:   9
MAX 90 OR ABOVE:   0    0.10 INCH OR MORE:   6
MIN 32 OR BELOW:   0    0.50 INCH OR MORE:   3
MIN  0 OR BELOW:   0    1.00 INCH OR MORE:   2

[HDD (BASE 65) ]
TOTAL THIS MO.    28    CLEAR  (SCALE 0-3)  14
DPTR FM NORMAL    13    PTCLDY (SCALE 4-7)   9
TOTAL FM JUL 1  2713    CLOUDY (SCALE 8-10)  0
DPTR FM NORMAL  -166

[CDD (BASE 65) ]
TOTAL THIS MO.   108
DPTR FM NORMAL   -34    [PRESSURE DATA]
TOTAL FM JAN 1   173    HIGHEST SLP M ON M
DPTR FM NORMAL   -56    LOWEST  SLP 29.72 ON 16

[REMARKS]
ALL SNOWFALL DATA IS FROM THE PINE BLUFF WATER PLANT SITE
