544
CXUS54 KLZK 201130
CF6PBF
PRELIMINARY LOCAL CLIMATOLOGICAL DATA (WS FORM: F-6)

                                          STATION:   Pine Bluff
                                          MONTH:     JUNE
                                          YEAR:      2018
                                          LATITUDE:   34 10 N
                                          LONGITUDE:  91 56 W

  TEMPERATURE IN F:       :PCPN:    SNOW:  WIND      :SUNSHINE: SKY     :PK WND
================================================================================
1   2   3   4   5  6A  6B    7    8   9   10  11  12  13   14  15   16   17  18
                                     12Z  AVG MX 2MIN
DY MAX MIN AVG DEP HDD CDD  WTR  SNW DPTH SPD SPD DIR MIN PSBL S-S WX    SPD DR
================================================================================

 1  91  74  83   7   0  18 0.00  0.0    0  7.4 18 240   M    M   1        23 240
 2  94  72  83   7   0  18 0.00  0.0    0  5.6 13 180   M    M   1 3      18 250
 3  87  64  76   0   0  11 0.00  0.0    0  9.1 21  10   M    M   3 3      27 360
 4  87  61  74  -3   0   9 0.00  0.0    0  2.6 10  50   M    M   0        15  60
 5  90  67  79   2   0  14 0.00  0.0    0  3.3 13  60   M    M   0        16  70
 6  92  64  78   1   0  13 0.00  0.0    0  2.3 10  40   M    M   1        13  80
 7  94  65  80   3   0  15 0.00  0.0    0  3.6 10 150   M    M   0        14 100
 8  92  68  80   2   0  15 0.01  0.0    0  3.2 13 180   M    M   1 1      19 290
 9  93  69  81   3   0  16 0.01  0.0    0  4.9 23 160   M    M   1 13     31 150
10  93  68  81   3   0  16 0.00  0.0    0  6.6 18 190   M    M   0        22 210
11  91  71  81   3   0  16 0.00  0.0    0  6.6 15 240   M    M   2        20 230
12  94  71  83   4   0  18 0.00  0.0    0  8.1 17 220   M    M   1 3      22 210
13  94  71  83   4   0  18 1.43  0.0    0  7.8 30 320   M    M   2 13     42 320
14  92  69  81   2   0  16 0.00  0.0    0  3.7 10 170   M    M   1        13 100
15  93  73  83   4   0  18 0.00  0.0    0  3.4 10 150   M    M   0 1      14 190
16  93  74  84   5   0  19 0.00  0.0    0  5.1 17 190   M    M   1 3      21 190
17  91  74  83   3   0  18 0.00  0.0    0  6.8 14 110   M    M   1        18 110
18  92  72  82   2   0  17 0.00  0.0    0  6.5 26 190   M    M   1        32 190
19  89  72  81   1   0  16    T  0.0    0  6.4 17 190   M    M   3        22 190
================================================================================
SM 1742 1319         0 301  1.45     0.0 103.0          M       20
================================================================================
AV 91.7 69.4                               5.4 FASTST   M    M   1    MAX(MPH)
                                 MISC ---->  # 30 320               # 42  320
================================================================================
NOTES:
# LAST OF SEVERAL OCCURRENCES

COLUMN 17 PEAK WIND IN M.P.H.

PRELIMINARY LOCAL CLIMATOLOGICAL DATA (WS FORM: F-6) , PAGE 2

                                          STATION:  Pine Bluff
                                          MONTH:    JUNE
                                          YEAR:     2018
                                          LATITUDE:   34 10 N
                                          LONGITUDE:  91 56 W

[TEMPERATURE DATA]      [PRECIPITATION DATA]       SYMBOLS USED IN COLUMN 16

AVERAGE MONTHLY: 80.6   TOTAL FOR MONTH:   1.45    1 = FOG OR MIST
DPTR FM NORMAL:   2.5   DPTR FM NORMAL:   -1.00    2 = FOG REDUCING VISIBILITY
HIGHEST:    94 ON 13,12 GRTST 24HR  1.43 ON 13-13      TO 1/4 MILE OR LESS
LOWEST:     61 ON  4                               3 = THUNDER
                        SNOW, ICE PELLETS, HAIL    4 = ICE PELLETS
                        TOTAL MONTH:   0.0 INCH    5 = HAIL
                        GRTST 24HR     0.0         6 = FREEZING RAIN OR DRIZZLE
                        GRTST DEPTH:   0           7 = DUSTSTORM OR SANDSTORM:
                                                       VSBY 1/2 MILE OR LESS
                                                   8 = SMOKE OR HAZE
[NO. OF DAYS WITH]      [WEATHER - DAYS WITH]      9 = BLOWING SNOW
                                                   X = TORNADO
MAX 32 OR BELOW:   0    0.01 INCH OR MORE:   3
MAX 90 OR ABOVE:  16    0.10 INCH OR MORE:   1
MIN 32 OR BELOW:   0    0.50 INCH OR MORE:   1
MIN  0 OR BELOW:   0    1.00 INCH OR MORE:   1

[HDD (BASE 65) ]
TOTAL THIS MO.     0    CLEAR  (SCALE 0-3)  19
DPTR FM NORMAL     0    PTCLDY (SCALE 4-7)   0
TOTAL FM JUL 1  2900    CLOUDY (SCALE 8-10)  0
DPTR FM NORMAL    19

[CDD (BASE 65) ]
TOTAL THIS MO.   301
DPTR FM NORMAL    53    [PRESSURE DATA]
TOTAL FM JAN 1   737    HIGHEST SLP M ON M
DPTR FM NORMAL   182    LOWEST  SLP 29.78 ON 11

[REMARKS]
ALL SNOWFALL DATA IS FROM THE PINE BLUFF WATER PLANT SITE
