188
CXUS54 KLZK 231130
CF6PBF
PRELIMINARY LOCAL CLIMATOLOGICAL DATA (WS FORM: F-6)

                                          STATION:   Pine Bluff
                                          MONTH:     OCTOBER
                                          YEAR:      2019
                                          LATITUDE:   34 10 N
                                          LONGITUDE:  91 56 W

  TEMPERATURE IN F:       :PCPN:    SNOW:  WIND      :SUNSHINE: SKY     :PK WND
================================================================================
1   2   3   4   5  6A  6B    7    8   9   10  11  12  13   14  15   16   17  18
                                     12Z  AVG MX 2MIN
DY MAX MIN AVG DEP HDD CDD  WTR  SNW DPTH SPD SPD DIR MIN PSBL S-S WX    SPD DR
================================================================================

 1  94  67  81  13   0  16 0.00  0.0    0  4.0 16 180   M    M   0 8      21 170
 2  95  67  81  13   0  16 0.00  0.0    0  2.3 13 260   M    M   0 8      17 250
 3  94  70  82  14   0  17 0.00  0.0    0  4.4 14 360   M    M   1 18     20 360
 4  82  68  75   8   0  10 0.00  0.0    0 11.3 21  20   M    M   1 8      25 330
 5  91  60  76   9   0  11 0.00  0.0    0  3.0  9  20   M    M   0 8      12 330
 6  91  65  78  11   0  13 0.39  0.0    0  5.1 25  80   M    M   2 13     36 330
 7  72  55  64  -2   1   0 0.30  0.0    0 12.9 23  30   M    M   5 13     29 360
 8  77  52  65  -1   0   0 0.00  0.0    0  6.9 15  20   M    M   0        19  40
 9  81  50  66   0   0   1 0.00  0.0    0  4.1 13 150   M    M   1        19 170
10  87  60  74   9   0   9 0.00  0.0    0  8.1 21 180   M    M   0        26 200
11  75  46  61  -4   4   0 0.04  0.0    0  9.6 21 320   M    M   5 1      28 320
12  63  39  51 -13  14   0 0.00  0.0    0  4.8 14 360   M    M   0        21 100
13  69  38  54 -10  11   0 0.00  0.0    0  3.5 16 190   M    M   1 1      19 190
14  74  45  60  -4   5   0    T  0.0    0  3.3 12 160   M    M   2 12     13 140
15  70  63  67   3   0   2 0.64  0.0    0  4.2  8 130   M    M   9 1       M  M
16  68  46  57  -6   8   0 0.02  0.0    0  8.3 23  30   M    M   1 1      32 340
17  68  40  54  -9  11   0 0.00  0.0    0  2.6 10  20   M    M   0 1      12  10
18  72  44  58  -5   7   0 0.00  0.0    0  4.1 15  80   M    M   0 1      19  80
19  77  43  60  -2   5   0 0.00  0.0    0  2.0  9 130   M    M   2 1      12 120
20  79  58  69   7   0   4 0.00  0.0    0  5.8 18 180   M    M   3        25 180
21  75  52  64   2   1   0 1.27  0.0    0  8.3 31 300   M    M   5 13     40 290
22  68  47  58  -3   7   0 0.00  0.0    0  7.1 20 310   M    M   0        27 290
================================================================================
SM 1722 1175        74  99  2.66     0.0 125.7          M       38
================================================================================
AV 78.3 53.4                               5.7 FASTST   M    M   2    MAX(MPH)
                                 MISC ---->  # 31 300               # 40  290
================================================================================
NOTES:
# LAST OF SEVERAL OCCURRENCES

COLUMN 17 PEAK WIND IN M.P.H.

PRELIMINARY LOCAL CLIMATOLOGICAL DATA (WS FORM: F-6) , PAGE 2

                                          STATION:  Pine Bluff
                                          MONTH:    OCTOBER
                                          YEAR:     2019
                                          LATITUDE:   34 10 N
                                          LONGITUDE:  91 56 W

[TEMPERATURE DATA]      [PRECIPITATION DATA]       SYMBOLS USED IN COLUMN 16

AVERAGE MONTHLY: 65.8   TOTAL FOR MONTH:   2.66    1 = FOG OR MIST
DPTR FM NORMAL:   1.1   DPTR FM NORMAL:   -0.87    2 = FOG REDUCING VISIBILITY
HIGHEST:    95 ON  2    GRTST 24HR  1.27 ON 21-21      TO 1/4 MILE OR LESS
LOWEST:     38 ON 13                               3 = THUNDER
                        SNOW, ICE PELLETS, HAIL    4 = ICE PELLETS
                        TOTAL MONTH:   0.0 INCH    5 = HAIL
                        GRTST 24HR     0.0         6 = FREEZING RAIN OR DRIZZLE
                        GRTST DEPTH:   0           7 = DUSTSTORM OR SANDSTORM:
                                                       VSBY 1/2 MILE OR LESS
                                                   8 = SMOKE OR HAZE
[NO. OF DAYS WITH]      [WEATHER - DAYS WITH]      9 = BLOWING SNOW
                                                   X = TORNADO
MAX 32 OR BELOW:   0    0.01 INCH OR MORE:   6
MAX 90 OR ABOVE:   5    0.10 INCH OR MORE:   4
MIN 32 OR BELOW:   0    0.50 INCH OR MORE:   2
MIN  0 OR BELOW:   0    1.00 INCH OR MORE:   1

[HDD (BASE 65) ]
TOTAL THIS MO.    74    CLEAR  (SCALE 0-3)  18
DPTR FM NORMAL     8    PTCLDY (SCALE 4-7)   3
TOTAL FM JUL 1    74    CLOUDY (SCALE 8-10)  1
DPTR FM NORMAL    -3

[CDD (BASE 65) ]
TOTAL THIS MO.    99
DPTR FM NORMAL    36    [PRESSURE DATA]
TOTAL FM JAN 1  2291    HIGHEST SLP M ON M
DPTR FM NORMAL   184    LOWEST  SLP 29.65 ON 20

[REMARKS]
ALL SNOWFALL DATA IS FROM THE PINE BLUFF WATER PLANT SITE
