877
CXUS52 KFFC 201010
CF6PDK
PRELIMINARY LOCAL CLIMATOLOGICAL DATA (WS FORM: F-6)

                                          STATION:   DEKALB PEACHTREE AIRPORT
                                          MONTH:     JUNE
                                          YEAR:      2024
                                          LATITUDE:   33 52 N
                                          LONGITUDE:  84 18 W

  TEMPERATURE IN F:       :PCPN:    SNOW:  WIND      :SUNSHINE: SKY     :PK WND
================================================================================
1   2   3   4   5  6A  6B    7    8   9   10  11  12  13   14  15   16   17  18
                                     12Z  AVG MX 2MIN
DY MAX MIN AVG DEP HDD CDD  WTR  SNW DPTH SPD SPD DIR MIN PSBL S-S WX    SPD DR
================================================================================

 1  77  63  70  -4   0   5    T    M    M  4.2 12 160   M    M   5        20 160
 2  83  64  74   0   0   9 0.22    M    M  3.9 13 200   M    M   7 13     18 200
 3  86  66  76   2   0  11 0.03    M    M  3.4 21 200   M    M   4 13     25 220
 4  84  65  75   1   0  10 0.21    M    M  3.6 21 220   M    M   4 13     32 230
 5  84  70  77   3   0  12 0.04    M    M  5.0 14 210   M    M   5 1      20 270
 6  85  66  76   1   0  11 0.01    M    M  6.4 17 230   M    M   3 13     22 280
 7  85  67  76   1   0  11 0.00    M    M  8.1 21 300   M    M   0        30 300
 8  87  55  71  -4   0   6 0.00    M    M  2.6 12 220   M    M   0        16 260
 9  91  64  78   3   0  13    T    M    M  7.4 18 320   M    M   1        26 320
10  84  63  74  -1   0   9 0.08    M    M  6.3 17 350   M    M   3 3      27 360
11  87  57  72  -4   0   7 0.00    M    M  4.2 14 330   M    M   0 8      19 340
12  88  61  75  -1   0  10 0.00    M    M  1.8 10 190   M    M   1        16 140
13  90  70  80   4   0  15 0.00    M    M  2.0 10 170   M    M   4        16 140
14  94  65  80   4   0  15 0.00    M    M  2.8 13 340   M    M   1        19  10
15  96  69  83   7   0  18 0.00    M    M  1.5 10 330   M    M   1        17 320
16  94  72  83   7   0  18 0.00    M    M  3.8 13 160   M    M   1        19 160
17  91  73  82   5   0  17 0.00    M    M  3.9 10 160   M    M   2        18 160
18  88  72  80   3   0  15 0.00    M    M  4.3 12 130   M    M   4        23 100
19  88  69  79   2   0  14 0.00    M    M  4.5 10  50   M    M   2        22  50
================================================================================
SM 1662 1251         0 226  0.59    M     79.7          M       48
================================================================================
AV 87.5 65.8                               4.2 FASTST   M    M   3    MAX(MPH)
                                 MISC ---->  # 21 200                 32 230
================================================================================
NOTES:
# LAST OF SEVERAL OCCURRENCES

COLUMN 17 PEAK WIND IN M.P.H.

PRELIMINARY LOCAL CLIMATOLOGICAL DATA (WS FORM: F-6) , PAGE 2

                                          STATION:   DEKALB PEACHTREE AIRPORT
                                          MONTH:     JUNE
                                          YEAR:      2024
                                          LATITUDE:   33 52 N
                                          LONGITUDE:  84 18 W

[TEMPERATURE DATA]      [PRECIPITATION DATA]       SYMBOLS USED IN COLUMN 16

AVERAGE MONTHLY: 76.7   TOTAL FOR MONTH:   0.59    1 = FOG OR MIST
DPTR FM NORMAL:   1.3   DPTR FM NORMAL:   -2.30    2 = FOG REDUCING VISIBILITY
HIGHEST:    96 ON 15    GRTST 24HR  0.24 ON  3- 4      TO 1/4 MILE OR LESS
LOWEST:     55 ON  8                               3 = THUNDER
                        SNOW, ICE PELLETS, HAIL    4 = ICE PELLETS
                        TOTAL MONTH:  M            5 = HAIL
                        GRTST 24HR    M  ON   M    6 = FREEZING RAIN OR DRIZZLE
                        GRTST DEPTH:  M  ON   M    7 = DUSTSTORM OR SANDSTORM:
                                                       VSBY 1/2 MILE OR LESS
                                                   8 = SMOKE OR HAZE
[NO. OF DAYS WITH]      [WEATHER - DAYS WITH]      9 = BLOWING SNOW
                                                   X = TORNADO
MAX 32 OR BELOW:   0    0.01 INCH OR MORE:   6
MAX 90 OR ABOVE:   6    0.10 INCH OR MORE:   2
MIN 32 OR BELOW:   0    0.50 INCH OR MORE:   0
MIN  0 OR BELOW:   0    1.00 INCH OR MORE:   0

[HDD (BASE 65) ]
TOTAL THIS MO.     0    CLEAR  (SCALE 0-3)  10
DPTR FM NORMAL     0    PTCLDY (SCALE 4-7)   9
TOTAL FM JUL 1  2562    CLOUDY (SCALE 8-10)  0
DPTR FM NORMAL  -417

[CDD (BASE 65) ]
TOTAL THIS MO.   226
DPTR FM NORMAL    27    [PRESSURE DATA]
TOTAL FM JAN 1   493    HIGHEST SLP M ON M
DPTR FM NORMAL    79    LOWEST  SLP 29.72 ON  6

[REMARKS]