000
CXUS52 KFFC 221110
CF6PDK
PRELIMINARY LOCAL CLIMATOLOGICAL DATA (WS FORM: F-6)

                                          STATION:   DEKALB PEACHTREE AIRPORT
                                          MONTH:     JANUARY
                                          YEAR:      2019
                                          LATITUDE:   33 52 N
                                          LONGITUDE:  84 18 W

  TEMPERATURE IN F:       :PCPN:    SNOW:  WIND      :SUNSHINE: SKY     :PK WND
================================================================================
1   2   3   4   5  6A  6B    7    8   9   10  11  12  13   14  15   16   17  18
                                     12Z  AVG MX 2MIN
DY MAX MIN AVG DEP HDD CDD  WTR  SNW DPTH SPD SPD DIR MIN PSBL S-S WX    SPD DR
================================================================================

 1  64  54  59  17   6   0 0.20  0.0    0  3.0  9 310   M    M   5 1      12 320
 2  57  45  51   9  14   0 0.54  0.0    0  2.3  9 340   M    M   7 128    11 330
 3  54  49  52  10  13   0 0.29  0.0    0  2.3 12 360   M    M   9 1      14  20
 4  64  44  54  12  11   0 1.01    M    0  9.9 25 250   M    M   9 1      34 220
 5  57  42  50   8  15   0 0.00  0.0    0 11.0 23 270   M    M   4        31 260
 6  69  38  54  12  11   0 0.00  0.0    0  3.4 10 320   M    M   0        17 320
 7  67  37  52  10  13   0 0.00  0.0    0  3.5 12 170   M    M   0 1      18 180
 8  64  46  55  13  10   0 0.01    M    0  6.7 17 300   M    M   4 18     23 290
 9  55  37  46   4  19   0 0.00  0.0    0 16.2 26 320   M    M   0        35 300
10  44  28  36  -6  29   0 0.00  0.0    0 11.9 21 320   M    M   0        28 340
11  52  23  38  -4  27   0 0.00  0.0    0  2.4  9 100   M    M   1        15 160
12  41  35  38  -4  27   0 0.35    M    0  6.0 14  70   M    M   9 18     22 100
13  45  34  40  -2  25   0 0.14    M    0  3.9 12  80   M    M  10 1      17  60
14  46  38  42   0  23   0 0.00  0.0    0 10.7 17 320   M    M  10 1      23 320
15  46  31  39  -3  26   0 0.00  0.0    0 10.0 17 320   M    M   5 1      23 320
16  52  29  41  -1  24   0 0.00  0.0    0  6.6 13 280   M    M   0 18     15 270
17  50  29  40  -2  25   0 0.20    M    0  1.7  8 170   M    M   5 138    10 170
18  57  43  50   8  15   0 0.00  0.0    0  1.8  7 210   M    M   8 128     9 270
19  61  46  54  12  11   0 0.83    M    0  7.4 17 170   M    M  10 12     24 140
20  52  27  40  -2  25   0 0.00  0.0    0 17.6 29 320   M    M   6 1      38 320
21  43  20  32 -10  33   0 0.00  0.0    0  6.8 20 310   M    M   0        26 310
================================================================================
SM 1140  775       402   0  3.57     0.0 145.1          M      102
================================================================================
AV 54.3 36.9                               6.9 FASTST   M    M   5    MAX(MPH)
                                 MISC ---->  # 29 320               # 38  320
================================================================================
NOTES:
# LAST OF SEVERAL OCCURRENCES

COLUMN 17 PEAK WIND IN M.P.H.

PRELIMINARY LOCAL CLIMATOLOGICAL DATA (WS FORM: F-6) , PAGE 2

                                          STATION:  DEKALB PEACHTREE AIRPORT
                                          MONTH:    JANUARY
                                          YEAR:     2019
                                          LATITUDE:   33 52 N
                                          LONGITUDE:  84 18 W

[TEMPERATURE DATA]      [PRECIPITATION DATA]       SYMBOLS USED IN COLUMN 16

AVERAGE MONTHLY: 45.6   TOTAL FOR MONTH:   3.57    1 = FOG OR MIST
DPTR FM NORMAL:   3.6   DPTR FM NORMAL:    0.70    2 = FOG REDUCING VISIBILITY
HIGHEST:    69 ON  6    GRTST 24HR  1.01 ON  4- 4      TO 1/4 MILE OR LESS
LOWEST:     20 ON 21                               3 = THUNDER
                        SNOW, ICE PELLETS, HAIL    4 = ICE PELLETS
                        TOTAL MONTH:   0.0 INCH    5 = HAIL
                        GRTST 24HR     0.0         6 = FREEZING RAIN OR DRIZZLE
                        GRTST DEPTH:   0           7 = DUSTSTORM OR SANDSTORM:
                                                       VSBY 1/2 MILE OR LESS
                                                   8 = SMOKE OR HAZE
[NO. OF DAYS WITH]      [WEATHER - DAYS WITH]      9 = BLOWING SNOW
                                                   X = TORNADO
MAX 32 OR BELOW:   0    0.01 INCH OR MORE:   9
MAX 90 OR ABOVE:   0    0.10 INCH OR MORE:   8
MIN 32 OR BELOW:   7    0.50 INCH OR MORE:   3
MIN  0 OR BELOW:   0    1.00 INCH OR MORE:   1

[HDD (BASE 65) ]
TOTAL THIS MO.   402    CLEAR  (SCALE 0-3)   7
DPTR FM NORMAL   -81    PTCLDY (SCALE 4-7)   8
TOTAL FM JUL 1  1613    CLOUDY (SCALE 8-10)  6
DPTR FM NORMAL   -38

[CDD (BASE 65) ]
TOTAL THIS MO.     0
DPTR FM NORMAL     0    [PRESSURE DATA]
TOTAL FM JAN 1     0    HIGHEST SLP M ON M
DPTR FM NORMAL     0    LOWEST  SLP 29.53 ON 19

[REMARKS]
