000
CXUS54 KEWX 211010
CF6PEZ
PRELIMINARY LOCAL CLIMATOLOGICAL DATA (WS FORM: F-6)

                                          STATION:   PLEASANTON MUNICIPAL AIRPORT
                                          MONTH:     FEBRUARY
                                          YEAR:      2020
                                          LATITUDE:   28 57 N
                                          LONGITUDE:  98 31 W

  TEMPERATURE IN F:       :PCPN:    SNOW:  WIND      :SUNSHINE: SKY     :PK WND
================================================================================
1   2   3   4   5  6A  6B    7    8   9   10  11  12  13   14  15   16   17  18
                                     12Z  AVG MX 2MIN
DY MAX MIN AVG DEP HDD CDD  WTR  SNW DPTH SPD SPD DIR MIN PSBL S-S WX    SPD DR
================================================================================

 1  72  37  55   M  10   0 0.00    M    M  4.8 10 290   M    M   0        17 290
 2  78  32  55   M  10   0 0.00    M    M  4.7 12 150   M    M   0        16 200
 3  75  54  65   M   0   0 0.00    M    M  6.6 17 140   M    M   3        25 140
 4  81  52  67   M   0   2 0.00    M    M  3.5 18  30   M    M   4 12     23  30
 5  52  37  45   M  20   0 0.00    M    M 10.4 17  40   M    M   9 1      23  40
 6  60  26  43   M  22   0 0.00    M    M  7.2 23 280   M    M   1        31 280
 7  77  27  52   M  13   0 0.00    M    M  2.9 13 220   M    M   0        18 220
 8  77  45  61   M   4   0 0.00    M    M  7.4 16 140   M    M   7        24 140
 9  81  64  73   M   0   8 0.00    M    M  9.9 14 140   M    M   9        23 150
10  82  50  66   M   0   1 0.00    M    M  8.2 16  40   M    M   9 1      23  40
11  50  44  47   M  18   0 0.05    M    M  9.9 17  40   M    M  10 1      25  40
12  66  42  54   M  11   0 0.24    M    M  5.4 14 320   M    M   5 1      18 320
13  61  39  50   M  15   0 0.00    M    M  7.3 12  50   M    M   0        17  30
14  61  33  47   M  18   0 0.00    M    M  5.9 12  80   M    M   0        16  80
15  66  36  51   M  14   0 0.00    M    M  2.8  9 160   M    M   6 1       M  M
16  75  48  62   M   3   0 0.00    M    M  1.6  8 320   M    M   6 1       M  M
17  84  64  74   M   0   9 0.00    M    M  5.9 12 140   M    M   6 1      18 140
18  80  53  67   M   0   2 0.01    M    M  6.1 17  20   M    M   9 1      27  20
19  53  47  50   M  15   0 0.00    M    M  8.6 15  20   M    M  10 1      21  20
20  49  46  48   M  17   0 0.02    M    M  9.4 18  20   M    M  10        25  20
================================================================================
SM 1380  876       190  22  0.32    M    128.5          M      104
================================================================================
AV 69.0 43.8                               6.4 FASTST   M    M   5    MAX(MPH)
                                 MISC ---->  # 23 280               # 31  280
================================================================================
NOTES:
# LAST OF SEVERAL OCCURRENCES

COLUMN 17 PEAK WIND IN M.P.H.

PRELIMINARY LOCAL CLIMATOLOGICAL DATA (WS FORM: F-6) , PAGE 2

                                          STATION:  PLEASANTON MUNICIPAL AIRPORT
                                          MONTH:    FEBRUARY
                                          YEAR:     2020
                                          LATITUDE:   28 57 N
                                          LONGITUDE:  98 31 W

[TEMPERATURE DATA]      [PRECIPITATION DATA]       SYMBOLS USED IN COLUMN 16

AVERAGE MONTHLY: 56.4   TOTAL FOR MONTH:   0.32    1 = FOG OR MIST
DPTR FM NORMAL:     M   DPTR FM NORMAL:       M    2 = FOG REDUCING VISIBILITY
HIGHEST:    84 ON 17    GRTST 24HR  0.24 ON 12-12      TO 1/4 MILE OR LESS
LOWEST:     26 ON  6                               3 = THUNDER
                        SNOW, ICE PELLETS, HAIL    4 = ICE PELLETS
                        TOTAL MONTH:    M          5 = HAIL
                        GRTST 24HR    M  ON   M    6 = FREEZING RAIN OR DRIZZLE
                        GRTST DEPTH:  M  ON   M    7 = DUSTSTORM OR SANDSTORM:
                                                       VSBY 1/2 MILE OR LESS
                                                   8 = SMOKE OR HAZE
[NO. OF DAYS WITH]      [WEATHER - DAYS WITH]      9 = BLOWING SNOW
                                                   X = TORNADO
MAX 32 OR BELOW:   0    0.01 INCH OR MORE:   4
MAX 90 OR ABOVE:   0    0.10 INCH OR MORE:   1
MIN 32 OR BELOW:   3    0.50 INCH OR MORE:   0
MIN  0 OR BELOW:   0    1.00 INCH OR MORE:   0

[HDD (BASE 65) ]
TOTAL THIS MO.   190    CLEAR  (SCALE 0-3)   7
DPTR FM NORMAL     M    PTCLDY (SCALE 4-7)   6
TOTAL FM JUL 1  1104    CLOUDY (SCALE 8-10)  7
DPTR FM NORMAL     M

[CDD (BASE 65) ]
TOTAL THIS MO.    22
DPTR FM NORMAL     M    [PRESSURE DATA]
TOTAL FM JAN 1    61    HIGHEST SLP M ON M
DPTR FM NORMAL     M    LOWEST  SLP M ON M

[REMARKS]
