000
CXUS55 KPIH 181200
CF6PIH

PRELIMINARY LOCAL CLIMATOLOGICAL DATA (WS FORM: F-6)

                                          STATION:   POCATELLO ID
                                          MONTH:     JANUARY
                                          YEAR:      2019
                                          LATITUDE:   42 55 N
                                          LONGITUDE: 112 36 W

  TEMPERATURE IN F:       :PCPN:    SNOW:  WIND      :SUNSHINE: SKY     :PK WND
================================================================================
1   2   3   4   5  6A  6B    7    8   9   10  11  12  13   14  15   16   17  18
                                     12Z  AVG MX 2MIN
DY MAX MIN AVG DEP HDD CDD  WTR  SNW DPTH SPD SPD DIR MIN PSBL S-S WX    SPD DR
================================================================================

 1  16 -11   3 -21  62   0    T    T    3  2.2  8 310   M    M   4         9 300
 2  20  -1  10 -14  55   0 0.00  0.0    2  1.7  7  50   M    M   3 8       9  70
 3  24   3  14 -10  51   0 0.00  0.0    2  6.3 13  30   M    M   5 1      14  20
 4  28   8  18  -6  47   0 0.00  0.0    2  5.8 13 350   M    M   0 18     14 350
 5  41   6  24   0  41   0 0.01  0.2    2  6.1 18 200   M    M   3 1      25 210
 6  37  29  33   9  32   0 0.03  0.4    2 16.5 30 170   M    M   7 1      36 180
 7  36  11  24   0  41   0 0.01  0.2    1 21.8 38 240   M    M   5 189    44 240
 8  23   5  14 -10  51   0 0.00  0.0    1  5.9 15  30   M    M   1        18  30
 9  39  16  28   4  37   0 0.00  0.0    1  4.1 15 320   M    M   4        16 320
10  35  25  30   6  35   0 0.23  1.0    1  3.1 10 240   M    M  10 126    11 300
11  34  30  32   8  33   0 0.00  0.0    1  5.6 12  30   M    M  10 1      13  30
12  30  16  23  -1  42   0 0.00  0.0    1  5.1 14  30   M    M   9 18     16  30
13  27   6  17  -7  48   0 0.00  0.0    1  2.9  9  30   M    M   5 128    10  40
14  26   5  16  -8  49   0 0.00  0.0    1  5.2 14  80   M    M   0 128    17  80
15  30   6  18  -6  47   0 0.02  0.2    1  5.8 13  40   M    M   4 1      16  80
16  40  13  27   3  38   0 0.03  0.4    1  5.5 28 180   M    M   9 1      34 180
17  44  33  39  15  26   0 0.32  0.1    T 15.3 35 170   M    M   8 1      45 160
================================================================================
SM  530  200       735   0  0.65     2.5 118.9          M       87
================================================================================
AV 31.2 11.8                               7.0 FASTST   M    M   5    MAX(MPH)
                                 MISC ---->  # 38 240               # 45  160
================================================================================
NOTES:
# LAST OF SEVERAL OCCURRENCES
SNOWFALL/DEPTH ALWAYS AUGMENTED BY WFO POCATELLO

COLUMN 17 PEAK WIND IN M.P.H.

PRELIMINARY LOCAL CLIMATOLOGICAL DATA (WS FORM: F-6) , PAGE 2

                                          STATION:  POCATELLO ID
                                          MONTH:    JANUARY
                                          YEAR:     2019
                                          LATITUDE:   42 55 N
                                          LONGITUDE: 112 36 W

[TEMPERATURE DATA]      [PRECIPITATION DATA]       SYMBOLS USED IN COLUMN 16

AVERAGE MONTHLY: 21.5   TOTAL FOR MONTH:   0.65    1 = FOG OR MIST
DPTR FM NORMAL:  -2.5   DPTR FM NORMAL:    0.06    2 = FOG REDUCING VISIBILITY
HIGHEST:    44 ON 17    GRTST 24HR  0.32 ON 17-17      TO 1/4 MILE OR LESS
LOWEST:    -11 ON  1                               3 = THUNDER
                        SNOW, ICE PELLETS, HAIL    4 = ICE PELLETS
                        TOTAL MONTH:   2.5 INCHES  5 = HAIL
                        GRTST 24HR   1.0 ON 10-10  6 = FREEZING RAIN OR DRIZZLE
                        GRTST DEPTH:   3 ON  1     7 = DUSTSTORM OR SANDSTORM:
                                                       VSBY 1/2 MILE OR LESS
                                                   8 = SMOKE OR HAZE
[NO. OF DAYS WITH]      [WEATHER - DAYS WITH]      9 = BLOWING SNOW
                                                   X = TORNADO
MAX 32 OR BELOW:   9    0.01 INCH OR MORE:   7
MAX 90 OR ABOVE:   0    0.10 INCH OR MORE:   2
MIN 32 OR BELOW:  16    0.50 INCH OR MORE:   0
MIN  0 OR BELOW:   2    1.00 INCH OR MORE:   0

[HDD (BASE 65) ]
TOTAL THIS MO.   735    CLEAR  (SCALE 0-3)   4
DPTR FM NORMAL    38    PTCLDY (SCALE 4-7)   8
TOTAL FM JUL 1  3704    CLOUDY (SCALE 8-10)  5
DPTR FM NORMAL    22

[CDD (BASE 65) ]
TOTAL THIS MO.     0
DPTR FM NORMAL     0    [PRESSURE DATA]
TOTAL FM JAN 1     0    HIGHEST SLP M ON M
DPTR FM NORMAL     0    LOWEST  SLP 29.72 ON  6

[REMARKS]
