765
CXUS55 KPIH 171200
CF6PIH

PRELIMINARY LOCAL CLIMATOLOGICAL DATA (WS FORM: F-6)

                                          STATION:   POCATELLO ID
                                          MONTH:     OCTOBER
                                          YEAR:      2019
                                          LATITUDE:   42 55 N
                                          LONGITUDE: 112 36 W

  TEMPERATURE IN F:       :PCPN:    SNOW:  WIND      :SUNSHINE: SKY     :PK WND
================================================================================
1   2   3   4   5  6A  6B    7    8   9   10  11  12  13   14  15   16   17  18
                                     12Z  AVG MX 2MIN
DY MAX MIN AVG DEP HDD CDD  WTR  SNW DPTH SPD SPD DIR MIN PSBL S-S WX    SPD DR
================================================================================

 1  53  31  42 -11  23   0    T    M    M  4.6 15 250   M    M   7 1      19 200
 2  53  32  43  -9  22   0 0.01    T    0  9.5 23 250   M    M   5 1      27 240
 3  69  24  47  -5  18   0 0.00  0.0    0  7.1 22 180   M    M   0        30 180
 4  51  35  43  -8  22   0 0.01  0.0    0 16.6 36 240   M    M   6        42 250
 5  54  31  43  -8  22   0 0.00  0.0    0 10.2 20 260   M    M   5        24 290
 6  57  25  41 -10  24   0 0.00  0.0    0  4.8 12 200   M    M   0 8      14 310
 7  67  21  44  -6  21   0 0.00  0.0    0  5.7 15 180   M    M   0        18 190
 8  70  30  50   0  15   0 0.00  0.0    0 11.3 26 240   M    M   1        32 240
 9  57  22  40 -10  25   0 0.10  0.6    0 16.1 36 230   M    M   7 1      44 240
10  37  16  27 -22  38   0 0.00  0.0    0  6.0 15 300   M    M   1        22 310
11  51  14  33 -16  32   0 0.00  0.0    T  3.1 10 350   M    M   0        14 170
12  60  17  39  -9  26   0 0.00  0.0    0  2.6  8 320   M    M   0 8       9  80
13  68  19  44  -4  21   0 0.00  0.0    0  5.4 18 210   M    M   0        23 210
14  64  27  46  -2  19   0 0.00  0.0    0 11.8 25 250   M    M   0        31 250
15  67  26  47   0  18   0 0.00  0.0    0  5.2 15 230   M    M   0        17 210
16  76  29  53   6  12   0 0.00  0.0    0  8.5 23 170   M    M   0        30 180
================================================================================
SM  954  399       358   0  0.12     0.6 128.5          M       32
================================================================================
AV 59.6 24.9                               8.0 FASTST   M    M   2    MAX(MPH)
                                 MISC ---->  # 36 240               # 44  240
================================================================================
NOTES:
# LAST OF SEVERAL OCCURRENCES
SNOWFALL/DEPTH ALWAYS AUGMENTED BY WFO POCATELLO

COLUMN 17 PEAK WIND IN M.P.H.

PRELIMINARY LOCAL CLIMATOLOGICAL DATA (WS FORM: F-6) , PAGE 2

                                          STATION:  POCATELLO ID
                                          MONTH:    OCTOBER
                                          YEAR:     2019
                                          LATITUDE:   42 55 N
                                          LONGITUDE: 112 36 W

[TEMPERATURE DATA]      [PRECIPITATION DATA]       SYMBOLS USED IN COLUMN 16

AVERAGE MONTHLY: 42.3   TOTAL FOR MONTH:   0.12    1 = FOG OR MIST
DPTR FM NORMAL:  -7.5   DPTR FM NORMAL:   -0.33    2 = FOG REDUCING VISIBILITY
HIGHEST:    76 ON 16    GRTST 24HR  0.10 ON  9- 9      TO 1/4 MILE OR LESS
LOWEST:     14 ON 11                               3 = THUNDER
                        SNOW, ICE PELLETS, HAIL    4 = ICE PELLETS
                        TOTAL MONTH:   0.6 INCH    5 = HAIL
                        GRTST 24HR   0.6 ON  9- 9  6 = FREEZING RAIN OR DRIZZLE
                        GRTST DEPTH:   0           7 = DUSTSTORM OR SANDSTORM:
                                                       VSBY 1/2 MILE OR LESS
                                                   8 = SMOKE OR HAZE
[NO. OF DAYS WITH]      [WEATHER - DAYS WITH]      9 = BLOWING SNOW
                                                   X = TORNADO
MAX 32 OR BELOW:   0    0.01 INCH OR MORE:   3
MAX 90 OR ABOVE:   0    0.10 INCH OR MORE:   1
MIN 32 OR BELOW:  15    0.50 INCH OR MORE:   0
MIN  0 OR BELOW:   0    1.00 INCH OR MORE:   0

[HDD (BASE 65) ]
TOTAL THIS MO.   358    CLEAR  (SCALE 0-3)  11
DPTR FM NORMAL   114    PTCLDY (SCALE 4-7)   5
TOTAL FM JUL 1   583    CLOUDY (SCALE 8-10)  0
DPTR FM NORMAL    90

[CDD (BASE 65) ]
TOTAL THIS MO.     0
DPTR FM NORMAL     0    [PRESSURE DATA]
TOTAL FM JAN 1   417    HIGHEST SLP M ON M
DPTR FM NORMAL    25    LOWEST  SLP 29.52 ON M

[REMARKS]
