783
CXUS55 KPIH 271100
CF6PIH
PRELIMINARY LOCAL CLIMATOLOGICAL DATA (WS FORM: F-6)

                                          STATION:   POCATELLO
                                          MONTH:     MAY
                                          YEAR:      2024
                                          LATITUDE:   42 55 N
                                          LONGITUDE: 112 36 W

  TEMPERATURE IN F:       :PCPN:    SNOW:  WIND      :SUNSHINE: SKY     :PK WND
================================================================================
1   2   3   4   5  6A  6B    7    8   9   10  11  12  13   14  15   16   17  18
                                     12Z  AVG MX 2MIN
DY MAX MIN AVG DEP HDD CDD  WTR  SNW DPTH SPD SPD DIR MIN PSBL S-S WX    SPD DR
================================================================================

 1  45  27  36 -14  29   0 0.10  0.6    0 12.5 32 260   M    M   5 1      39 260
 2  51  21  36 -14  29   0 0.12  0.0    0  6.3 18 230   M    M   6 1      24 170
 3  54  33  44  -6  21   0 0.03    T    0  5.3 16  20   M    M   6 1      22  10
 4  72  26  49  -1  16   0    T  0.0    0  9.2 38 240   M    M   2        55 230
 5  64  33  49  -2  16   0 0.38  0.2    0 15.1 38 180   M    M   9 1      51 180
 6  54  34  44  -7  21   0 0.17    T    0 25.3 40 250   M    M   7 1      50 240
 7  50  35  43  -9  22   0 0.05    T    0 22.1 33 260   M    M   7 1      46 290
 8  51  33  42 -10  23   0 0.01    T    0 13.5 23 230   M    M   9 1      28 230
 9  68  34  51  -1  14   0    T  0.0    0  9.7 26  40   M    M   4        39  30
10  69  30  50  -2  15   0 0.00  0.0    0  5.5 14 280   M    M   1        20 290
11  74  36  55   2  10   0 0.00  0.0    0  8.1 15 220   M    M   0        23 240
12  77  45  61   8   4   0 0.00  0.0    0 12.3 24 240   M    M   0        30 240
13  73  42  58   4   7   0 0.23  0.0    0 11.9 51 250   M    M   2 138    64 250
14  63  39  51  -3  14   0 0.10  0.0    0  6.7 21  40   M    M   4 3      29  40
15  71  44  58   4   7   0    T  0.0    0  5.5 14 200   M    M   3        17  30
16  76  40  58   4   7   0 0.00  0.0    0 13.5 29 230   M    M   0        36 240
17  68  46  57   2   8   0 0.00  0.0    0 23.5 39 250   M    M   1        51 260
18  72  32  52  -3  13   0 0.00  0.0    0  9.4 18 280   M    M   0        26 270
19  60  43  52  -3  13   0 0.00  0.0    0 18.7 33 240   M    M   0        45 220
20  59  39  49  -7  16   0    T  0.0    0 11.5 32 310   M    M   6        43 310
21  62  32  47  -9  18   0 0.00  0.0    0  9.2 21 230   M    M   3        27 220
22  59  39  49  -7  16   0 0.44  0.0    0 15.9 36 270   M    M   7 13     45 270
23  53  34  44 -12  21   0    T  0.0    0 16.3 30 250   M    M   4        40 240
24  68  29  49  -8  16   0    T  0.0    0  5.3 17 300   M    M   2        23 300
25  64  41  53  -4  12   0    T  0.0    0 16.2 30 240   M    M   5        39 230
26  68  44  56  -1   9   0 0.00  0.0    0 18.4 29 250   M    M   0        40 260
================================================================================
SM 1645  931       397   0  1.63  0.8    326.9          M       93
================================================================================
AV 63.3 35.8                              12.6 FASTST   M    M   4    MAX(MPH)
                                 MISC ---->    51 250                 64 250
================================================================================
NOTES:
# LAST OF SEVERAL OCCURRENCES

COLUMN 17 PEAK WIND IN M.P.H.

PRELIMINARY LOCAL CLIMATOLOGICAL DATA (WS FORM: F-6) , PAGE 2

                                          STATION:   POCATELLO
                                          MONTH:     MAY
                                          YEAR:      2024
                                          LATITUDE:   42 55 N
                                          LONGITUDE: 112 36 W

[TEMPERATURE DATA]      [PRECIPITATION DATA]       SYMBOLS USED IN COLUMN 16

AVERAGE MONTHLY: 49.5   TOTAL FOR MONTH:   1.63    1 = FOG OR MIST
DPTR FM NORMAL:  -4.0   DPTR FM NORMAL:    0.47    2 = FOG REDUCING VISIBILITY
HIGHEST:    77 ON 12    GRTST 24HR  0.44 ON 22-22      TO 1/4 MILE OR LESS
LOWEST:     21 ON  2                               3 = THUNDER
                        SNOW, ICE PELLETS, HAIL    4 = ICE PELLETS
                        TOTAL MONTH:   0.8 INCH    5 = HAIL
                        GRTST 24HR   0.6 ON  1- 1  6 = FREEZING RAIN OR DRIZZLE
                        GRTST DEPTH:  0            7 = DUSTSTORM OR SANDSTORM:
                                                       VSBY 1/2 MILE OR LESS
                                                   8 = SMOKE OR HAZE
[NO. OF DAYS WITH]      [WEATHER - DAYS WITH]      9 = BLOWING SNOW
                                                   X = TORNADO
MAX 32 OR BELOW:   0    0.01 INCH OR MORE:  10
MAX 90 OR ABOVE:   0    0.10 INCH OR MORE:   7
MIN 32 OR BELOW:   7    0.50 INCH OR MORE:   0
MIN  0 OR BELOW:   0    1.00 INCH OR MORE:   0

[HDD (BASE 65) ]
TOTAL THIS MO.   397    CLEAR  (SCALE 0-3)  13
DPTR FM NORMAL    96    PTCLDY (SCALE 4-7)  11
TOTAL FM JUL 1  6542    CLOUDY (SCALE 8-10)  2
DPTR FM NORMAL  -248

[CDD (BASE 65) ]
TOTAL THIS MO.     0
DPTR FM NORMAL     0    [PRESSURE DATA]
TOTAL FM JAN 1     0    HIGHEST SLP M ON M
DPTR FM NORMAL     0    LOWEST  SLP 29.33 ON  4

[REMARKS]